{"id":9969,"date":"2023-03-23T19:58:51","date_gmt":"2023-03-23T18:58:51","guid":{"rendered":"http:\/\/violmax.pl\/?post_type=product&#038;p=9969"},"modified":"2025-12-02T12:46:11","modified_gmt":"2025-12-02T11:46:11","slug":"polanczyk-szklanka-do-piwa-dominika-665-ml-zaglowka-chata-5-szron","status":"publish","type":"product","link":"https:\/\/violmax.pl\/index.php\/produkt\/polanczyk-szklanka-do-piwa-dominika-665-ml-zaglowka-chata-5-szron\/","title":{"rendered":"POLA\u0143CZYK, SZKLANKA DO PIWA &#8220;DOMINIKA&#8221; 665 ML, \u017bAGL\u00d3WKA+CHATA 5, SZRON"},"content":{"rendered":"<p><img loading=\"lazy\" class=\"alignnone size-medium wp-image-9956\" src=\"http:\/\/violmax.pl\/wp-content\/uploads\/2023\/03\/Polanczyk_szklanka_do_piwa_dominika_665_ml_zaglowka_chata_5_szron-300x300.png\" alt=\"\" width=\"300\" height=\"300\" srcset=\"https:\/\/violmax.pl\/wp-content\/uploads\/2023\/03\/Polanczyk_szklanka_do_piwa_dominika_665_ml_zaglowka_chata_5_szron-300x300.png 300w, https:\/\/violmax.pl\/wp-content\/uploads\/2023\/03\/Polanczyk_szklanka_do_piwa_dominika_665_ml_zaglowka_chata_5_szron-768x768.png 768w, https:\/\/violmax.pl\/wp-content\/uploads\/2023\/03\/Polanczyk_szklanka_do_piwa_dominika_665_ml_zaglowka_chata_5_szron-680x680.png 680w, https:\/\/violmax.pl\/wp-content\/uploads\/2023\/03\/Polanczyk_szklanka_do_piwa_dominika_665_ml_zaglowka_chata_5_szron-100x100.png 100w, https:\/\/violmax.pl\/wp-content\/uploads\/2023\/03\/Polanczyk_szklanka_do_piwa_dominika_665_ml_zaglowka_chata_5_szron.png 900w\" sizes=\"(max-width: 300px) 100vw, 300px\" \/><\/p>\n<p>Szklanka do piwa &#8220;DOMINIKA&#8221; o pojemno\u015bci 665 ml. z wypiaskowanym motywem \u017cagl\u00f3wki, charakterystycznym wizerunkiem dla miejscowo\u015bci Pola\u0144czyk oraz do po\u0142owy jest w szronie. Na szklance widnieje napis \u201dPola\u0144czyk\u201d. We wn\u0119trzu szklanki s\u0105 utworzone sko\u015bne zdobienia, co daje dodatkowy efekty wizualne dzi\u0119ki przenikaj\u0105ce przez nie \u015bwiat\u0142o. Metoda zdobienia przez piaskowanie szklanki, daje efekt jakby szklanka by\u0142a zmro\u017cona. Idealna pami\u0105tka z Bieszczad. Nadaje si\u0119 do mycia w zmywarce.<\/p>\n","protected":false},"excerpt":{"rendered":"<div class=\"woocommerce-product-details__short-description\">\n<div class=\"woocommerce-product-details__short-description\">\n<p><img loading=\"lazy\" class=\"alignnone size-medium wp-image-4074\" src=\"http:\/\/violmax.pl\/wp-content\/uploads\/2020\/05\/VIOLMAX_POLSKA-11-300x28.jpg\" alt=\"\" width=\"300\" height=\"28\" \/><\/p>\n<p>&nbsp;<\/p>\n<p>Szklanka do piwa &#8220;DOMINIKA&#8221; o pojemno\u015bci 665 ml. z wypiaskowanym motywem \u017cagl\u00f3wki, charakterystycznym wizerunkiem dla miejscowo\u015bci Pola\u0144czyk oraz do po\u0142owy jest w szronie. Na szklance widnieje napis \u201dPola\u0144czyk\u201d. We wn\u0119trzu szklanki s\u0105 utworzone sko\u015bne zdobienia, co daje dodatkowy efekty wizualne dzi\u0119ki przenikaj\u0105ce przez nie \u015bwiat\u0142o. Metoda zdobienia przez piaskowanie szklanki, daje efekt jakby szklanka by\u0142a zmro\u017cona. Idealna pami\u0105tka z Bieszczad. Nadaje si\u0119 do mycia w zmywarce.<\/p>\n<p><strong><em>Minimalna ilo\u015b\u0107 zam\u00f3wienia \u2013 6 sztuk (1 opakowanie)<\/em><br \/>\n<\/strong><\/p>\n<p><strong><em>Towar sprzedawany na opakowania<\/em><\/strong><\/p>\n<h3><span style=\"color: #ff0000;\">PRZY DODAWANIU DO KOSZYKA, NALE\u017bY DODAWA\u0106 KROTNO\u015a\u0106\u00a0 LICZBY 6 &#8211; (1 opak)\u00a0 np: 6 ; 12 ; 18 itd<\/span><\/h3>\n<h3><strong>CENA ZA SZTUK\u0118.<\/strong><\/h3>\n<\/div>\n<\/div>\n","protected":false},"featured_media":9956,"comment_status":"open","ping_status":"closed","template":"","meta":[],"_links":{"self":[{"href":"https:\/\/violmax.pl\/index.php\/wp-json\/wp\/v2\/product\/9969"}],"collection":[{"href":"https:\/\/violmax.pl\/index.php\/wp-json\/wp\/v2\/product"}],"about":[{"href":"https:\/\/violmax.pl\/index.php\/wp-json\/wp\/v2\/types\/product"}],"replies":[{"embeddable":true,"href":"https:\/\/violmax.pl\/index.php\/wp-json\/wp\/v2\/comments?post=9969"}],"wp:featuredmedia":[{"embeddable":true,"href":"https:\/\/violmax.pl\/index.php\/wp-json\/wp\/v2\/media\/9956"}],"wp:attachment":[{"href":"https:\/\/violmax.pl\/index.php\/wp-json\/wp\/v2\/media?parent=9969"}],"curies":[{"name":"wp","href":"https:\/\/api.w.org\/{rel}","templated":true}]}}