{"id":946,"date":"2019-09-04T15:50:53","date_gmt":"2019-09-04T13:50:53","guid":{"rendered":"http:\/\/violmax.wroclaw.pl\/?post_type=product&#038;p=946"},"modified":"2025-12-02T13:30:00","modified_gmt":"2025-12-02T12:30:00","slug":"kieliszek-koniak-lav-390-ml-cena-za-sztuke-12-zl-netto","status":"publish","type":"product","link":"https:\/\/violmax.pl\/index.php\/produkt\/kieliszek-koniak-lav-390-ml-cena-za-sztuke-12-zl-netto\/","title":{"rendered":"ZAMO\u015a\u0106, KIELISZEK DO KONIAKU &#8220;LAV 390&#8221; ML, RATUSZ SZRON"},"content":{"rendered":"<p><img loading=\"lazy\" class=\"alignnone size-medium wp-image-949\" src=\"http:\/\/violmax.pl\/wp-content\/uploads\/2019\/09\/KIELISZEK-KONIAK-STOPKA-2-DOCELOWY-207x300.jpg\" alt=\"\" width=\"207\" height=\"300\" srcset=\"https:\/\/violmax.pl\/wp-content\/uploads\/2019\/09\/KIELISZEK-KONIAK-STOPKA-2-DOCELOWY-207x300.jpg 207w, https:\/\/violmax.pl\/wp-content\/uploads\/2019\/09\/KIELISZEK-KONIAK-STOPKA-2-DOCELOWY-768x1111.jpg 768w, https:\/\/violmax.pl\/wp-content\/uploads\/2019\/09\/KIELISZEK-KONIAK-STOPKA-2-DOCELOWY-708x1024.jpg 708w, https:\/\/violmax.pl\/wp-content\/uploads\/2019\/09\/KIELISZEK-KONIAK-STOPKA-2-DOCELOWY-680x983.jpg 680w\" sizes=\"(max-width: 207px) 100vw, 207px\" \/><img loading=\"lazy\" class=\"alignnone size-medium wp-image-948\" src=\"http:\/\/violmax.pl\/wp-content\/uploads\/2019\/09\/KIELISZEK-KONIAK-STOPKA-DOCELOWY--238x300.jpg\" alt=\"\" width=\"238\" height=\"300\" srcset=\"https:\/\/violmax.pl\/wp-content\/uploads\/2019\/09\/KIELISZEK-KONIAK-STOPKA-DOCELOWY--238x300.jpg 238w, https:\/\/violmax.pl\/wp-content\/uploads\/2019\/09\/KIELISZEK-KONIAK-STOPKA-DOCELOWY--768x970.jpg 768w, https:\/\/violmax.pl\/wp-content\/uploads\/2019\/09\/KIELISZEK-KONIAK-STOPKA-DOCELOWY--811x1024.jpg 811w, https:\/\/violmax.pl\/wp-content\/uploads\/2019\/09\/KIELISZEK-KONIAK-STOPKA-DOCELOWY--680x859.jpg 680w\" sizes=\"(max-width: 238px) 100vw, 238px\" \/><\/p>\n<p>Kieliszek do koniaku o pojemno\u015bci 390 ml. Do po\u0142owy jest precyzyjnie wypiaskowany. Z jednej strony jest wypiaskowana nazwa miasta Zamo\u015b\u0107, z drugiej widzimy motyw ratuszu w Zamo\u015bciu. Wygodny, nie du\u017cy kieliszek, kt\u00f3ry sprawdzi si\u0119 w codziennym u\u017cytku jak i jako ozdoba do wszystkich wn\u0119trz. Idealna pami\u0105tka z Zamo\u015bcia, \u015bwietny prezent dla ka\u017cdego.<\/p>\n","protected":false},"excerpt":{"rendered":"<p><img loading=\"lazy\" class=\"alignnone size-full wp-image-5364\" src=\"http:\/\/violmax.pl\/wp-content\/uploads\/2020\/10\/VIOLMAX_POLSKA-3.jpg\" alt=\"\" width=\"300\" height=\"28\" \/><\/p>\n<p>&nbsp;<\/p>\n<p>Kieliszek do koniaku o pojemno\u015bci 390 ml. Do po\u0142owy jest precyzyjnie wypiaskowany. Z jednej strony jest wypiaskowana nazwa miasta Zamo\u015b\u0107, z drugiej widzimy motyw ratuszu w Zamo\u015bciu. Wygodny, nie du\u017cy kieliszek, kt\u00f3ry sprawdzi si\u0119 w codziennym u\u017cytku jak i jako ozdoba do wszystkich wn\u0119trz. Idealna pami\u0105tka z Zamo\u015bcia, \u015bwietny prezent dla ka\u017cdego.<\/p>\n<p><strong><em>Minimalna ilo\u015b\u0107 zam\u00f3wienia &#8211; 6 sztuk (1 opakowanie)<\/em><br \/>\n<\/strong><\/p>\n<p><strong><em>Towar sprzedawany na opakowania<\/em><\/strong><\/p>\n<h3><span style=\"color: #ff0000;\">PRZY DODAWANIU DO KOSZYKA, NALE\u017bY DODAWA\u0106 KROTNO\u015a\u0106\u00a0 LICZBY 6 &#8211; (1 opak)\u00a0 np: 6 ; 12 ; 18 itd<\/span><\/h3>\n<h3><strong>CENA ZA SZTUK\u0118.<\/strong><\/h3>\n","protected":false},"featured_media":949,"comment_status":"open","ping_status":"closed","template":"","meta":[],"_links":{"self":[{"href":"https:\/\/violmax.pl\/index.php\/wp-json\/wp\/v2\/product\/946"}],"collection":[{"href":"https:\/\/violmax.pl\/index.php\/wp-json\/wp\/v2\/product"}],"about":[{"href":"https:\/\/violmax.pl\/index.php\/wp-json\/wp\/v2\/types\/product"}],"replies":[{"embeddable":true,"href":"https:\/\/violmax.pl\/index.php\/wp-json\/wp\/v2\/comments?post=946"}],"wp:featuredmedia":[{"embeddable":true,"href":"https:\/\/violmax.pl\/index.php\/wp-json\/wp\/v2\/media\/949"}],"wp:attachment":[{"href":"https:\/\/violmax.pl\/index.php\/wp-json\/wp\/v2\/media?parent=946"}],"curies":[{"name":"wp","href":"https:\/\/api.w.org\/{rel}","templated":true}]}}