{"id":931,"date":"2019-09-04T15:20:28","date_gmt":"2019-09-04T13:20:28","guid":{"rendered":"http:\/\/violmax.wroclaw.pl\/?post_type=product&#038;p=931"},"modified":"2025-12-02T13:30:01","modified_gmt":"2025-12-02T12:30:01","slug":"gdansk-kufel-do-piwa-miodzio-05-litra-odlew-kolor-zuraw","status":"publish","type":"product","link":"https:\/\/violmax.pl\/index.php\/produkt\/gdansk-kufel-do-piwa-miodzio-05-litra-odlew-kolor-zuraw\/","title":{"rendered":"GDA\u0143SK, KUFEL DO PIWA &#8220;MIODZIO 2&#8221; 0,5 LITRA, \u017bURAW I \u017bAGLOWIEC KOLOR"},"content":{"rendered":"<p><img loading=\"lazy\" class=\"alignnone size-medium wp-image-5694\" src=\"http:\/\/violmax.pl\/wp-content\/uploads\/2020\/11\/Gdansk_kufel_do_piwa_Miodzio_500_ml_odlew_kolor_zuraw-1-261x300.png\" alt=\"\" width=\"261\" height=\"300\" srcset=\"https:\/\/violmax.pl\/wp-content\/uploads\/2020\/11\/Gdansk_kufel_do_piwa_Miodzio_500_ml_odlew_kolor_zuraw-1-261x300.png 261w, https:\/\/violmax.pl\/wp-content\/uploads\/2020\/11\/Gdansk_kufel_do_piwa_Miodzio_500_ml_odlew_kolor_zuraw-1-680x782.png 680w, https:\/\/violmax.pl\/wp-content\/uploads\/2020\/11\/Gdansk_kufel_do_piwa_Miodzio_500_ml_odlew_kolor_zuraw-1.png 701w\" sizes=\"(max-width: 261px) 100vw, 261px\" \/><\/p>\n<p>&nbsp;<\/p>\n<p>Kufel do piwa \u201dMiodzio\u201d o litra\u017cu 0,5 litra. Na kuflu s\u0105 wy\u017c\u0142obione charakterystyczne dla \u201dmiodzia\u201d p\u0142aty w szkle. Na \u015brodku kufla widzimy metalowy odlew \u017burawia Gda\u0144skiego i \u017caglowca w kolorze. Klasyczny, wygodny kufel, kt\u00f3ry sprawdzi si\u0119 u ka\u017cdego. Idealna pami\u0105tka z Gda\u0144ska.<\/p>\n","protected":false},"excerpt":{"rendered":"<p><img loading=\"lazy\" class=\"alignnone size-medium wp-image-3492\" src=\"http:\/\/violmax.pl\/wp-content\/uploads\/2020\/05\/VIOLMAX_POLSKA-300x28.jpg\" alt=\"\" width=\"300\" height=\"28\" \/><\/p>\n<p>&nbsp;<\/p>\n<p>Kufel do piwa \u201dMiodzio\u201d o litra\u017cu 0,5 litra. Na kuflu s\u0105 wy\u017c\u0142obione charakterystyczne dla \u201dmiodzia\u201d p\u0142aty w szkle. Na \u015brodku kufla widzimy metalowy odlew \u017burawia Gda\u0144skiego i \u017caglowca w kolorze. Klasyczny, wygodny kufel, kt\u00f3ry sprawdzi si\u0119 u ka\u017cdego. Idealna pami\u0105tka z Gda\u0144ska.<\/p>\n<p><strong><em>Minimalna ilo\u015b\u0107 zam\u00f3wienia &#8211; 6 sztuk (1 opakowanie)<\/em><br \/>\n<\/strong><\/p>\n<p><strong><em>Towar sprzedawany na opakowania<\/em><\/strong><\/p>\n<h3><span style=\"color: #ff0000;\">PRZY DODAWANIU DO KOSZYKA, NALE\u017bY DODAWA\u0106 KROTNO\u015a\u0106\u00a0 LICZBY 6 &#8211; (1 opak)\u00a0 np: 6 ; 12 ; 18 itd<\/span><\/h3>\n<h3><strong>CENA ZA SZTUK\u0118.<\/strong><\/h3>\n","protected":false},"featured_media":5694,"comment_status":"open","ping_status":"closed","template":"","meta":[],"_links":{"self":[{"href":"https:\/\/violmax.pl\/index.php\/wp-json\/wp\/v2\/product\/931"}],"collection":[{"href":"https:\/\/violmax.pl\/index.php\/wp-json\/wp\/v2\/product"}],"about":[{"href":"https:\/\/violmax.pl\/index.php\/wp-json\/wp\/v2\/types\/product"}],"replies":[{"embeddable":true,"href":"https:\/\/violmax.pl\/index.php\/wp-json\/wp\/v2\/comments?post=931"}],"wp:featuredmedia":[{"embeddable":true,"href":"https:\/\/violmax.pl\/index.php\/wp-json\/wp\/v2\/media\/5694"}],"wp:attachment":[{"href":"https:\/\/violmax.pl\/index.php\/wp-json\/wp\/v2\/media?parent=931"}],"curies":[{"name":"wp","href":"https:\/\/api.w.org\/{rel}","templated":true}]}}