{"id":9000,"date":"2022-03-05T20:43:10","date_gmt":"2022-03-05T19:43:10","guid":{"rendered":"http:\/\/violmax.pl\/?post_type=product&#038;p=9000"},"modified":"2025-12-02T13:00:45","modified_gmt":"2025-12-02T12:00:45","slug":"bieszczady-kieliszek-do-wina-375-ml-nozka-czarna-rys-szron","status":"publish","type":"product","link":"https:\/\/violmax.pl\/index.php\/produkt\/bieszczady-kieliszek-do-wina-375-ml-nozka-czarna-rys-szron\/","title":{"rendered":"BIESZCZADY, KIELISZEK DO WINA &#8220;ADAM&#8221; 375 ML CZARNA STOPKA, RY\u015a NA DRZEWIE, SZRON"},"content":{"rendered":"<p><img loading=\"lazy\" class=\"alignnone size-medium wp-image-8993\" src=\"http:\/\/violmax.pl\/wp-content\/uploads\/2022\/03\/Bieszczady_kieliszek_do_wina_375_ml_nozka_czarna_rys_szron-300x300.png\" alt=\"\" width=\"300\" height=\"300\" srcset=\"https:\/\/violmax.pl\/wp-content\/uploads\/2022\/03\/Bieszczady_kieliszek_do_wina_375_ml_nozka_czarna_rys_szron-300x300.png 300w, https:\/\/violmax.pl\/wp-content\/uploads\/2022\/03\/Bieszczady_kieliszek_do_wina_375_ml_nozka_czarna_rys_szron-768x768.png 768w, https:\/\/violmax.pl\/wp-content\/uploads\/2022\/03\/Bieszczady_kieliszek_do_wina_375_ml_nozka_czarna_rys_szron-680x680.png 680w, https:\/\/violmax.pl\/wp-content\/uploads\/2022\/03\/Bieszczady_kieliszek_do_wina_375_ml_nozka_czarna_rys_szron-100x100.png 100w, https:\/\/violmax.pl\/wp-content\/uploads\/2022\/03\/Bieszczady_kieliszek_do_wina_375_ml_nozka_czarna_rys_szron.png 900w\" sizes=\"(max-width: 300px) 100vw, 300px\" \/><\/p>\n<p>Kieliszek do wina &#8220;ADAM&#8221; o pojemno\u015bci 375 ml. Wykonany z wysokiej jako\u015bci szk\u0142a, bardzo mocny i porz\u0105dny. Kieliszek jest wypiaskowany, co sprawia wra\u017cenie jak by by\u0142 zmro\u017cony. Na szkle widnieje napis &#8221;BIESZCZADY&#8221; oraz ry\u015b stoj\u0105cy na drzewie. Stopka jest w kolorze czarnym.\u00a0 Bardzo elegancki pomys\u0142 na prezent. Idealna pami\u0105tka z Bieszczad.<\/p>\n<p>&nbsp;<\/p>\n","protected":false},"excerpt":{"rendered":"<p><img loading=\"lazy\" class=\"alignnone size-full wp-image-5364\" src=\"http:\/\/violmax.pl\/wp-content\/uploads\/2020\/10\/VIOLMAX_POLSKA-3.jpg\" alt=\"\" width=\"300\" height=\"28\" \/><\/p>\n<p>&nbsp;<\/p>\n<p>Kieliszek do wina &#8220;ADAM&#8221; o pojemno\u015bci 375 ml. Wykonany z wysokiej jako\u015bci szk\u0142a, bardzo mocny i porz\u0105dny. Kieliszek jest wypiaskowany, co sprawia wra\u017cenie jak by by\u0142 zmro\u017cony. Na szkle widnieje napis &#8221;BIESZCZADY&#8221; oraz ry\u015b stoj\u0105cy na drzewie. Stopka jest w kolorze czarnym.\u00a0 Bardzo elegancki pomys\u0142 na prezent. Idealna pami\u0105tka z Bieszczad.<\/p>\n<p><strong><em>Minimalna ilo\u015b\u0107 zam\u00f3wienia &#8211; 6 sztuk (1 opakowanie)<\/em><br \/>\n<\/strong><\/p>\n<p><strong><em>Towar sprzedawany na opakowania<\/em><\/strong><\/p>\n<h3><span style=\"color: #ff0000;\">PRZY DODAWANIU DO KOSZYKA, NALE\u017bY DODAWA\u0106 KROTNO\u015a\u0106\u00a0 LICZBY 6 &#8211; (1 opak)\u00a0 np: 6 ; 12 ; 18 itd<\/span><\/h3>\n<h3><strong>CENA ZA SZTUK\u0118.<\/strong><\/h3>\n","protected":false},"featured_media":8993,"comment_status":"open","ping_status":"closed","template":"","meta":[],"_links":{"self":[{"href":"https:\/\/violmax.pl\/index.php\/wp-json\/wp\/v2\/product\/9000"}],"collection":[{"href":"https:\/\/violmax.pl\/index.php\/wp-json\/wp\/v2\/product"}],"about":[{"href":"https:\/\/violmax.pl\/index.php\/wp-json\/wp\/v2\/types\/product"}],"replies":[{"embeddable":true,"href":"https:\/\/violmax.pl\/index.php\/wp-json\/wp\/v2\/comments?post=9000"}],"wp:featuredmedia":[{"embeddable":true,"href":"https:\/\/violmax.pl\/index.php\/wp-json\/wp\/v2\/media\/8993"}],"wp:attachment":[{"href":"https:\/\/violmax.pl\/index.php\/wp-json\/wp\/v2\/media?parent=9000"}],"curies":[{"name":"wp","href":"https:\/\/api.w.org\/{rel}","templated":true}]}}