{"id":8614,"date":"2021-11-19T22:17:31","date_gmt":"2021-11-19T21:17:31","guid":{"rendered":"http:\/\/violmax.pl\/?post_type=product&#038;p=8614"},"modified":"2025-12-02T13:10:50","modified_gmt":"2025-12-02T12:10:50","slug":"myslistwo-kieliszek-do-wodki-bohemia-50ml-zwierzeta-lowne","status":"publish","type":"product","link":"https:\/\/violmax.pl\/index.php\/produkt\/myslistwo-kieliszek-do-wodki-bohemia-50ml-zwierzeta-lowne\/","title":{"rendered":"MY\u015aLISTWO, KIELISZEK DO W\u00d3DKI BOHEMIA &#8220;QUADRO&#8221; KRYSZTA\u0141 55 ML, MY\u015aLIWI I ZWIERZ\u0118TA \u0141OWNE SZRON"},"content":{"rendered":"<p><img loading=\"lazy\" class=\"alignnone size-medium wp-image-8619\" src=\"http:\/\/violmax.pl\/wp-content\/uploads\/2021\/11\/Mysliwskie_kieliszek_do_wodki_bohemia_50ml_zwierzeta_lowne_1A-300x171.png\" alt=\"\" width=\"300\" height=\"171\" srcset=\"https:\/\/violmax.pl\/wp-content\/uploads\/2021\/11\/Mysliwskie_kieliszek_do_wodki_bohemia_50ml_zwierzeta_lowne_1A-300x171.png 300w, https:\/\/violmax.pl\/wp-content\/uploads\/2021\/11\/Mysliwskie_kieliszek_do_wodki_bohemia_50ml_zwierzeta_lowne_1A-768x439.png 768w, https:\/\/violmax.pl\/wp-content\/uploads\/2021\/11\/Mysliwskie_kieliszek_do_wodki_bohemia_50ml_zwierzeta_lowne_1A-680x388.png 680w, https:\/\/violmax.pl\/wp-content\/uploads\/2021\/11\/Mysliwskie_kieliszek_do_wodki_bohemia_50ml_zwierzeta_lowne_1A.png 900w\" sizes=\"(max-width: 300px) 100vw, 300px\" \/><img loading=\"lazy\" class=\"alignnone size-medium wp-image-8612\" src=\"http:\/\/violmax.pl\/wp-content\/uploads\/2021\/11\/Mysliwskie_kieliszek_do_wodki_bohemia_50ml_zwierzeta_lowne_2A-300x171.png\" alt=\"\" width=\"300\" height=\"171\" srcset=\"https:\/\/violmax.pl\/wp-content\/uploads\/2021\/11\/Mysliwskie_kieliszek_do_wodki_bohemia_50ml_zwierzeta_lowne_2A-300x171.png 300w, https:\/\/violmax.pl\/wp-content\/uploads\/2021\/11\/Mysliwskie_kieliszek_do_wodki_bohemia_50ml_zwierzeta_lowne_2A-768x439.png 768w, https:\/\/violmax.pl\/wp-content\/uploads\/2021\/11\/Mysliwskie_kieliszek_do_wodki_bohemia_50ml_zwierzeta_lowne_2A-680x388.png 680w, https:\/\/violmax.pl\/wp-content\/uploads\/2021\/11\/Mysliwskie_kieliszek_do_wodki_bohemia_50ml_zwierzeta_lowne_2A.png 900w\" sizes=\"(max-width: 300px) 100vw, 300px\" \/><img loading=\"lazy\" class=\"alignnone size-medium wp-image-8613\" src=\"http:\/\/violmax.pl\/wp-content\/uploads\/2021\/11\/Mysliwskie_kieliszek_do_wodki_bohemia_50ml_zwierzeta_lowne_3A-300x171.png\" alt=\"\" width=\"300\" height=\"171\" srcset=\"https:\/\/violmax.pl\/wp-content\/uploads\/2021\/11\/Mysliwskie_kieliszek_do_wodki_bohemia_50ml_zwierzeta_lowne_3A-300x171.png 300w, https:\/\/violmax.pl\/wp-content\/uploads\/2021\/11\/Mysliwskie_kieliszek_do_wodki_bohemia_50ml_zwierzeta_lowne_3A-768x439.png 768w, https:\/\/violmax.pl\/wp-content\/uploads\/2021\/11\/Mysliwskie_kieliszek_do_wodki_bohemia_50ml_zwierzeta_lowne_3A-680x388.png 680w, https:\/\/violmax.pl\/wp-content\/uploads\/2021\/11\/Mysliwskie_kieliszek_do_wodki_bohemia_50ml_zwierzeta_lowne_3A.png 900w\" sizes=\"(max-width: 300px) 100vw, 300px\" \/><img loading=\"lazy\" class=\"alignnone size-medium wp-image-10170\" src=\"http:\/\/violmax.pl\/wp-content\/uploads\/2023\/09\/pudelko_bohemia_likier-300x225.png\" alt=\"\" width=\"300\" height=\"225\" srcset=\"https:\/\/violmax.pl\/wp-content\/uploads\/2023\/09\/pudelko_bohemia_likier-300x225.png 300w, https:\/\/violmax.pl\/wp-content\/uploads\/2023\/09\/pudelko_bohemia_likier-768x576.png 768w, https:\/\/violmax.pl\/wp-content\/uploads\/2023\/09\/pudelko_bohemia_likier-680x510.png 680w, https:\/\/violmax.pl\/wp-content\/uploads\/2023\/09\/pudelko_bohemia_likier-600x450.png 600w, https:\/\/violmax.pl\/wp-content\/uploads\/2023\/09\/pudelko_bohemia_likier.png 900w\" sizes=\"(max-width: 300px) 100vw, 300px\" \/><\/p>\n<p>&nbsp;<\/p>\n<p>Kieliszek do w\u00f3dki Bohemia szk\u0142o kryszta\u0142 &#8220;QUADRO&#8221; o pojemno\u015bci 55 ml. Elegancki upominek dla my\u015bliwego. Kieliszek jest wypiaskowany na oko\u0142o , co sprawia \u017ce wygl\u0105da jak by by\u0142 zmro\u017cony. Ozdobiony jest motywem my\u015bliwego oraz zwierz\u0119tami \u0142ownymi. W komplecie znajduje si\u0119 6 kieliszk\u00f3w, ozdobionych motywem ba\u017canta, kaczki, lisa, jelenia i zaj\u0105cami oraz dzika. Ka\u017cdy kieliszek jest przedstawiony na zdj\u0119ciu. Dwa pierwsze zdj\u0119cia przedstawiaj\u0105 zwierz\u0119ta a trzecie zdj\u0119cie przedstawia jako przyk\u0142ad jeden kieliszek sfotografowany z czterech stron. Wygodny kieliszek o du\u017cej pojemno\u015bci, dobrze trzyma si\u0119 w d\u0142oni.\u00a0 Wykonany jest z wysokiej jako\u015bci szk\u0142a kryszta\u0142owego.<\/p>\n","protected":false},"excerpt":{"rendered":"<p><img loading=\"lazy\" class=\"alignnone size-medium wp-image-3492\" src=\"http:\/\/violmax.pl\/wp-content\/uploads\/2020\/05\/VIOLMAX_POLSKA-300x28.jpg\" alt=\"\" width=\"300\" height=\"28\" \/><\/p>\n<p>Kieliszek do w\u00f3dki Bohemia szk\u0142o kryszta\u0142 &#8220;QUADRO&#8221; o pojemno\u015bci 55 ml. Elegancki upominek dla my\u015bliwego. Kieliszek jest wypiaskowany na oko\u0142o , co sprawia \u017ce wygl\u0105da jak by by\u0142 zmro\u017cony. Ozdobiony jest motywem my\u015bliwego oraz zwierz\u0119tami \u0142ownymi. W komplecie znajduje si\u0119 6 kieliszk\u00f3w, ozdobionych motywem ba\u017canta, kaczki, lisa, jelenia i zaj\u0105cami oraz dzika. Ka\u017cdy kieliszek jest przedstawiony na zdj\u0119ciu. Dwa pierwsze zdj\u0119cia przedstawiaj\u0105 zwierz\u0119ta a trzecie zdj\u0119cie przedstawia jako przyk\u0142ad jeden kieliszek sfotografowany z czterech stron. Wygodny kieliszek o du\u017cej pojemno\u015bci, dobrze trzyma si\u0119 w d\u0142oni.\u00a0 Wykonany jest z wysokiej jako\u015bci szk\u0142a kryszta\u0142owego.<\/p>\n<p><em><strong>Minimalna ilo\u015b\u0107 zam\u00f3wienia &#8211; 6 sztuk (1 opakowanie)<br \/>\n<\/strong><\/em><\/p>\n<p><strong><em>Towar sprzedawany na opakowania<\/em><\/strong><\/p>\n<h3><span style=\"color: #ff0000;\">PRZY DODAWANIU DO KOSZYKA, NALE\u017bY DODAWA\u0106 KROTNO\u015a\u0106\u00a0 LICZBY 6 &#8211; (1 opak)\u00a0 np: 6 ; 12 ; 18 itd<\/span><\/h3>\n<h3><strong>CENA ZA SZTUK\u0118.<\/strong><\/h3>\n<h2><strong>\u00a0<\/strong><\/h2>\n","protected":false},"featured_media":8619,"comment_status":"open","ping_status":"closed","template":"","meta":[],"_links":{"self":[{"href":"https:\/\/violmax.pl\/index.php\/wp-json\/wp\/v2\/product\/8614"}],"collection":[{"href":"https:\/\/violmax.pl\/index.php\/wp-json\/wp\/v2\/product"}],"about":[{"href":"https:\/\/violmax.pl\/index.php\/wp-json\/wp\/v2\/types\/product"}],"replies":[{"embeddable":true,"href":"https:\/\/violmax.pl\/index.php\/wp-json\/wp\/v2\/comments?post=8614"}],"wp:featuredmedia":[{"embeddable":true,"href":"https:\/\/violmax.pl\/index.php\/wp-json\/wp\/v2\/media\/8619"}],"wp:attachment":[{"href":"https:\/\/violmax.pl\/index.php\/wp-json\/wp\/v2\/media?parent=8614"}],"curies":[{"name":"wp","href":"https:\/\/api.w.org\/{rel}","templated":true}]}}