{"id":8576,"date":"2021-11-01T16:24:10","date_gmt":"2021-11-01T15:24:10","guid":{"rendered":"http:\/\/violmax.pl\/?post_type=product&#038;p=8576"},"modified":"2023-10-31T10:53:02","modified_gmt":"2023-10-31T09:53:02","slug":"myslistwo-komplet-do-whisky-bohemia-mysliwskie-szron-kpl","status":"publish","type":"product","link":"https:\/\/violmax.pl\/index.php\/produkt\/myslistwo-komplet-do-whisky-bohemia-mysliwskie-szron-kpl\/","title":{"rendered":"MY\u015aLISTWO, KOMPLET DO WHISKY BOHEMIA &#8220;QUADRO&#8221; KRYSZTA\u0141, MY\u015aLIWSKI SZRON"},"content":{"rendered":"<p><img loading=\"lazy\" class=\"alignnone size-medium wp-image-10420\" src=\"http:\/\/violmax.pl\/wp-content\/uploads\/2023\/10\/Myslistwo_kmplet_do_whisky_bohemia_quadro_850_ml_mysliwy_zwierzeta-300x214.png\" alt=\"\" width=\"300\" height=\"214\" srcset=\"https:\/\/violmax.pl\/wp-content\/uploads\/2023\/10\/Myslistwo_kmplet_do_whisky_bohemia_quadro_850_ml_mysliwy_zwierzeta-300x214.png 300w, https:\/\/violmax.pl\/wp-content\/uploads\/2023\/10\/Myslistwo_kmplet_do_whisky_bohemia_quadro_850_ml_mysliwy_zwierzeta-768x549.png 768w, https:\/\/violmax.pl\/wp-content\/uploads\/2023\/10\/Myslistwo_kmplet_do_whisky_bohemia_quadro_850_ml_mysliwy_zwierzeta.png 900w, https:\/\/violmax.pl\/wp-content\/uploads\/2023\/10\/Myslistwo_kmplet_do_whisky_bohemia_quadro_850_ml_mysliwy_zwierzeta-680x486.png 680w\" sizes=\"(max-width: 300px) 100vw, 300px\" \/><img loading=\"lazy\" class=\"alignnone size-medium wp-image-8570\" src=\"http:\/\/violmax.pl\/wp-content\/uploads\/2021\/11\/Mysliwskie_komplet_do_whisky_bohemia_mysliwskie_szron_kpl_2-300x225.png\" alt=\"\" width=\"300\" height=\"225\" srcset=\"https:\/\/violmax.pl\/wp-content\/uploads\/2021\/11\/Mysliwskie_komplet_do_whisky_bohemia_mysliwskie_szron_kpl_2-300x225.png 300w, https:\/\/violmax.pl\/wp-content\/uploads\/2021\/11\/Mysliwskie_komplet_do_whisky_bohemia_mysliwskie_szron_kpl_2-768x576.png 768w, https:\/\/violmax.pl\/wp-content\/uploads\/2021\/11\/Mysliwskie_komplet_do_whisky_bohemia_mysliwskie_szron_kpl_2-680x510.png 680w, https:\/\/violmax.pl\/wp-content\/uploads\/2021\/11\/Mysliwskie_komplet_do_whisky_bohemia_mysliwskie_szron_kpl_2-600x450.png 600w, https:\/\/violmax.pl\/wp-content\/uploads\/2021\/11\/Mysliwskie_komplet_do_whisky_bohemia_mysliwskie_szron_kpl_2.png 900w\" sizes=\"(max-width: 300px) 100vw, 300px\" \/><img loading=\"lazy\" class=\"alignnone size-medium wp-image-10421\" src=\"http:\/\/violmax.pl\/wp-content\/uploads\/2023\/10\/Mysliwskie_komplet_do_whisky_Bohemia_quadro_karafka_750ml_kieliszki_300ml_mysliwi_zwierzeta_szron-300x164.png\" alt=\"\" width=\"300\" height=\"164\" srcset=\"https:\/\/violmax.pl\/wp-content\/uploads\/2023\/10\/Mysliwskie_komplet_do_whisky_Bohemia_quadro_karafka_750ml_kieliszki_300ml_mysliwi_zwierzeta_szron-300x164.png 300w, https:\/\/violmax.pl\/wp-content\/uploads\/2023\/10\/Mysliwskie_komplet_do_whisky_Bohemia_quadro_karafka_750ml_kieliszki_300ml_mysliwi_zwierzeta_szron-768x421.png 768w, https:\/\/violmax.pl\/wp-content\/uploads\/2023\/10\/Mysliwskie_komplet_do_whisky_Bohemia_quadro_karafka_750ml_kieliszki_300ml_mysliwi_zwierzeta_szron-680x372.png 680w, https:\/\/violmax.pl\/wp-content\/uploads\/2023\/10\/Mysliwskie_komplet_do_whisky_Bohemia_quadro_karafka_750ml_kieliszki_300ml_mysliwi_zwierzeta_szron.png 900w\" sizes=\"(max-width: 300px) 100vw, 300px\" \/><\/p>\n<p>&nbsp;<\/p>\n<p>Komplet do whisky BOHEMIA\u00a0 \u2013 sk\u0142ada si\u0119 z karafki o pojemno\u015bci 850 ml oraz 6 sztuk szklanek do whisky o pojemno\u015bci 340 ml. Karafka i szklanki wypiaskowane s\u0105 z ka\u017cdej strony w motywy my\u015bliwskie, w tym przypadku w my\u015bliwych oraz dzika, jelenie, lisa, oraz kaczki i ba\u017canty . Wypiaskowany jest na oko\u0142o, co sprawia \u017ce wygl\u0105da jak by by\u0142 zmro\u017cony. Mo\u017ce s\u0142u\u017cy\u0107 jako nietuzinkowy prezent dla my\u015bliwego. Pi\u0119kny, okaza\u0142y prezent kt\u00f3ra zachwyci ka\u017cdego. Komplet wykonany jest ze szk\u0142a kryszta\u0142owego.<\/p>\n","protected":false},"excerpt":{"rendered":"<div class=\"woocommerce-product-details__short-description\">\n<p><img loading=\"lazy\" class=\"alignnone size-medium wp-image-3492\" src=\"http:\/\/violmax.pl\/wp-content\/uploads\/2020\/05\/VIOLMAX_POLSKA-300x28.jpg\" alt=\"\" width=\"300\" height=\"28\" \/><\/p>\n<p>Komplet do whisky BOHEMIA\u00a0 \u2013 sk\u0142ada si\u0119 z karafki o pojemno\u015bci 850 ml oraz 6 sztuk szklanek do whisky o pojemno\u015bci 340 ml. Karafka i szklanki wypiaskowane s\u0105 z ka\u017cdej strony w motywy my\u015bliwskie, w tym przypadku w my\u015bliwych oraz dzika, jelenie, lisa, oraz kaczki i ba\u017canty . Wypiaskowany jest na oko\u0142o, co sprawia \u017ce wygl\u0105da jak by by\u0142 zmro\u017cony. Mo\u017ce s\u0142u\u017cy\u0107 jako nietuzinkowy prezent dla my\u015bliwego. Pi\u0119kny, okaza\u0142y prezent kt\u00f3ra zachwyci ka\u017cdego. Komplet wykonany jest ze szk\u0142a kryszta\u0142owego.<\/p>\n<p><strong><em>Minimalna ilo\u015b\u0107 zam\u00f3wienia \u2013 1 komplet<\/em><br \/>\n<\/strong><\/p>\n<p><strong><em>\u00a0<\/em><\/strong><\/p>\n<h3><strong>CENA ZA KOMPLET.<\/strong><\/h3>\n<h2><strong>\u00a0<\/strong><\/h2>\n<\/div>\n","protected":false},"featured_media":10420,"comment_status":"open","ping_status":"closed","template":"","meta":[],"_links":{"self":[{"href":"https:\/\/violmax.pl\/index.php\/wp-json\/wp\/v2\/product\/8576"}],"collection":[{"href":"https:\/\/violmax.pl\/index.php\/wp-json\/wp\/v2\/product"}],"about":[{"href":"https:\/\/violmax.pl\/index.php\/wp-json\/wp\/v2\/types\/product"}],"replies":[{"embeddable":true,"href":"https:\/\/violmax.pl\/index.php\/wp-json\/wp\/v2\/comments?post=8576"}],"wp:featuredmedia":[{"embeddable":true,"href":"https:\/\/violmax.pl\/index.php\/wp-json\/wp\/v2\/media\/10420"}],"wp:attachment":[{"href":"https:\/\/violmax.pl\/index.php\/wp-json\/wp\/v2\/media?parent=8576"}],"curies":[{"name":"wp","href":"https:\/\/api.w.org\/{rel}","templated":true}]}}