{"id":8503,"date":"2021-10-09T21:45:02","date_gmt":"2021-10-09T19:45:02","guid":{"rendered":"http:\/\/violmax.pl\/?post_type=product&#038;p=8503"},"modified":"2025-12-02T13:10:56","modified_gmt":"2025-12-02T12:10:56","slug":"malbork-kieliszek-do-wina-adam-300-ml-nozka-czerwona-zamek-szron","status":"publish","type":"product","link":"https:\/\/violmax.pl\/index.php\/produkt\/malbork-kieliszek-do-wina-adam-300-ml-nozka-czerwona-zamek-szron\/","title":{"rendered":"MALBORK, KIELISZEK DO WINA &#8220;ADAM&#8221; 300 ML, ZAMEK KRZY\u017bACKI, STOPKA CZERWONA, SZRON"},"content":{"rendered":"<p><img loading=\"lazy\" class=\"alignnone size-medium wp-image-8466\" src=\"http:\/\/violmax.pl\/wp-content\/uploads\/2021\/10\/Malbork_kieliszek_do_wina_adam_300_ml_nozka_czerwona_zamek_szron-240x300.png\" alt=\"\" width=\"240\" height=\"300\" srcset=\"https:\/\/violmax.pl\/wp-content\/uploads\/2021\/10\/Malbork_kieliszek_do_wina_adam_300_ml_nozka_czerwona_zamek_szron-240x300.png 240w, https:\/\/violmax.pl\/wp-content\/uploads\/2021\/10\/Malbork_kieliszek_do_wina_adam_300_ml_nozka_czerwona_zamek_szron-680x850.png 680w, https:\/\/violmax.pl\/wp-content\/uploads\/2021\/10\/Malbork_kieliszek_do_wina_adam_300_ml_nozka_czerwona_zamek_szron.png 720w\" sizes=\"(max-width: 240px) 100vw, 240px\" \/><\/p>\n<p>Kieliszek do wina &#8220;ADAM&#8221; o pojemno\u015bci 300 ml. Wykonany z wysokiej jako\u015bci szk\u0142a, bardzo mocny i porz\u0105dny. W po\u0142owie jest w szronie. Ozdobiony jest zamkiem krzy\u017cackim w Malborku oraz z ty\u0142u napisem &#8220;Malbork&#8221;. Stopka kieliszka jest w kolorze czerwonym.\u00a0 Bardzo elegancki pomys\u0142 na prezent. Idealna pami\u0105tka z Malborka.<\/p>\n<p>&nbsp;<\/p>\n","protected":false},"excerpt":{"rendered":"<p><img loading=\"lazy\" class=\"alignnone size-full wp-image-5364\" src=\"http:\/\/violmax.pl\/wp-content\/uploads\/2020\/10\/VIOLMAX_POLSKA-3.jpg\" alt=\"\" width=\"300\" height=\"28\" \/><\/p>\n<p>&nbsp;<\/p>\n<p>Kieliszek do wina &#8220;ADAM&#8221; o pojemno\u015bci 300 ml. Wykonany z wysokiej jako\u015bci szk\u0142a, bardzo mocny i porz\u0105dny. W po\u0142owie jest w szronie. Ozdobiony jest zamkiem krzy\u017cackim w Malborku oraz z ty\u0142u napisem &#8220;Malbork&#8221;. Stopka kieliszka jest w kolorze czerwonym.\u00a0 Bardzo elegancki pomys\u0142 na prezent. Idealna pami\u0105tka z Malborka.<\/p>\n<p><strong><em>Minimalna ilo\u015b\u0107 zam\u00f3wienia &#8211; 6 sztuk (1 opakowanie)<\/em><br \/>\n<\/strong><\/p>\n<p><strong><em>Towar sprzedawany na opakowania<\/em><\/strong><\/p>\n<h3><span style=\"color: #ff0000;\">PRZY DODAWANIU DO KOSZYKA, NALE\u017bY DODAWA\u0106 KROTNO\u015a\u0106\u00a0 LICZBY 6 &#8211; (1 opak)\u00a0 np: 6 ; 12 ; 18 itd<\/span><\/h3>\n<h3><strong>CENA ZA SZTUK\u0118.<\/strong><\/h3>\n","protected":false},"featured_media":8466,"comment_status":"open","ping_status":"closed","template":"","meta":[],"_links":{"self":[{"href":"https:\/\/violmax.pl\/index.php\/wp-json\/wp\/v2\/product\/8503"}],"collection":[{"href":"https:\/\/violmax.pl\/index.php\/wp-json\/wp\/v2\/product"}],"about":[{"href":"https:\/\/violmax.pl\/index.php\/wp-json\/wp\/v2\/types\/product"}],"replies":[{"embeddable":true,"href":"https:\/\/violmax.pl\/index.php\/wp-json\/wp\/v2\/comments?post=8503"}],"wp:featuredmedia":[{"embeddable":true,"href":"https:\/\/violmax.pl\/index.php\/wp-json\/wp\/v2\/media\/8466"}],"wp:attachment":[{"href":"https:\/\/violmax.pl\/index.php\/wp-json\/wp\/v2\/media?parent=8503"}],"curies":[{"name":"wp","href":"https:\/\/api.w.org\/{rel}","templated":true}]}}