{"id":8275,"date":"2021-06-12T22:00:18","date_gmt":"2021-06-12T20:00:18","guid":{"rendered":"http:\/\/violmax.pl\/?post_type=product&#038;p=8275"},"modified":"2025-12-02T13:17:06","modified_gmt":"2025-12-02T12:17:06","slug":"darlowko-kufel-do-piwa-krzysztof-500-ml-dyzurka-szron","status":"publish","type":"product","link":"https:\/\/violmax.pl\/index.php\/produkt\/darlowko-kufel-do-piwa-krzysztof-500-ml-dyzurka-szron\/","title":{"rendered":"DAR\u0141\u00d3WKO, KUFEL DO PIWA &#8220;KRZYSZTOF&#8221; 500 ML, DY\u017bURKA KAPITA\u0143SKA ORAZ KUTER RYBACKI"},"content":{"rendered":"<p><img loading=\"lazy\" class=\"alignnone size-medium wp-image-8266\" src=\"http:\/\/violmax.pl\/wp-content\/uploads\/2021\/06\/Darlowko_kufel_do_piwa_krzysztof_500_ml_kuter_dyzurka_szron-300x200.png\" alt=\"\" width=\"300\" height=\"200\" srcset=\"https:\/\/violmax.pl\/wp-content\/uploads\/2021\/06\/Darlowko_kufel_do_piwa_krzysztof_500_ml_kuter_dyzurka_szron-300x200.png 300w, https:\/\/violmax.pl\/wp-content\/uploads\/2021\/06\/Darlowko_kufel_do_piwa_krzysztof_500_ml_kuter_dyzurka_szron-768x512.png 768w, https:\/\/violmax.pl\/wp-content\/uploads\/2021\/06\/Darlowko_kufel_do_piwa_krzysztof_500_ml_kuter_dyzurka_szron-680x453.png 680w, https:\/\/violmax.pl\/wp-content\/uploads\/2021\/06\/Darlowko_kufel_do_piwa_krzysztof_500_ml_kuter_dyzurka_szron.png 900w\" sizes=\"(max-width: 300px) 100vw, 300px\" \/><\/p>\n<p>Kufel do piwa &#8220;KRZYSZTOF&#8221; o pojemno\u015bci 0,5 litra. Ca\u0142y kufel jest wypiaskowany i precyzyjnie oszroniony.\u00a0 Na kuflu widzimy motyw typowy dla Dar\u0142\u00f3wka, dy\u017curka kapita\u0144ska oraz kuter rybacki. Bardzo pi\u0119kna pami\u0105tka z niepowtarzalnym wzorem i detalami. Wszystko na szkle wykonane jest w taki spos\u00f3b by wzbudza\u0142o zachwyt. Kufel jest wykonany z wysokiej jako\u015bci szk\u0142a. Takie pami\u0105tki czy prezenty zawsze b\u0119d\u0105 trafione. Idealna pami\u0105tka z nad morza. Nadaje si\u0119 do mycia w zmywarce.<\/p>\n","protected":false},"excerpt":{"rendered":"<p><img loading=\"lazy\" class=\"alignnone size-full wp-image-5364\" src=\"http:\/\/violmax.pl\/wp-content\/uploads\/2020\/10\/VIOLMAX_POLSKA-3.jpg\" alt=\"\" width=\"300\" height=\"28\" \/><\/p>\n<p>&nbsp;<\/p>\n<p>Kufel do piwa &#8220;KRZYSZTOF&#8221; o pojemno\u015bci 0,5 litra. Ca\u0142y kufel jest wypiaskowany i precyzyjnie oszroniony.\u00a0 Na kuflu widzimy motyw typowy dla Dar\u0142\u00f3wka, dy\u017curka kapita\u0144ska oraz kuter rybacki. Bardzo pi\u0119kna pami\u0105tka z niepowtarzalnym wzorem i detalami. Wszystko na szkle wykonane jest w taki spos\u00f3b by wzbudza\u0142o zachwyt. Kufel jest wykonany z wysokiej jako\u015bci szk\u0142a. Takie pami\u0105tki czy prezenty zawsze b\u0119d\u0105 trafione. Idealna pami\u0105tka z nad morza. Nadaje si\u0119 do mycia w zmywarce.<\/p>\n<p><strong><em>Minimalna ilo\u015b\u0107 zam\u00f3wienia &#8211; 6 sztuk (1 opakowanie)<\/em><br \/>\n<\/strong><\/p>\n<p><strong><em>Towar sprzedawany na opakowania<\/em><\/strong><\/p>\n<h3><span style=\"color: #ff0000;\">PRZY DODAWANIU DO KOSZYKA, NALE\u017bY DODAWA\u0106 KROTNO\u015a\u0106\u00a0 LICZBY 6 &#8211; (1 opak)\u00a0 np: 6 ; 12 ; 18 itd<\/span><\/h3>\n<h3><strong>CENA ZA SZTUK\u0118.<\/strong><\/h3>\n","protected":false},"featured_media":8266,"comment_status":"open","ping_status":"closed","template":"","meta":[],"_links":{"self":[{"href":"https:\/\/violmax.pl\/index.php\/wp-json\/wp\/v2\/product\/8275"}],"collection":[{"href":"https:\/\/violmax.pl\/index.php\/wp-json\/wp\/v2\/product"}],"about":[{"href":"https:\/\/violmax.pl\/index.php\/wp-json\/wp\/v2\/types\/product"}],"replies":[{"embeddable":true,"href":"https:\/\/violmax.pl\/index.php\/wp-json\/wp\/v2\/comments?post=8275"}],"wp:featuredmedia":[{"embeddable":true,"href":"https:\/\/violmax.pl\/index.php\/wp-json\/wp\/v2\/media\/8266"}],"wp:attachment":[{"href":"https:\/\/violmax.pl\/index.php\/wp-json\/wp\/v2\/media?parent=8275"}],"curies":[{"name":"wp","href":"https:\/\/api.w.org\/{rel}","templated":true}]}}