{"id":8074,"date":"2021-06-07T20:05:57","date_gmt":"2021-06-07T18:05:57","guid":{"rendered":"http:\/\/violmax.pl\/?post_type=product&#038;p=8074"},"modified":"2025-12-02T13:17:27","modified_gmt":"2025-12-02T12:17:27","slug":"wladyslawowo-szklanka-do-piwa-viola-568-ml-szron-odlew-kolor","status":"publish","type":"product","link":"https:\/\/violmax.pl\/index.php\/produkt\/wladyslawowo-szklanka-do-piwa-viola-568-ml-szron-odlew-kolor\/","title":{"rendered":"W\u0141ADYS\u0141AWOWO, SZKLANKA DO PIWA &#8220;VIOLA&#8221; 568 ML, SZRON + DOM RYBAKA I KUTER RYBACKI ODLEW KOLOR"},"content":{"rendered":"<p><img loading=\"lazy\" class=\"alignnone size-medium wp-image-8071\" src=\"http:\/\/violmax.pl\/wp-content\/uploads\/2021\/06\/Wladyslawowo_szklanka_do_piwa_viola_568_ml_szron_odlew_kolor-255x300.png\" alt=\"\" width=\"255\" height=\"300\" srcset=\"https:\/\/violmax.pl\/wp-content\/uploads\/2021\/06\/Wladyslawowo_szklanka_do_piwa_viola_568_ml_szron_odlew_kolor-255x300.png 255w, https:\/\/violmax.pl\/wp-content\/uploads\/2021\/06\/Wladyslawowo_szklanka_do_piwa_viola_568_ml_szron_odlew_kolor-680x800.png 680w, https:\/\/violmax.pl\/wp-content\/uploads\/2021\/06\/Wladyslawowo_szklanka_do_piwa_viola_568_ml_szron_odlew_kolor.png 765w\" sizes=\"(max-width: 255px) 100vw, 255px\" \/><\/p>\n<p>Pokal do piwa o litra\u017cu 568 ml. Pokal jest do po\u0142owy jego wysoko\u015bci wypiaskowany, co sprawia wra\u017cenie jak by by\u0142 zmro\u017cony. Ozdobiony jest r\u00f3wnie\u017c metalowym odlewem w kolorze. przedstawiaj\u0105cy Dom Rybak oraz kuter rybacki z W\u0142adys\u0142awowa. Przepi\u0119kna i dostojna pami\u0105tka z robi\u0105cymi wra\u017cenie zdobieniami. Idealna pami\u0105tka z W\u0142adys\u0142awowa.<\/p>\n","protected":false},"excerpt":{"rendered":"<div class=\"woocommerce-product-details__short-description\">\n<div class=\"woocommerce-product-details__short-description\">\n<div class=\"woocommerce-product-details__short-description\">\n<div class=\"woocommerce-product-details__short-description\">\n<div class=\"woocommerce-product-details__short-description\">\n<p><img loading=\"lazy\" class=\"alignnone size-medium wp-image-3492\" src=\"http:\/\/violmax.pl\/wp-content\/uploads\/2020\/05\/VIOLMAX_POLSKA-300x28.jpg\" alt=\"\" width=\"300\" height=\"28\" \/><\/p>\n<p>&nbsp;<\/p>\n<p>Pokal do piwa o litra\u017cu 568 ml. Pokal jest do po\u0142owy jego wysoko\u015bci wypiaskowany, co sprawia wra\u017cenie jak by by\u0142 zmro\u017cony. Ozdobiony jest r\u00f3wnie\u017c metalowym odlewem w kolorze. przedstawiaj\u0105cy Dom Rybak oraz kuter rybacki z W\u0142adys\u0142awowa. Przepi\u0119kna i dostojna pami\u0105tka z robi\u0105cymi wra\u017cenie zdobieniami. Idealna pami\u0105tka z W\u0142adys\u0142awowa.<\/p>\n<p><strong><em>Minimalna ilo\u015b\u0107 zam\u00f3wienia \u2013 6 sztuk (1 opakowanie)<\/em><br \/>\n<\/strong><\/p>\n<p><strong><em>Towar sprzedawany na opakowania<\/em><\/strong><\/p>\n<h3><span style=\"color: #ff0000;\">PRZY DODAWANIU DO KOSZYKA, NALE\u017bY DODAWA\u0106 KROTNO\u015a\u0106\u00a0 LICZBY 6 &#8211; (1 opak)\u00a0 np: 6 ; 12 ; 18 itd<\/span><\/h3>\n<h3><strong>CENA ZA SZTUK\u0118.<\/strong><\/h3>\n<\/div>\n<\/div>\n<\/div>\n<\/div>\n<\/div>\n","protected":false},"featured_media":8071,"comment_status":"open","ping_status":"closed","template":"","meta":[],"_links":{"self":[{"href":"https:\/\/violmax.pl\/index.php\/wp-json\/wp\/v2\/product\/8074"}],"collection":[{"href":"https:\/\/violmax.pl\/index.php\/wp-json\/wp\/v2\/product"}],"about":[{"href":"https:\/\/violmax.pl\/index.php\/wp-json\/wp\/v2\/types\/product"}],"replies":[{"embeddable":true,"href":"https:\/\/violmax.pl\/index.php\/wp-json\/wp\/v2\/comments?post=8074"}],"wp:featuredmedia":[{"embeddable":true,"href":"https:\/\/violmax.pl\/index.php\/wp-json\/wp\/v2\/media\/8071"}],"wp:attachment":[{"href":"https:\/\/violmax.pl\/index.php\/wp-json\/wp\/v2\/media?parent=8074"}],"curies":[{"name":"wp","href":"https:\/\/api.w.org\/{rel}","templated":true}]}}