{"id":7960,"date":"2021-06-05T19:51:58","date_gmt":"2021-06-05T17:51:58","guid":{"rendered":"http:\/\/violmax.pl\/?post_type=product&#038;p=7960"},"modified":"2025-12-02T13:18:32","modified_gmt":"2025-12-02T12:18:32","slug":"wedkarstwo-kieliszek-mini-kufelek-do-wodki-30-ml-kolor-odlew-ryby","status":"publish","type":"product","link":"https:\/\/violmax.pl\/index.php\/produkt\/wedkarstwo-kieliszek-mini-kufelek-do-wodki-30-ml-kolor-odlew-ryby\/","title":{"rendered":"W\u0118DKARSTWO, MINI KUFELEK DO W\u00d3DKI &#8220;RYSIO 30&#8221; ML, RYBY ODLEW METAL MIX KOLOR"},"content":{"rendered":"<p><img loading=\"lazy\" class=\"alignnone size-medium wp-image-7948\" src=\"http:\/\/violmax.pl\/wp-content\/uploads\/2021\/06\/Wedkarstwo_kieliszek_mini_kufelek_do_wodki_shot_30_ml_kolor_odlew_ryby-300x300.png\" alt=\"\" width=\"300\" height=\"300\" srcset=\"https:\/\/violmax.pl\/wp-content\/uploads\/2021\/06\/Wedkarstwo_kieliszek_mini_kufelek_do_wodki_shot_30_ml_kolor_odlew_ryby-300x300.png 300w, https:\/\/violmax.pl\/wp-content\/uploads\/2021\/06\/Wedkarstwo_kieliszek_mini_kufelek_do_wodki_shot_30_ml_kolor_odlew_ryby-150x150.png 150w, https:\/\/violmax.pl\/wp-content\/uploads\/2021\/06\/Wedkarstwo_kieliszek_mini_kufelek_do_wodki_shot_30_ml_kolor_odlew_ryby-768x768.png 768w, https:\/\/violmax.pl\/wp-content\/uploads\/2021\/06\/Wedkarstwo_kieliszek_mini_kufelek_do_wodki_shot_30_ml_kolor_odlew_ryby-680x680.png 680w, https:\/\/violmax.pl\/wp-content\/uploads\/2021\/06\/Wedkarstwo_kieliszek_mini_kufelek_do_wodki_shot_30_ml_kolor_odlew_ryby-100x100.png 100w, https:\/\/violmax.pl\/wp-content\/uploads\/2021\/06\/Wedkarstwo_kieliszek_mini_kufelek_do_wodki_shot_30_ml_kolor_odlew_ryby.png 900w\" sizes=\"(max-width: 300px) 100vw, 300px\" \/><\/p>\n<p>&nbsp;<\/p>\n<p>Kieliszek &#8211; mini kufelek do w\u00f3dki o pojemno\u015bci 30 ml. Elegancki upominek dla w\u0119dkarza. Mini kufelek jest ozdobiony metalowym odlewem o tematyce ryb. S\u0105 to ryby; Szczupak, Sandacze, Karp, Kara\u015b oraz Sum. Dno mini kufelka jest ozdobione r\u00f3\u017cnymi kolorami. Wygodny kieliszek o ma\u0142ej pojemno\u015bci, dobrze trzyma si\u0119 w d\u0142oni.<\/p>\n","protected":false},"excerpt":{"rendered":"<p><img loading=\"lazy\" class=\"alignnone size-medium wp-image-3492\" src=\"http:\/\/violmax.pl\/wp-content\/uploads\/2020\/05\/VIOLMAX_POLSKA-300x28.jpg\" alt=\"\" width=\"300\" height=\"28\" \/><\/p>\n<p>&nbsp;<\/p>\n<p>Kieliszek &#8211; mini kufelek do w\u00f3dki o pojemno\u015bci 30 ml. Elegancki upominek dla w\u0119dkarza. Mini kufelek jest ozdobiony metalowym odlewem o tematyce ryb. S\u0105 to ryby; Szczupak, Sandacze, Karp, Kara\u015b oraz Sum. Dno mini kufelka jest ozdobione r\u00f3\u017cnymi kolorami. Wygodny kieliszek o ma\u0142ej pojemno\u015bci, dobrze trzyma si\u0119 w d\u0142oni.<\/p>\n<p><em><strong>Minimalna ilo\u015b\u0107 zam\u00f3wienia &#8211; 6 sztuk (1 opakowanie)<br \/>\n<\/strong><\/em><\/p>\n<p><strong><em>Towar sprzedawany na opakowania<\/em><\/strong><\/p>\n<h3><span style=\"color: #ff0000;\">PRZY DODAWANIU DO KOSZYKA, NALE\u017bY DODAWA\u0106 KROTNO\u015a\u0106\u00a0 LICZBY 6 &#8211; (1 opak)\u00a0 np: 6 ; 12 ; 18 itd<\/span><\/h3>\n<h3><strong>CENA ZA SZTUK\u0118.<\/strong><\/h3>\n<h2><strong>\u00a0<\/strong><\/h2>\n","protected":false},"featured_media":7948,"comment_status":"open","ping_status":"closed","template":"","meta":[],"_links":{"self":[{"href":"https:\/\/violmax.pl\/index.php\/wp-json\/wp\/v2\/product\/7960"}],"collection":[{"href":"https:\/\/violmax.pl\/index.php\/wp-json\/wp\/v2\/product"}],"about":[{"href":"https:\/\/violmax.pl\/index.php\/wp-json\/wp\/v2\/types\/product"}],"replies":[{"embeddable":true,"href":"https:\/\/violmax.pl\/index.php\/wp-json\/wp\/v2\/comments?post=7960"}],"wp:featuredmedia":[{"embeddable":true,"href":"https:\/\/violmax.pl\/index.php\/wp-json\/wp\/v2\/media\/7948"}],"wp:attachment":[{"href":"https:\/\/violmax.pl\/index.php\/wp-json\/wp\/v2\/media?parent=7960"}],"curies":[{"name":"wp","href":"https:\/\/api.w.org\/{rel}","templated":true}]}}