{"id":7924,"date":"2021-05-31T21:27:20","date_gmt":"2021-05-31T19:27:20","guid":{"rendered":"http:\/\/violmax.pl\/?post_type=product&#038;p=7924"},"modified":"2025-12-02T13:18:34","modified_gmt":"2025-12-02T12:18:34","slug":"kaszebe-kufel-do-piwa-krzysztof-500-ml-odlew-kolor","status":"publish","type":"product","link":"https:\/\/violmax.pl\/index.php\/produkt\/kaszebe-kufel-do-piwa-krzysztof-500-ml-odlew-kolor\/","title":{"rendered":"KUFEL-KASZEBE, KUFEL DO PIWA &#8220;KRZYSZTOF&#8221; 500 ML, ODLEW KOLOR"},"content":{"rendered":"<p><img loading=\"lazy\" class=\"alignnone size-medium wp-image-7890\" src=\"http:\/\/violmax.pl\/wp-content\/uploads\/2021\/05\/Kaszebe_kufel_do_piwa_krzysztof_500_ml_odlew_kolor-300x300.png\" alt=\"\" width=\"300\" height=\"300\" srcset=\"https:\/\/violmax.pl\/wp-content\/uploads\/2021\/05\/Kaszebe_kufel_do_piwa_krzysztof_500_ml_odlew_kolor-300x300.png 300w, https:\/\/violmax.pl\/wp-content\/uploads\/2021\/05\/Kaszebe_kufel_do_piwa_krzysztof_500_ml_odlew_kolor-150x150.png 150w, https:\/\/violmax.pl\/wp-content\/uploads\/2021\/05\/Kaszebe_kufel_do_piwa_krzysztof_500_ml_odlew_kolor-768x768.png 768w, https:\/\/violmax.pl\/wp-content\/uploads\/2021\/05\/Kaszebe_kufel_do_piwa_krzysztof_500_ml_odlew_kolor-680x680.png 680w, https:\/\/violmax.pl\/wp-content\/uploads\/2021\/05\/Kaszebe_kufel_do_piwa_krzysztof_500_ml_odlew_kolor-100x100.png 100w, https:\/\/violmax.pl\/wp-content\/uploads\/2021\/05\/Kaszebe_kufel_do_piwa_krzysztof_500_ml_odlew_kolor.png 900w\" sizes=\"(max-width: 300px) 100vw, 300px\" \/><\/p>\n<p>Kufel do piwa &#8220;KRZYSZTOF&#8221; o pojemno\u015bci 0,5 litra. Kufel jest ozdobiony metalowym odlewem z motywem Kaszubskim. Bardzo pi\u0119kna pami\u0105tka z niepowtarzalnym wzorem i detalami. Wszystko na szkle wykonane jest w taki spos\u00f3b by wzbudza\u0142o zachwyt.Kufel wykonany z wysokiej jako\u015bci szk\u0142a. Takie pami\u0105tki czy prezenty zawsze b\u0119d\u0105 trafione. Idealna pami\u0105tka z Kaszub.<\/p>\n","protected":false},"excerpt":{"rendered":"<p><img loading=\"lazy\" class=\"alignnone size-medium wp-image-3492\" src=\"http:\/\/violmax.pl\/wp-content\/uploads\/2020\/05\/VIOLMAX_POLSKA-300x28.jpg\" alt=\"\" width=\"300\" height=\"28\" \/><\/p>\n<p>Kufel do piwa &#8220;KRZYSZTOF&#8221; o pojemno\u015bci 0,5 litra. Kufel jest ozdobiony metalowym odlewem z motywem Kaszubskim. Bardzo pi\u0119kna pami\u0105tka z niepowtarzalnym wzorem i detalami. Wszystko na szkle wykonane jest w taki spos\u00f3b by wzbudza\u0142o zachwyt.Kufel wykonany z wysokiej jako\u015bci szk\u0142a. Takie pami\u0105tki czy prezenty zawsze b\u0119d\u0105 trafione. Idealna pami\u0105tka z Kaszub.<\/p>\n<p><strong><em>Minimalna ilo\u015b\u0107 zam\u00f3wienia &#8211; 6 sztuk (1 opakowanie)<\/em><br \/>\n<\/strong><\/p>\n<p><strong><em>Towar sprzedawany na opakowania<\/em><\/strong><\/p>\n<h3><span style=\"color: #ff0000;\">PRZY DODAWANIU DO KOSZYKA, NALE\u017bY DODAWA\u0106 KROTNO\u015a\u0106\u00a0 LICZBY 6 &#8211; (1 opak)\u00a0 np: 6 ; 12 ; 18 itd<\/span><\/h3>\n<h3><strong>CENA ZA SZTUK\u0118.<\/strong><\/h3>\n","protected":false},"featured_media":7890,"comment_status":"open","ping_status":"closed","template":"","meta":[],"_links":{"self":[{"href":"https:\/\/violmax.pl\/index.php\/wp-json\/wp\/v2\/product\/7924"}],"collection":[{"href":"https:\/\/violmax.pl\/index.php\/wp-json\/wp\/v2\/product"}],"about":[{"href":"https:\/\/violmax.pl\/index.php\/wp-json\/wp\/v2\/types\/product"}],"replies":[{"embeddable":true,"href":"https:\/\/violmax.pl\/index.php\/wp-json\/wp\/v2\/comments?post=7924"}],"wp:featuredmedia":[{"embeddable":true,"href":"https:\/\/violmax.pl\/index.php\/wp-json\/wp\/v2\/media\/7890"}],"wp:attachment":[{"href":"https:\/\/violmax.pl\/index.php\/wp-json\/wp\/v2\/media?parent=7924"}],"curies":[{"name":"wp","href":"https:\/\/api.w.org\/{rel}","templated":true}]}}