{"id":7613,"date":"2021-04-15T22:11:45","date_gmt":"2021-04-15T20:11:45","guid":{"rendered":"http:\/\/violmax.pl\/?post_type=product&#038;p=7613"},"modified":"2025-12-02T13:19:56","modified_gmt":"2025-12-02T12:19:56","slug":"pobierowo-szklanka-do-napoi-splendour-400-ml-kobiety-szron","status":"publish","type":"product","link":"https:\/\/violmax.pl\/index.php\/produkt\/pobierowo-szklanka-do-napoi-splendour-400-ml-kobiety-szron\/","title":{"rendered":"POBIEROWO, SZKLANKA DO NAPOJ\u00d3W &#8220;SPLENDOUR&#8221; 400 ML, KOBIETY SZRON"},"content":{"rendered":"<p><img loading=\"lazy\" class=\"alignnone size-medium wp-image-7601\" src=\"http:\/\/violmax.pl\/wp-content\/uploads\/2021\/04\/Pobierowo_szklanka_do_napoi_szlendour_400_ml_kobiety_szron-300x240.png\" alt=\"\" width=\"300\" height=\"240\" srcset=\"https:\/\/violmax.pl\/wp-content\/uploads\/2021\/04\/Pobierowo_szklanka_do_napoi_szlendour_400_ml_kobiety_szron-300x240.png 300w, https:\/\/violmax.pl\/wp-content\/uploads\/2021\/04\/Pobierowo_szklanka_do_napoi_szlendour_400_ml_kobiety_szron-768x614.png 768w, https:\/\/violmax.pl\/wp-content\/uploads\/2021\/04\/Pobierowo_szklanka_do_napoi_szlendour_400_ml_kobiety_szron-320x256.png 320w, https:\/\/violmax.pl\/wp-content\/uploads\/2021\/04\/Pobierowo_szklanka_do_napoi_szlendour_400_ml_kobiety_szron-680x544.png 680w, https:\/\/violmax.pl\/wp-content\/uploads\/2021\/04\/Pobierowo_szklanka_do_napoi_szlendour_400_ml_kobiety_szron.png 900w\" sizes=\"(max-width: 300px) 100vw, 300px\" \/><\/p>\n<p>Szklanka do napoj\u00f3w &#8220;SPLENDOUR&#8221; o pojemno\u015bci 400 ml. Ca\u0142a szklanka jest precyzyjnie wypiaskowana. Widnieje na niej wypiaskowany motyw kobiet siedz\u0105cych na palach oraz z ty\u0142u szklanki napis \u201dPobierowo\u201d. Bardzo wygodnie utrzymuje si\u0119 w d\u0142oni dzi\u0119ki piaskowaniu do po\u0142owy. Idealna pami\u0105tka z nad morza. Nadaje si\u0119 do mycia w zmywarce.<\/p>\n","protected":false},"excerpt":{"rendered":"<div class=\"woocommerce-product-details__short-description\">\n<p><img loading=\"lazy\" class=\"alignnone size-medium wp-image-3660\" src=\"http:\/\/violmax.pl\/wp-content\/uploads\/2020\/05\/VIOLMAX_POLSKA-2-300x28.jpg\" alt=\"\" width=\"300\" height=\"28\" \/><\/p>\n<p>&nbsp;<\/p>\n<p>Szklanka do napoj\u00f3w &#8220;SPLENDOUR&#8221; o pojemno\u015bci 400 ml. Ca\u0142a szklanka jest precyzyjnie wypiaskowana. Widnieje na niej wypiaskowany motyw kobiet siedz\u0105cych na palach oraz z ty\u0142u szklanki napis \u201dPobierowo\u201d. Bardzo wygodnie utrzymuje si\u0119 w d\u0142oni dzi\u0119ki piaskowaniu do po\u0142owy. Idealna pami\u0105tka z nad morza. Nadaje si\u0119 do mycia w zmywarce.<\/p>\n<p><strong><em>Minimalna ilo\u015b\u0107 zam\u00f3wienia \u2013 6 sztuk (1 opakowanie)<\/em><br \/>\n<\/strong><\/p>\n<p><strong><em>Towar sprzedawany na opakowania<\/em><\/strong><\/p>\n<h3><span style=\"color: #ff0000;\">PRZY DODAWANIU DO KOSZYKA, NALE\u017bY DODAWA\u0106 KROTNO\u015a\u0106\u00a0 LICZBY 6 &#8211; (1 opak)\u00a0 np: 6 ; 12 ; 18 itd<\/span><\/h3>\n<h3><strong>CENA ZA SZTUK\u0118.<\/strong><\/h3>\n<\/div>\n","protected":false},"featured_media":7601,"comment_status":"open","ping_status":"closed","template":"","meta":[],"_links":{"self":[{"href":"https:\/\/violmax.pl\/index.php\/wp-json\/wp\/v2\/product\/7613"}],"collection":[{"href":"https:\/\/violmax.pl\/index.php\/wp-json\/wp\/v2\/product"}],"about":[{"href":"https:\/\/violmax.pl\/index.php\/wp-json\/wp\/v2\/types\/product"}],"replies":[{"embeddable":true,"href":"https:\/\/violmax.pl\/index.php\/wp-json\/wp\/v2\/comments?post=7613"}],"wp:featuredmedia":[{"embeddable":true,"href":"https:\/\/violmax.pl\/index.php\/wp-json\/wp\/v2\/media\/7601"}],"wp:attachment":[{"href":"https:\/\/violmax.pl\/index.php\/wp-json\/wp\/v2\/media?parent=7613"}],"curies":[{"name":"wp","href":"https:\/\/api.w.org\/{rel}","templated":true}]}}