{"id":7334,"date":"2021-03-11T20:35:13","date_gmt":"2021-03-11T19:35:13","guid":{"rendered":"http:\/\/violmax.pl\/?post_type=product&#038;p=7334"},"modified":"2025-12-02T13:20:11","modified_gmt":"2025-12-02T12:20:11","slug":"bieszczady-kufel-do-piwa-szef-500-ml-odlew-kolor-zubr","status":"publish","type":"product","link":"https:\/\/violmax.pl\/index.php\/produkt\/bieszczady-kufel-do-piwa-szef-500-ml-odlew-kolor-zubr\/","title":{"rendered":"BIESZCZADY, KUFEL DO PIWA &#8220;SZEF&#8221; 0,5 LITRA, ODLEW KOLOR \u017bUBR"},"content":{"rendered":"<p><img loading=\"lazy\" class=\"alignnone size-medium wp-image-7329\" src=\"http:\/\/violmax.pl\/wp-content\/uploads\/2021\/03\/Bieszczady_kufel_do_piwa_szef_500_ml_odlew_kolor_zubr-300x240.png\" alt=\"\" width=\"300\" height=\"240\" srcset=\"https:\/\/violmax.pl\/wp-content\/uploads\/2021\/03\/Bieszczady_kufel_do_piwa_szef_500_ml_odlew_kolor_zubr-300x240.png 300w, https:\/\/violmax.pl\/wp-content\/uploads\/2021\/03\/Bieszczady_kufel_do_piwa_szef_500_ml_odlew_kolor_zubr-768x614.png 768w, https:\/\/violmax.pl\/wp-content\/uploads\/2021\/03\/Bieszczady_kufel_do_piwa_szef_500_ml_odlew_kolor_zubr-320x256.png 320w, https:\/\/violmax.pl\/wp-content\/uploads\/2021\/03\/Bieszczady_kufel_do_piwa_szef_500_ml_odlew_kolor_zubr-680x544.png 680w, https:\/\/violmax.pl\/wp-content\/uploads\/2021\/03\/Bieszczady_kufel_do_piwa_szef_500_ml_odlew_kolor_zubr.png 900w\" sizes=\"(max-width: 300px) 100vw, 300px\" \/><\/p>\n<p>Kufel do piwa \u201dSzef\u201d o litra\u017cu 0,5 litra. Na kuflu s\u0105 wy\u017c\u0142obione ozdobne\u00a0 ranty na jego dolnej cz\u0119\u015bci kufla. Na \u015brodku kufla widzimy metalowy odlew w kolorze \u2013 \u017cubra. Odlew jest bardzo okaza\u0142y i robi wra\u017cenie. Klasyczny, wygodny kufel, kt\u00f3ry sprawdzi si\u0119 u ka\u017cdego. Idealna pami\u0105tka z Bieszczad.<\/p>\n<p>&nbsp;<\/p>\n","protected":false},"excerpt":{"rendered":"<div class=\"woocommerce-product-details__short-description\">\n<div class=\"woocommerce-product-details__short-description\">\n<p><img loading=\"lazy\" class=\"alignnone size-medium wp-image-3492\" src=\"http:\/\/violmax.pl\/wp-content\/uploads\/2020\/05\/VIOLMAX_POLSKA-300x28.jpg\" alt=\"\" width=\"300\" height=\"28\" \/><\/p>\n<p>&nbsp;<\/p>\n<p>Kufel do piwa \u201dSzef\u201d o litra\u017cu 0,5 litra. Na kuflu s\u0105 wy\u017c\u0142obione ozdobne\u00a0 ranty na jego dolnej cz\u0119\u015bci kufla. Na \u015brodku kufla widzimy metalowy odlew w kolorze \u2013 \u017cubra. Odlew jest bardzo okaza\u0142y i robi wra\u017cenie. Klasyczny, wygodny kufel, kt\u00f3ry sprawdzi si\u0119 u ka\u017cdego. Idealna pami\u0105tka z Bieszczad.<\/p>\n<p><strong><em>Minimalna ilo\u015b\u0107 zam\u00f3wienia \u2013 6 sztuk (1 opakowanie)<\/em><br \/>\n<\/strong><\/p>\n<p><strong><em>Towar sprzedawany na opakowania<\/em><\/strong><\/p>\n<h3><span style=\"color: #ff0000;\">PRZY DODAWANIU DO KOSZYKA, NALE\u017bY DODAWA\u0106 KROTNO\u015a\u0106\u00a0 LICZBY 6 &#8211; (1 opak)\u00a0 np: 6 ; 12 ; 18 itd<\/span><\/h3>\n<h3><strong>CENA ZA SZTUK\u0118.<\/strong><\/h3>\n<\/div>\n<\/div>\n","protected":false},"featured_media":7329,"comment_status":"open","ping_status":"closed","template":"","meta":[],"_links":{"self":[{"href":"https:\/\/violmax.pl\/index.php\/wp-json\/wp\/v2\/product\/7334"}],"collection":[{"href":"https:\/\/violmax.pl\/index.php\/wp-json\/wp\/v2\/product"}],"about":[{"href":"https:\/\/violmax.pl\/index.php\/wp-json\/wp\/v2\/types\/product"}],"replies":[{"embeddable":true,"href":"https:\/\/violmax.pl\/index.php\/wp-json\/wp\/v2\/comments?post=7334"}],"wp:featuredmedia":[{"embeddable":true,"href":"https:\/\/violmax.pl\/index.php\/wp-json\/wp\/v2\/media\/7329"}],"wp:attachment":[{"href":"https:\/\/violmax.pl\/index.php\/wp-json\/wp\/v2\/media?parent=7334"}],"curies":[{"name":"wp","href":"https:\/\/api.w.org\/{rel}","templated":true}]}}