{"id":7290,"date":"2021-03-07T10:21:24","date_gmt":"2021-03-07T09:21:24","guid":{"rendered":"http:\/\/violmax.pl\/?post_type=product&#038;p=7290"},"modified":"2025-12-02T13:20:12","modified_gmt":"2025-12-02T12:20:12","slug":"wisla-kieliszek-do-wodki-stopka-50-ml-glowa-gorala-szron","status":"publish","type":"product","link":"https:\/\/violmax.pl\/index.php\/produkt\/wisla-kieliszek-do-wodki-stopka-50-ml-glowa-gorala-szron\/","title":{"rendered":"WIS\u0141A, KIELISZEK DO W\u00d3DKI &#8220;STOPKA 50&#8221; ml, G\u0141OWA G\u00d3RALA SZRON"},"content":{"rendered":"<p><img loading=\"lazy\" class=\"alignnone size-medium wp-image-7289\" src=\"http:\/\/violmax.pl\/wp-content\/uploads\/2021\/03\/Wisla_kieliszek_do_wodki_stopka_50_ml_glowa_gorala_szron-300x200.png\" alt=\"\" width=\"300\" height=\"200\" srcset=\"https:\/\/violmax.pl\/wp-content\/uploads\/2021\/03\/Wisla_kieliszek_do_wodki_stopka_50_ml_glowa_gorala_szron-300x200.png 300w, https:\/\/violmax.pl\/wp-content\/uploads\/2021\/03\/Wisla_kieliszek_do_wodki_stopka_50_ml_glowa_gorala_szron-768x512.png 768w, https:\/\/violmax.pl\/wp-content\/uploads\/2021\/03\/Wisla_kieliszek_do_wodki_stopka_50_ml_glowa_gorala_szron-680x453.png 680w, https:\/\/violmax.pl\/wp-content\/uploads\/2021\/03\/Wisla_kieliszek_do_wodki_stopka_50_ml_glowa_gorala_szron.png 900w\" sizes=\"(max-width: 300px) 100vw, 300px\" \/><\/p>\n<p>&nbsp;<\/p>\n<p>Kieliszek do w\u00f3dki na stopce o pojemno\u015bci 50 ml. Kieliszek jest pi\u0119knie oszroniony do po\u0142owy, na samym \u015brodku ozdobiona jest g\u0142ow\u0105 g\u00f3rala. Takie pami\u0105tki zawsze robi\u0105 wra\u017cenie. Po\u0142\u0105czenie praktycznej rzeczy z oryginaln\u0105 pami\u0105tk\u0105 i ozdob\u0105 np w kuchennej szafce czy eleganckim barku, w salonie. Idealna pami\u0105tka z g\u00f3r. Nadaje si\u0119 do mycia w zmywarkach.<\/p>\n","protected":false},"excerpt":{"rendered":"<div class=\"woocommerce-product-details__short-description\">\n<p><img loading=\"lazy\" class=\"alignnone size-full wp-image-5364\" src=\"http:\/\/violmax.pl\/wp-content\/uploads\/2020\/10\/VIOLMAX_POLSKA-3.jpg\" alt=\"\" width=\"300\" height=\"28\" \/><\/p>\n<p>&nbsp;<\/p>\n<p>Kieliszek do w\u00f3dki na stopce o pojemno\u015bci 50 ml. Kieliszek jest pi\u0119knie oszroniony do po\u0142owy, na samym \u015brodku ozdobiona jest g\u0142ow\u0105 g\u00f3rala. Takie pami\u0105tki zawsze robi\u0105 wra\u017cenie. Po\u0142\u0105czenie praktycznej rzeczy z oryginaln\u0105 pami\u0105tk\u0105 i ozdob\u0105 np w kuchennej szafce czy eleganckim barku, w salonie. Idealna pami\u0105tka z g\u00f3r. Nadaje si\u0119 do mycia w zmywarkach.<\/p>\n<p><strong><em>Minimalna ilo\u015b\u0107 zam\u00f3wienia \u2013 6 sztuk (1 opakowanie)<\/em><br \/>\n<\/strong><\/p>\n<p><strong><em>Towar sprzedawany na opakowania<\/em><\/strong><\/p>\n<h3><span style=\"color: #ff0000;\">PRZY DODAWANIU DO KOSZYKA, NALE\u017bY DODAWA\u0106 KROTNO\u015a\u0106\u00a0 LICZBY 6 &#8211; (1 opak)\u00a0 np: 6 ; 12 ; 18 itd<\/span><\/h3>\n<h3><strong>CENA ZA SZTUK\u0118.<\/strong><\/h3>\n<\/div>\n","protected":false},"featured_media":7289,"comment_status":"open","ping_status":"closed","template":"","meta":[],"_links":{"self":[{"href":"https:\/\/violmax.pl\/index.php\/wp-json\/wp\/v2\/product\/7290"}],"collection":[{"href":"https:\/\/violmax.pl\/index.php\/wp-json\/wp\/v2\/product"}],"about":[{"href":"https:\/\/violmax.pl\/index.php\/wp-json\/wp\/v2\/types\/product"}],"replies":[{"embeddable":true,"href":"https:\/\/violmax.pl\/index.php\/wp-json\/wp\/v2\/comments?post=7290"}],"wp:featuredmedia":[{"embeddable":true,"href":"https:\/\/violmax.pl\/index.php\/wp-json\/wp\/v2\/media\/7289"}],"wp:attachment":[{"href":"https:\/\/violmax.pl\/index.php\/wp-json\/wp\/v2\/media?parent=7290"}],"curies":[{"name":"wp","href":"https:\/\/api.w.org\/{rel}","templated":true}]}}