{"id":6241,"date":"2020-12-12T19:00:08","date_gmt":"2020-12-12T18:00:08","guid":{"rendered":"http:\/\/violmax.pl\/?post_type=product&#038;p=6241"},"modified":"2025-12-02T13:22:09","modified_gmt":"2025-12-02T12:22:09","slug":"mysliwski-kufel-do-piwa-bremen-670-ml-jelenie-mysliwy-szron","status":"publish","type":"product","link":"https:\/\/violmax.pl\/index.php\/produkt\/mysliwski-kufel-do-piwa-bremen-670-ml-jelenie-mysliwy-szron\/","title":{"rendered":"MY\u015aLISTWO, KUFEL DO PIWA &#8220;BREMEN&#8221; 0,67 LITRA, MY\u015aLIWY I JELENIE SZRON"},"content":{"rendered":"<p><img loading=\"lazy\" class=\"alignnone size-medium wp-image-10207\" src=\"http:\/\/violmax.pl\/wp-content\/uploads\/2023\/10\/Mysliwskie_kufel_do_piwa_bremen_670ml_jelenie_mysliwy_szron-300x250.png\" alt=\"\" width=\"300\" height=\"250\" srcset=\"https:\/\/violmax.pl\/wp-content\/uploads\/2023\/10\/Mysliwskie_kufel_do_piwa_bremen_670ml_jelenie_mysliwy_szron-300x250.png 300w, https:\/\/violmax.pl\/wp-content\/uploads\/2023\/10\/Mysliwskie_kufel_do_piwa_bremen_670ml_jelenie_mysliwy_szron-768x640.png 768w, https:\/\/violmax.pl\/wp-content\/uploads\/2023\/10\/Mysliwskie_kufel_do_piwa_bremen_670ml_jelenie_mysliwy_szron-680x567.png 680w, https:\/\/violmax.pl\/wp-content\/uploads\/2023\/10\/Mysliwskie_kufel_do_piwa_bremen_670ml_jelenie_mysliwy_szron.png 900w\" sizes=\"(max-width: 300px) 100vw, 300px\" \/><\/p>\n<p>&nbsp;<\/p>\n<p>&nbsp;<\/p>\n<p>Kufel do piwa &#8221;BREMEN&#8221; o litra\u017cu 670 ml. Ca\u0142y kufel jest precyzyjnie wypiaskowany. W tym modelu widzimy motyw my\u015bliwego oraz jelenia. Kufel jest wypiaskowany ca\u0142y &#8211; na oko\u0142o. Ca\u0142o\u015b\u0107 jest bardzo szczeg\u00f3\u0142owo wypiaskowana.Zadbali\u015bmy o najmniejsze detale. Znakomicie sprawdzi si\u0119 jako kufel do codziennego u\u017cytku lub jako \u015bwietny upominek dla pasjonat\u00f3w my\u015blistwa. Idealny na prezent dla lubuj\u0105cych si\u0119 w piwie lub os\u00f3b, kt\u00f3re ceni\u0105 sobie upominek ze smakiem. Ozdobi ka\u017cde wn\u0119trze i zachwyci go\u015bci. Nadaje si\u0119 do mycia w zmywarkach.<\/p>\n","protected":false},"excerpt":{"rendered":"<p><img loading=\"lazy\" class=\"alignnone size-full wp-image-5364\" src=\"http:\/\/violmax.pl\/wp-content\/uploads\/2020\/10\/VIOLMAX_POLSKA-3.jpg\" alt=\"\" width=\"300\" height=\"28\" \/><\/p>\n<p>&nbsp;<\/p>\n<p>Kufel do piwa &#8221;BREMEN&#8221; o litra\u017cu 670 ml. Ca\u0142y kufel jest precyzyjnie wypiaskowany. W tym modelu widzimy motyw my\u015bliwego oraz jelenia. Kufel jest wypiaskowany ca\u0142y &#8211; na oko\u0142o. Ca\u0142o\u015b\u0107 jest bardzo szczeg\u00f3\u0142owo wypiaskowana.Zadbali\u015bmy o najmniejsze detale. Znakomicie sprawdzi si\u0119 jako kufel do codziennego u\u017cytku lub jako \u015bwietny upominek dla pasjonat\u00f3w my\u015blistwa. Idealny na prezent dla lubuj\u0105cych si\u0119 w piwie lub os\u00f3b, kt\u00f3re ceni\u0105 sobie upominek ze smakiem. Ozdobi ka\u017cde wn\u0119trze i zachwyci go\u015bci. Nadaje si\u0119 do mycia w zmywarkach.<\/p>\n<p><em><strong>Minimalna ilo\u015b\u0107 zam\u00f3wienia &#8211; 6 sztuk (1 opakowanie)<br \/>\n<\/strong><\/em><\/p>\n<p><strong><em>Towar sprzedawany na opakowania<\/em><\/strong><\/p>\n<h3><span style=\"color: #ff0000;\">PRZY DODAWANIU DO KOSZYKA, NALE\u017bY DODAWA\u0106 KROTNO\u015a\u0106\u00a0 LICZBY 6 &#8211; (1 opak)\u00a0 np: 6 ; 12 ; 18 itd<\/span><\/h3>\n<h3><strong>CENA ZA SZTUK\u0118.<\/strong><\/h3>\n<h2><strong>\u00a0<\/strong><\/h2>\n","protected":false},"featured_media":10207,"comment_status":"open","ping_status":"closed","template":"","meta":[],"_links":{"self":[{"href":"https:\/\/violmax.pl\/index.php\/wp-json\/wp\/v2\/product\/6241"}],"collection":[{"href":"https:\/\/violmax.pl\/index.php\/wp-json\/wp\/v2\/product"}],"about":[{"href":"https:\/\/violmax.pl\/index.php\/wp-json\/wp\/v2\/types\/product"}],"replies":[{"embeddable":true,"href":"https:\/\/violmax.pl\/index.php\/wp-json\/wp\/v2\/comments?post=6241"}],"wp:featuredmedia":[{"embeddable":true,"href":"https:\/\/violmax.pl\/index.php\/wp-json\/wp\/v2\/media\/10207"}],"wp:attachment":[{"href":"https:\/\/violmax.pl\/index.php\/wp-json\/wp\/v2\/media?parent=6241"}],"curies":[{"name":"wp","href":"https:\/\/api.w.org\/{rel}","templated":true}]}}