{"id":5996,"date":"2020-11-30T18:25:22","date_gmt":"2020-11-30T17:25:22","guid":{"rendered":"http:\/\/violmax.pl\/?post_type=product&#038;p=5996"},"modified":"2025-12-02T13:22:20","modified_gmt":"2025-12-02T12:22:20","slug":"zakopane-kufel-do-piwa-isar-1000-ml-parzenica-kolor","status":"publish","type":"product","link":"https:\/\/violmax.pl\/index.php\/produkt\/zakopane-kufel-do-piwa-isar-1000-ml-parzenica-kolor\/","title":{"rendered":"ZAKOPANE, KUFEL DO PIWA &#8220;ISAR&#8221; 1000 ML, PARZENICA KOLOR"},"content":{"rendered":"<p><img loading=\"lazy\" class=\"alignnone size-medium wp-image-5995\" src=\"http:\/\/violmax.pl\/wp-content\/uploads\/2020\/11\/zakopane_kufel_do_piwa_isar_1000_ml_parzenica_kolor-300x300.png\" alt=\"\" width=\"300\" height=\"300\" srcset=\"https:\/\/violmax.pl\/wp-content\/uploads\/2020\/11\/zakopane_kufel_do_piwa_isar_1000_ml_parzenica_kolor-300x300.png 300w, https:\/\/violmax.pl\/wp-content\/uploads\/2020\/11\/zakopane_kufel_do_piwa_isar_1000_ml_parzenica_kolor-150x150.png 150w, https:\/\/violmax.pl\/wp-content\/uploads\/2020\/11\/zakopane_kufel_do_piwa_isar_1000_ml_parzenica_kolor-768x768.png 768w, https:\/\/violmax.pl\/wp-content\/uploads\/2020\/11\/zakopane_kufel_do_piwa_isar_1000_ml_parzenica_kolor-680x680.png 680w, https:\/\/violmax.pl\/wp-content\/uploads\/2020\/11\/zakopane_kufel_do_piwa_isar_1000_ml_parzenica_kolor-100x100.png 100w, https:\/\/violmax.pl\/wp-content\/uploads\/2020\/11\/zakopane_kufel_do_piwa_isar_1000_ml_parzenica_kolor.png 900w\" sizes=\"(max-width: 300px) 100vw, 300px\" \/><\/p>\n<p>&nbsp;<\/p>\n<p>Kufel do piwa &#8220;ISAR&#8221; o litra\u017cu 1000 ml . Ozdobiony jest metalowym motywem parzenicy w kolorze. Produkt szklany, z wysokiej jako\u015bci szk\u0142a z motywem metalowym. Znakomicie sprawdzi si\u0119 jako kufel do codziennego u\u017cytku lub jako \u015bwietna pami\u0105tka z g\u00f3r. Idealny na prezent dla lubuj\u0105cych si\u0119 w piwie lub os\u00f3b, kt\u00f3re ceni\u0105 sobie pami\u0105tki ze smakiem. Ozdobi ka\u017cde wn\u0119trze i zachwyci go\u015bci. Idealna pami\u0105tka z g\u00f3r.<\/p>\n","protected":false},"excerpt":{"rendered":"<p><img loading=\"lazy\" class=\"alignnone size-medium wp-image-3782\" src=\"http:\/\/violmax.pl\/wp-content\/uploads\/2020\/05\/VIOLMAX_POLSKA-6-300x28.jpg\" alt=\"\" width=\"300\" height=\"28\" \/><\/p>\n<p>&nbsp;<\/p>\n<p>Kufel do piwa &#8220;ISAR&#8221; o litra\u017cu 1000 ml . Ozdobiony jest metalowym motywem parzenicy w kolorze. Produkt szklany, z wysokiej jako\u015bci szk\u0142a z motywem metalowym. Znakomicie sprawdzi si\u0119 jako kufel do codziennego u\u017cytku lub jako \u015bwietna pami\u0105tka z g\u00f3r. Idealny na prezent dla lubuj\u0105cych si\u0119 w piwie lub os\u00f3b, kt\u00f3re ceni\u0105 sobie pami\u0105tki ze smakiem. Ozdobi ka\u017cde wn\u0119trze i zachwyci go\u015bci. Idealna pami\u0105tka z g\u00f3r.<\/p>\n<h4><strong><em>Minimalna ilo\u015b\u0107 zam\u00f3wienia &#8211; 6 sztuk (1 opakowanie)<\/em><br \/>\n<\/strong><\/h4>\n<p><strong><em>Towar sprzedawany na opakowania<\/em><\/strong><\/p>\n<h3><span style=\"color: #ff0000;\">PRZY DODAWANIU DO KOSZYKA, NALE\u017bY DODAWA\u0106 KROTNO\u015a\u0106\u00a0 LICZBY 6 &#8211; (1 opak)\u00a0 np: 6 ; 12 ; 18 itd<\/span><\/h3>\n<h3><strong>CENA ZA SZTUK\u0118.<\/strong><\/h3>\n<h2><strong>\u00a0<\/strong><\/h2>\n","protected":false},"featured_media":5995,"comment_status":"open","ping_status":"closed","template":"","meta":[],"_links":{"self":[{"href":"https:\/\/violmax.pl\/index.php\/wp-json\/wp\/v2\/product\/5996"}],"collection":[{"href":"https:\/\/violmax.pl\/index.php\/wp-json\/wp\/v2\/product"}],"about":[{"href":"https:\/\/violmax.pl\/index.php\/wp-json\/wp\/v2\/types\/product"}],"replies":[{"embeddable":true,"href":"https:\/\/violmax.pl\/index.php\/wp-json\/wp\/v2\/comments?post=5996"}],"wp:featuredmedia":[{"embeddable":true,"href":"https:\/\/violmax.pl\/index.php\/wp-json\/wp\/v2\/media\/5995"}],"wp:attachment":[{"href":"https:\/\/violmax.pl\/index.php\/wp-json\/wp\/v2\/media?parent=5996"}],"curies":[{"name":"wp","href":"https:\/\/api.w.org\/{rel}","templated":true}]}}