{"id":5548,"date":"2020-11-16T19:15:31","date_gmt":"2020-11-16T18:15:31","guid":{"rendered":"http:\/\/violmax.pl\/?post_type=product&#038;p=5548"},"modified":"2025-12-02T13:23:07","modified_gmt":"2025-12-02T12:23:07","slug":"polska-szklanka-do-piwa-05-litra-szron-orzel-szarfa","status":"publish","type":"product","link":"https:\/\/violmax.pl\/index.php\/produkt\/polska-szklanka-do-piwa-05-litra-szron-orzel-szarfa\/","title":{"rendered":"POLSKA, SZKLANKA DO PIWA &#8220;KROSNO&#8221; 0,5 LITRA, ORZE\u0141 SZARFA + SZRON"},"content":{"rendered":"<p>&nbsp;<\/p>\n<p><img loading=\"lazy\" class=\"alignnone size-medium wp-image-5539\" src=\"http:\/\/violmax.pl\/wp-content\/uploads\/2020\/11\/Polska_szklanka_do_piwa_500_ml_szron_orzel_szarfa-240x300.png\" alt=\"\" width=\"240\" height=\"300\" srcset=\"https:\/\/violmax.pl\/wp-content\/uploads\/2020\/11\/Polska_szklanka_do_piwa_500_ml_szron_orzel_szarfa-240x300.png 240w, https:\/\/violmax.pl\/wp-content\/uploads\/2020\/11\/Polska_szklanka_do_piwa_500_ml_szron_orzel_szarfa-680x850.png 680w, https:\/\/violmax.pl\/wp-content\/uploads\/2020\/11\/Polska_szklanka_do_piwa_500_ml_szron_orzel_szarfa.png 720w\" sizes=\"(max-width: 240px) 100vw, 240px\" \/><\/p>\n<p>&nbsp;<\/p>\n<p>Szklanka do piwa o litra\u017cu 0,5 l. Elegancka pami\u0105tka , szklanka jest wypiaskowana do po\u0142owy wysoko\u015bci, co sprawia \u017ce wygl\u0105da jak zmro\u017cona.Ozdobiona jest motywem polskiego or\u0142a z metalu , oraz napisem Polska. Wygodna szklanka, dobrze trzyma si\u0119 w d\u0142oni. Idealna pami\u0105tka z Polski, upominek dla ka\u017cdego.<\/p>\n","protected":false},"excerpt":{"rendered":"<p><img loading=\"lazy\" class=\"alignnone size-medium wp-image-3492\" src=\"http:\/\/violmax.pl\/wp-content\/uploads\/2020\/05\/VIOLMAX_POLSKA-300x28.jpg\" alt=\"\" width=\"300\" height=\"28\" \/><\/p>\n<p>&nbsp;<\/p>\n<p>Szklanka do piwa o litra\u017cu 0,5 l. Elegancka pami\u0105tka , szklanka jest wypiaskowana do po\u0142owy wysoko\u015bci, co sprawia \u017ce wygl\u0105da jak zmro\u017cona.Ozdobiona jest motywem polskiego or\u0142a z metalu , oraz napisem Polska. Wygodna szklanka, dobrze trzyma si\u0119 w d\u0142oni. Idealna pami\u0105tka z Polski, upominek dla ka\u017cdego<\/p>\n<p><strong><em>Minimalna ilo\u015b\u0107 zam\u00f3wienia &#8211; 6 sztuk (1 opakowanie)<\/em><br \/>\n<\/strong><\/p>\n<p><strong><em>Towar sprzedawany na opakowania<\/em><\/strong><\/p>\n<h3><span style=\"color: #ff0000;\">PRZY DODAWANIU DO KOSZYKA, NALE\u017bY DODAWA\u0106 KROTNO\u015a\u0106\u00a0 LICZBY 6 &#8211; (1 opak)\u00a0 np: 6 ; 12 ; 18 itd<\/span><\/h3>\n<h3><strong>CENA ZA SZTUK\u0118.<\/strong><\/h3>\n<h2><strong>\u00a0<\/strong><\/h2>\n","protected":false},"featured_media":5539,"comment_status":"open","ping_status":"closed","template":"","meta":[],"_links":{"self":[{"href":"https:\/\/violmax.pl\/index.php\/wp-json\/wp\/v2\/product\/5548"}],"collection":[{"href":"https:\/\/violmax.pl\/index.php\/wp-json\/wp\/v2\/product"}],"about":[{"href":"https:\/\/violmax.pl\/index.php\/wp-json\/wp\/v2\/types\/product"}],"replies":[{"embeddable":true,"href":"https:\/\/violmax.pl\/index.php\/wp-json\/wp\/v2\/comments?post=5548"}],"wp:featuredmedia":[{"embeddable":true,"href":"https:\/\/violmax.pl\/index.php\/wp-json\/wp\/v2\/media\/5539"}],"wp:attachment":[{"href":"https:\/\/violmax.pl\/index.php\/wp-json\/wp\/v2\/media?parent=5548"}],"curies":[{"name":"wp","href":"https:\/\/api.w.org\/{rel}","templated":true}]}}