{"id":5342,"date":"2020-10-29T19:45:11","date_gmt":"2020-10-29T18:45:11","guid":{"rendered":"http:\/\/violmax.pl\/?post_type=product&#038;p=5342"},"modified":"2025-12-02T13:23:40","modified_gmt":"2025-12-02T12:23:40","slug":"pobierowo-kufel-do-piwa-marek-500-ml-szron-dragon-kolor","status":"publish","type":"product","link":"https:\/\/violmax.pl\/index.php\/produkt\/pobierowo-kufel-do-piwa-marek-500-ml-szron-dragon-kolor\/","title":{"rendered":"POBIEROWO, KUFEL DO PIWA &#8220;MAREK&#8221; 500 ML, SZRON + DRAGON KOLOR"},"content":{"rendered":"<p><img loading=\"lazy\" class=\"alignnone size-medium wp-image-6727\" src=\"http:\/\/violmax.pl\/wp-content\/uploads\/2021\/01\/Pobierowo_kufel_do_piwa_marek_500_ml_szron_Dragon_kolor-240x300.png\" alt=\"\" width=\"240\" height=\"300\" srcset=\"https:\/\/violmax.pl\/wp-content\/uploads\/2021\/01\/Pobierowo_kufel_do_piwa_marek_500_ml_szron_Dragon_kolor-240x300.png 240w, https:\/\/violmax.pl\/wp-content\/uploads\/2021\/01\/Pobierowo_kufel_do_piwa_marek_500_ml_szron_Dragon_kolor-680x850.png 680w, https:\/\/violmax.pl\/wp-content\/uploads\/2021\/01\/Pobierowo_kufel_do_piwa_marek_500_ml_szron_Dragon_kolor.png 720w\" sizes=\"(max-width: 240px) 100vw, 240px\" \/><\/p>\n<p>&nbsp;<\/p>\n<p>Kufel do piwa &#8220;Marek&#8221; o pojemno\u015bci 0,5 litra. Kufel jest wypiaskowany do po\u0142owy i naklejony jest metalowy odlew z motywem \u017caglowca Dragon oraz szarfa z napisem miejscowo\u015bci Pobierowo. Wypiaskowanie sprawia, \u017ce kufel wydaje si\u0119 \u017ce jest zmro\u017cony. Bardzo pi\u0119kna pami\u0105tka z niepowtarzalnym wzorem i detalami. Wszystko na szkle wykonane jest w taki spos\u00f3b by wzbudza\u0142o zachwyt. Takie pami\u0105tki czy prezenty zawsze b\u0119d\u0105 trafione. Idealna pami\u0105tka z Pobierowa.<\/p>\n","protected":false},"excerpt":{"rendered":"<p><img loading=\"lazy\" class=\"alignnone size-medium wp-image-3492\" src=\"http:\/\/violmax.pl\/wp-content\/uploads\/2020\/05\/VIOLMAX_POLSKA-300x28.jpg\" alt=\"\" width=\"300\" height=\"28\" \/><\/p>\n<p>&nbsp;<\/p>\n<p>Kufel do piwa &#8220;Marek&#8221; o pojemno\u015bci 0,5 litra. Kufel jest wypiaskowany do po\u0142owy i naklejony jest metalowy odlew z motywem \u017caglowca Dragon oraz szarfa z napisem miejscowo\u015bci Pobierowo. Wypiaskowanie sprawia, \u017ce kufel wydaje si\u0119 \u017ce jest zmro\u017cony. Bardzo pi\u0119kna pami\u0105tka z niepowtarzalnym wzorem i detalami. Wszystko na szkle wykonane jest w taki spos\u00f3b by wzbudza\u0142o zachwyt. Takie pami\u0105tki czy prezenty zawsze b\u0119d\u0105 trafione. Idealna pami\u0105tka z Pobierowa.<\/p>\n<p><strong><em>Minimalna ilo\u015b\u0107 zam\u00f3wienia &#8211; 6 sztuk (1 opakowanie)<\/em><br \/>\n<\/strong><\/p>\n<p><strong><em>Towar sprzedawany na opakowania<\/em><\/strong><\/p>\n<h3><span style=\"color: #ff0000;\">PRZY DODAWANIU DO KOSZYKA, NALE\u017bY DODAWA\u0106 KROTNO\u015a\u0106\u00a0 LICZBY 6 &#8211; (1 opak)\u00a0 np: 6 ; 12 ; 18 itd<\/span><\/h3>\n<h3><strong>CENA ZA SZTUK\u0118.<\/strong><\/h3>\n<h2><strong>\u00a0<\/strong><\/h2>\n","protected":false},"featured_media":6727,"comment_status":"open","ping_status":"closed","template":"","meta":[],"_links":{"self":[{"href":"https:\/\/violmax.pl\/index.php\/wp-json\/wp\/v2\/product\/5342"}],"collection":[{"href":"https:\/\/violmax.pl\/index.php\/wp-json\/wp\/v2\/product"}],"about":[{"href":"https:\/\/violmax.pl\/index.php\/wp-json\/wp\/v2\/types\/product"}],"replies":[{"embeddable":true,"href":"https:\/\/violmax.pl\/index.php\/wp-json\/wp\/v2\/comments?post=5342"}],"wp:featuredmedia":[{"embeddable":true,"href":"https:\/\/violmax.pl\/index.php\/wp-json\/wp\/v2\/media\/6727"}],"wp:attachment":[{"href":"https:\/\/violmax.pl\/index.php\/wp-json\/wp\/v2\/media?parent=5342"}],"curies":[{"name":"wp","href":"https:\/\/api.w.org\/{rel}","templated":true}]}}