{"id":461,"date":"2019-08-30T13:01:05","date_gmt":"2019-08-30T11:01:05","guid":{"rendered":"http:\/\/violmax.wroclaw.pl\/?post_type=product&#038;p=461"},"modified":"2025-12-02T13:30:34","modified_gmt":"2025-12-02T12:30:34","slug":"krakow-kieliszek-do-wina-490-ml-krosno-szron","status":"publish","type":"product","link":"https:\/\/violmax.pl\/index.php\/produkt\/krakow-kieliszek-do-wina-490-ml-krosno-szron\/","title":{"rendered":"KRAK\u00d3W, KIELISZEK DO WINA CZERWONEGO &#8220;OBSESSION 490&#8221; ML KROSNO, DORO\u017bKA KRAKOWSKA I ZAMEK KR\u00d3LEWSKI NA WAWELU SZRON"},"content":{"rendered":"<p>&nbsp;<\/p>\n<p><img loading=\"lazy\" class=\"alignnone size-medium wp-image-4667\" src=\"http:\/\/violmax.pl\/wp-content\/uploads\/2020\/06\/KRAKOW_KIELISZEK_DO_WINA_CZEROWNEGO_OBSESSION_490_ML_WAWEL_DOROZKA_SZRON_A-300x300.jpg\" alt=\"\" width=\"300\" height=\"300\" srcset=\"https:\/\/violmax.pl\/wp-content\/uploads\/2020\/06\/KRAKOW_KIELISZEK_DO_WINA_CZEROWNEGO_OBSESSION_490_ML_WAWEL_DOROZKA_SZRON_A-300x300.jpg 300w, https:\/\/violmax.pl\/wp-content\/uploads\/2020\/06\/KRAKOW_KIELISZEK_DO_WINA_CZEROWNEGO_OBSESSION_490_ML_WAWEL_DOROZKA_SZRON_A-150x150.jpg 150w, https:\/\/violmax.pl\/wp-content\/uploads\/2020\/06\/KRAKOW_KIELISZEK_DO_WINA_CZEROWNEGO_OBSESSION_490_ML_WAWEL_DOROZKA_SZRON_A-768x768.jpg 768w, https:\/\/violmax.pl\/wp-content\/uploads\/2020\/06\/KRAKOW_KIELISZEK_DO_WINA_CZEROWNEGO_OBSESSION_490_ML_WAWEL_DOROZKA_SZRON_A-680x680.jpg 680w, https:\/\/violmax.pl\/wp-content\/uploads\/2020\/06\/KRAKOW_KIELISZEK_DO_WINA_CZEROWNEGO_OBSESSION_490_ML_WAWEL_DOROZKA_SZRON_A-100x100.jpg 100w, https:\/\/violmax.pl\/wp-content\/uploads\/2020\/06\/KRAKOW_KIELISZEK_DO_WINA_CZEROWNEGO_OBSESSION_490_ML_WAWEL_DOROZKA_SZRON_A.jpg 900w\" sizes=\"(max-width: 300px) 100vw, 300px\" \/><img loading=\"lazy\" class=\"alignnone size-medium wp-image-4668\" src=\"http:\/\/violmax.pl\/wp-content\/uploads\/2020\/06\/KRAKOW_KIELISZEK_DO_WINA_CZEROWNEGO_OBSESSION_490_ML_WAWEL_DOROZKA_SZRON_B-300x300.jpg\" alt=\"\" width=\"300\" height=\"300\" srcset=\"https:\/\/violmax.pl\/wp-content\/uploads\/2020\/06\/KRAKOW_KIELISZEK_DO_WINA_CZEROWNEGO_OBSESSION_490_ML_WAWEL_DOROZKA_SZRON_B-300x300.jpg 300w, https:\/\/violmax.pl\/wp-content\/uploads\/2020\/06\/KRAKOW_KIELISZEK_DO_WINA_CZEROWNEGO_OBSESSION_490_ML_WAWEL_DOROZKA_SZRON_B-150x150.jpg 150w, https:\/\/violmax.pl\/wp-content\/uploads\/2020\/06\/KRAKOW_KIELISZEK_DO_WINA_CZEROWNEGO_OBSESSION_490_ML_WAWEL_DOROZKA_SZRON_B-768x768.jpg 768w, https:\/\/violmax.pl\/wp-content\/uploads\/2020\/06\/KRAKOW_KIELISZEK_DO_WINA_CZEROWNEGO_OBSESSION_490_ML_WAWEL_DOROZKA_SZRON_B-680x680.jpg 680w, https:\/\/violmax.pl\/wp-content\/uploads\/2020\/06\/KRAKOW_KIELISZEK_DO_WINA_CZEROWNEGO_OBSESSION_490_ML_WAWEL_DOROZKA_SZRON_B-100x100.jpg 100w, https:\/\/violmax.pl\/wp-content\/uploads\/2020\/06\/KRAKOW_KIELISZEK_DO_WINA_CZEROWNEGO_OBSESSION_490_ML_WAWEL_DOROZKA_SZRON_B.jpg 900w\" sizes=\"(max-width: 300px) 100vw, 300px\" \/><\/p>\n<p>Kieliszek do wina KROSNO 490 ml. Pi\u0119kny,elegancki kieliszek o niecodziennym kszta\u0142cie,wypiaskowany z motywami typowymi dla Krakowa (doro\u017cka,wawel). Najwy\u017cszej jako\u015bci szk\u0142o, porz\u0105dne, wygodne dla ka\u017cdej d\u0142oni. Znakomicie sprawdzi si\u0119 jako ozdoba w domu,prezent. Idealna pami\u0105tka z Krakowa. Nadaje si\u0119 do mycia w zmywarce.<\/p>\n","protected":false},"excerpt":{"rendered":"<p><img loading=\"lazy\" class=\"alignnone size-medium wp-image-4074\" src=\"http:\/\/violmax.pl\/wp-content\/uploads\/2020\/05\/VIOLMAX_POLSKA-11-300x28.jpg\" alt=\"\" width=\"300\" height=\"28\" \/><\/p>\n<p>&nbsp;<\/p>\n<p>Kieliszek do wina KROSNO 490 ml. Pi\u0119kny,elegancki kieliszek o niecodziennym kszta\u0142cie,wypiaskowany z motywami typowymi dla Krakowa (doro\u017cka,wawel). Najwy\u017cszej jako\u015bci szk\u0142o, porz\u0105dne, wygodne dla ka\u017cdej d\u0142oni. Znakomicie sprawdzi si\u0119 jako ozdoba w domu,prezent. Idealna pami\u0105tka z Krakowa. Nadaje si\u0119 do mycia w zmywarce.<\/p>\n<p><strong><em>Minimalna ilo\u015b\u0107 zam\u00f3wienia &#8211; 6 sztuk (1 opakowanie)<\/em><br \/>\n<\/strong><\/p>\n<p><strong><em>Towar sprzedawany na opakowania<\/em><\/strong><\/p>\n<h3><span style=\"color: #ff0000;\">PRZY DODAWANIU DO KOSZYKA, NALE\u017bY DODAWA\u0106 KROTNO\u015a\u0106\u00a0 LICZBY 6 &#8211; (1 opak)\u00a0 np: 6 ; 12 ; 18 itd<\/span><\/h3>\n<h3><strong>CENA ZA SZTUK\u0118.<\/strong><\/h3>\n","protected":false},"featured_media":4667,"comment_status":"open","ping_status":"closed","template":"","meta":[],"_links":{"self":[{"href":"https:\/\/violmax.pl\/index.php\/wp-json\/wp\/v2\/product\/461"}],"collection":[{"href":"https:\/\/violmax.pl\/index.php\/wp-json\/wp\/v2\/product"}],"about":[{"href":"https:\/\/violmax.pl\/index.php\/wp-json\/wp\/v2\/types\/product"}],"replies":[{"embeddable":true,"href":"https:\/\/violmax.pl\/index.php\/wp-json\/wp\/v2\/comments?post=461"}],"wp:featuredmedia":[{"embeddable":true,"href":"https:\/\/violmax.pl\/index.php\/wp-json\/wp\/v2\/media\/4667"}],"wp:attachment":[{"href":"https:\/\/violmax.pl\/index.php\/wp-json\/wp\/v2\/media?parent=461"}],"curies":[{"name":"wp","href":"https:\/\/api.w.org\/{rel}","templated":true}]}}