{"id":4394,"date":"2020-06-01T19:17:53","date_gmt":"2020-06-01T17:17:53","guid":{"rendered":"http:\/\/violmax.pl\/?post_type=product&#038;p=4394"},"modified":"2025-12-02T13:25:43","modified_gmt":"2025-12-02T12:25:43","slug":"zakopane-kieliszek-do-wodki-shot-50-ml-krupowki-blacha","status":"publish","type":"product","link":"https:\/\/violmax.pl\/index.php\/produkt\/zakopane-kieliszek-do-wodki-shot-50-ml-krupowki-blacha\/","title":{"rendered":"ZAKOPANE, KIELISZEK DO W\u00d3DKI &#8220;SHOT 50&#8221; ML KRUP\u00d3WKI BLACHA"},"content":{"rendered":"<p>&nbsp;<\/p>\n<p><img loading=\"lazy\" class=\"alignnone size-medium wp-image-7294\" src=\"http:\/\/violmax.pl\/wp-content\/uploads\/2021\/03\/ZAKOPANE_KIELISZEK_DO_WODKI_SCHOT_50_ML_KRUPOWKI_BLACHA-300x200.jpg\" alt=\"\" width=\"300\" height=\"200\" srcset=\"https:\/\/violmax.pl\/wp-content\/uploads\/2021\/03\/ZAKOPANE_KIELISZEK_DO_WODKI_SCHOT_50_ML_KRUPOWKI_BLACHA-300x200.jpg 300w, https:\/\/violmax.pl\/wp-content\/uploads\/2021\/03\/ZAKOPANE_KIELISZEK_DO_WODKI_SCHOT_50_ML_KRUPOWKI_BLACHA-768x512.jpg 768w, https:\/\/violmax.pl\/wp-content\/uploads\/2021\/03\/ZAKOPANE_KIELISZEK_DO_WODKI_SCHOT_50_ML_KRUPOWKI_BLACHA-680x454.jpg 680w, https:\/\/violmax.pl\/wp-content\/uploads\/2021\/03\/ZAKOPANE_KIELISZEK_DO_WODKI_SCHOT_50_ML_KRUPOWKI_BLACHA.jpg 1000w\" sizes=\"(max-width: 300px) 100vw, 300px\" \/><\/p>\n<p>&nbsp;<\/p>\n<p>Kieliszek do w\u00f3dki o pojemno\u015bci 50ml. To porz\u0105dny kieliszek, wykonany z grubego, mocnego szk\u0142a. Ozdobiony jest metalowym, odlewem z motywem Krup\u00f3wek w Zakopanem. \u015awietna i praktyczna pami\u0105tka z Zakopanego. Ozdobi w domu barek.<\/p>\n<p>&nbsp;<\/p>\n","protected":false},"excerpt":{"rendered":"<p><img loading=\"lazy\" class=\"alignnone size-medium wp-image-4222\" src=\"http:\/\/violmax.pl\/wp-content\/uploads\/2020\/05\/VIOLMAX_POLSKA-5-300x28.jpg\" alt=\"\" width=\"300\" height=\"28\" \/><\/p>\n<p>&nbsp;<\/p>\n<p>Kieliszek do w\u00f3dki o pojemno\u015bci 50ml. To porz\u0105dny kieliszek, wykonany z grubego, mocnego szk\u0142a. Ozdobiony jest metalowym, odlewem z motywem Krup\u00f3wek w Zakopanem. \u015awietna i praktyczna pami\u0105tka z Zakopanego. Ozdobi w domu barek.<\/p>\n<p><strong><em>Minimalna ilo\u015b\u0107 zam\u00f3wienia &#8211; 6 sztuk (1 opakowanie)<\/em><br \/>\n<\/strong><\/p>\n<h2>CENA ZA SZTUK\u0118<\/h2>\n","protected":false},"featured_media":7294,"comment_status":"open","ping_status":"closed","template":"","meta":[],"_links":{"self":[{"href":"https:\/\/violmax.pl\/index.php\/wp-json\/wp\/v2\/product\/4394"}],"collection":[{"href":"https:\/\/violmax.pl\/index.php\/wp-json\/wp\/v2\/product"}],"about":[{"href":"https:\/\/violmax.pl\/index.php\/wp-json\/wp\/v2\/types\/product"}],"replies":[{"embeddable":true,"href":"https:\/\/violmax.pl\/index.php\/wp-json\/wp\/v2\/comments?post=4394"}],"wp:featuredmedia":[{"embeddable":true,"href":"https:\/\/violmax.pl\/index.php\/wp-json\/wp\/v2\/media\/7294"}],"wp:attachment":[{"href":"https:\/\/violmax.pl\/index.php\/wp-json\/wp\/v2\/media?parent=4394"}],"curies":[{"name":"wp","href":"https:\/\/api.w.org\/{rel}","templated":true}]}}