{"id":323,"date":"2019-08-29T10:28:18","date_gmt":"2019-08-29T08:28:18","guid":{"rendered":"http:\/\/violmax.wroclaw.pl\/?post_type=product&#038;p=323"},"modified":"2025-12-02T13:30:43","modified_gmt":"2025-12-02T12:30:43","slug":"bialka-tatrzanska-szklanka-do-piwa-stopka-05-litra-harnas-szron","status":"publish","type":"product","link":"https:\/\/violmax.pl\/index.php\/produkt\/bialka-tatrzanska-szklanka-do-piwa-stopka-05-litra-harnas-szron\/","title":{"rendered":"BIA\u0141KA TATRZA\u0143SKA, SZKLANKA DO PIWA &#8220;STOPKA&#8221; 0,5 LITRA, HARNA\u015a SZRON"},"content":{"rendered":"<p><img loading=\"lazy\" class=\"alignnone size-medium wp-image-324\" src=\"http:\/\/violmax.pl\/wp-content\/uploads\/2019\/08\/KIELISZEK-WINO-STOPKA-2-STRONA-198x300.jpg\" alt=\"\" width=\"198\" height=\"300\" \/><img loading=\"lazy\" class=\"alignnone size-medium wp-image-325\" src=\"http:\/\/violmax.pl\/wp-content\/uploads\/2019\/08\/KIELISZEK-WINO-STOPKA-SZRON-190x300.jpg\" alt=\"\" width=\"190\" height=\"300\" \/><\/p>\n<p>&nbsp;<\/p>\n<p>Szklanka do piwa na stopce o litra\u017cu 0,5 l. Elegancka pami\u0105tka szczeg\u00f3\u0142owo wypiaskowana, z motywem typowo g\u00f3ralskim,z wypiaskowanym dok\u0142adnie napisem &#8221;Bia\u0142ka Tatrza\u0144ska&#8221;. Wygodna szklanka ze stopk\u0105.Idealna pami\u0105tka z g\u00f3r.<\/p>\n","protected":false},"excerpt":{"rendered":"<p><img loading=\"lazy\" class=\"alignnone size-full wp-image-5364\" src=\"http:\/\/violmax.pl\/wp-content\/uploads\/2020\/10\/VIOLMAX_POLSKA-3.jpg\" alt=\"\" width=\"300\" height=\"28\" \/><\/p>\n<p>&nbsp;<\/p>\n<p>Szklanka do piwa na stopce o litra\u017cu 0,5 l. Elegancka pami\u0105tka szczeg\u00f3\u0142owo wypiaskowana, z motywem typowo g\u00f3ralskim,z wypiaskowanym dok\u0142adnie napisem &#8221;Bia\u0142ka Tatrza\u0144ska&#8221;. Wygodna szklanka ze stopk\u0105.Idealna pami\u0105tka z g\u00f3r.<\/p>\n<p><strong><em>Minimalna ilo\u015b\u0107 zam\u00f3wienia &#8211; 6 sztuk (1 opakowanie)<\/em><br \/>\n<\/strong><\/p>\n<p><strong><em>Towar sprzedawany na opakowania<\/em><\/strong><\/p>\n<h3><span style=\"color: #ff0000;\">PRZY DODAWANIU DO KOSZYKA, NALE\u017bY DODAWA\u0106 KROTNO\u015a\u0106\u00a0 LICZBY 6 &#8211; (1 opak)\u00a0 np: 6 ; 12 ; 18 itd<\/span><\/h3>\n<h3><strong>CENA ZA SZTUK\u0118.<\/strong><\/h3>\n","protected":false},"featured_media":324,"comment_status":"open","ping_status":"closed","template":"","meta":[],"_links":{"self":[{"href":"https:\/\/violmax.pl\/index.php\/wp-json\/wp\/v2\/product\/323"}],"collection":[{"href":"https:\/\/violmax.pl\/index.php\/wp-json\/wp\/v2\/product"}],"about":[{"href":"https:\/\/violmax.pl\/index.php\/wp-json\/wp\/v2\/types\/product"}],"replies":[{"embeddable":true,"href":"https:\/\/violmax.pl\/index.php\/wp-json\/wp\/v2\/comments?post=323"}],"wp:featuredmedia":[{"embeddable":true,"href":"https:\/\/violmax.pl\/index.php\/wp-json\/wp\/v2\/media\/324"}],"wp:attachment":[{"href":"https:\/\/violmax.pl\/index.php\/wp-json\/wp\/v2\/media?parent=323"}],"curies":[{"name":"wp","href":"https:\/\/api.w.org\/{rel}","templated":true}]}}