{"id":2744,"date":"2020-04-11T13:28:25","date_gmt":"2020-04-11T11:28:25","guid":{"rendered":"http:\/\/violmax.pl\/?post_type=product&#038;p=2744"},"modified":"2025-12-02T13:27:39","modified_gmt":"2025-12-02T12:27:39","slug":"zakopane-kubek-sonia-300-ml-szron-schronisko","status":"publish","type":"product","link":"https:\/\/violmax.pl\/index.php\/produkt\/zakopane-kubek-sonia-300-ml-szron-schronisko\/","title":{"rendered":"ZAKOPANE, KUBEK &#8220;SONIA&#8221; 300 ML, SZRON SCHRONISKO"},"content":{"rendered":"<p><img loading=\"lazy\" class=\"alignnone size-medium wp-image-6139\" src=\"http:\/\/violmax.pl\/wp-content\/uploads\/2020\/12\/zakopane_kubek_sonia_350_ml_schronisko_szron-300x200.png\" alt=\"\" width=\"300\" height=\"200\" srcset=\"https:\/\/violmax.pl\/wp-content\/uploads\/2020\/12\/zakopane_kubek_sonia_350_ml_schronisko_szron-300x200.png 300w, https:\/\/violmax.pl\/wp-content\/uploads\/2020\/12\/zakopane_kubek_sonia_350_ml_schronisko_szron-768x512.png 768w, https:\/\/violmax.pl\/wp-content\/uploads\/2020\/12\/zakopane_kubek_sonia_350_ml_schronisko_szron-680x453.png 680w, https:\/\/violmax.pl\/wp-content\/uploads\/2020\/12\/zakopane_kubek_sonia_350_ml_schronisko_szron.png 900w\" sizes=\"(max-width: 300px) 100vw, 300px\" \/><\/p>\n<p>Kubek o pojemno\u015bci 300 ml ca\u0142y wypiaskowany w motywach g\u00f3ralskich. Pi\u0119knie ozdobiona pami\u0105tka na praktycznym kubku. Kubek mo\u017ce s\u0142u\u017cy\u0107 do u\u017cytku codziennego, ale tak\u017ce jako ozdoba. Precyzyjnie wypiaskowane szk\u0142o, dok\u0142adnie z uwzgl\u0119dnieniem ka\u017cdego detalu zwi\u0105zanego z g\u00f3rami. Na kubku widnieje napis &#8221;Zakopane&#8221;. Idealna pami\u0105tka z g\u00f3r. Nadaje si\u0119 do mycia w zmywarce.<\/p>\n","protected":false},"excerpt":{"rendered":"<p><img loading=\"lazy\" class=\"alignnone size-medium wp-image-4222\" src=\"http:\/\/violmax.pl\/wp-content\/uploads\/2020\/05\/VIOLMAX_POLSKA-5-300x28.jpg\" alt=\"\" width=\"300\" height=\"28\" \/><\/p>\n<p>&nbsp;<\/p>\n<p>Kubek o pojemno\u015bci 300 ml ca\u0142y wypiaskowany w motywach g\u00f3ralskich. Pi\u0119knie ozdobiona pami\u0105tka na praktycznym kubku. Kubek mo\u017ce s\u0142u\u017cy\u0107 do u\u017cytku codziennego, ale tak\u017ce jako ozdoba. Precyzyjnie wypiaskowane szk\u0142o, dok\u0142adnie z uwzgl\u0119dnieniem ka\u017cdego detalu zwi\u0105zanego z g\u00f3rami. Na kubku widnieje napis &#8221;Zakopane&#8221;. Idealna pami\u0105tka z g\u00f3r. Nadaje si\u0119 do mycia w zmywarce.<\/p>\n<p><strong><em>Minimalna ilo\u015b\u0107 zam\u00f3wienia &#8211; 6 sztuk (1 opakowanie)<\/em><br \/>\n<\/strong><\/p>\n<p><strong><em>Towar sprzedawany na opakowania<\/em><\/strong><\/p>\n<h3><span style=\"color: #ff0000;\">PRZY DODAWANIU DO KOSZYKA, NALE\u017bY DODAWA\u0106 KROTNO\u015a\u0106\u00a0 LICZBY 6 &#8211; (1 opak)\u00a0 np: 6 ; 12 ; 18 itd<\/span><\/h3>\n<h3><strong>CENA ZA SZTUK\u0118.<\/strong><\/h3>\n","protected":false},"featured_media":6139,"comment_status":"open","ping_status":"closed","template":"","meta":[],"_links":{"self":[{"href":"https:\/\/violmax.pl\/index.php\/wp-json\/wp\/v2\/product\/2744"}],"collection":[{"href":"https:\/\/violmax.pl\/index.php\/wp-json\/wp\/v2\/product"}],"about":[{"href":"https:\/\/violmax.pl\/index.php\/wp-json\/wp\/v2\/types\/product"}],"replies":[{"embeddable":true,"href":"https:\/\/violmax.pl\/index.php\/wp-json\/wp\/v2\/comments?post=2744"}],"wp:featuredmedia":[{"embeddable":true,"href":"https:\/\/violmax.pl\/index.php\/wp-json\/wp\/v2\/media\/6139"}],"wp:attachment":[{"href":"https:\/\/violmax.pl\/index.php\/wp-json\/wp\/v2\/media?parent=2744"}],"curies":[{"name":"wp","href":"https:\/\/api.w.org\/{rel}","templated":true}]}}