{"id":264,"date":"2019-08-28T13:47:39","date_gmt":"2019-08-28T11:47:39","guid":{"rendered":"http:\/\/violmax.wroclaw.pl\/?post_type=product&#038;p=264"},"modified":"2025-12-02T13:30:50","modified_gmt":"2025-12-02T12:30:50","slug":"zakopane-mini-kufelek-30-ml-blaszka","status":"publish","type":"product","link":"https:\/\/violmax.pl\/index.php\/produkt\/zakopane-mini-kufelek-30-ml-blaszka\/","title":{"rendered":"ZAKOPANE, MINI KUFELEK &#8220;RYSIO 30&#8221; ML, BLASZKA"},"content":{"rendered":"<p><img loading=\"lazy\" class=\"alignnone size-medium wp-image-2638\" src=\"http:\/\/violmax.pl\/wp-content\/uploads\/2020\/04\/ZAKOPANE_MINI_KUFELEK_25_ML_BLASZKA-300x200.jpg\" alt=\"\" width=\"300\" height=\"200\" srcset=\"https:\/\/violmax.pl\/wp-content\/uploads\/2020\/04\/ZAKOPANE_MINI_KUFELEK_25_ML_BLASZKA-300x200.jpg 300w, https:\/\/violmax.pl\/wp-content\/uploads\/2020\/04\/ZAKOPANE_MINI_KUFELEK_25_ML_BLASZKA-768x512.jpg 768w, https:\/\/violmax.pl\/wp-content\/uploads\/2020\/04\/ZAKOPANE_MINI_KUFELEK_25_ML_BLASZKA-1024x683.jpg 1024w, https:\/\/violmax.pl\/wp-content\/uploads\/2020\/04\/ZAKOPANE_MINI_KUFELEK_25_ML_BLASZKA-680x453.jpg 680w, https:\/\/violmax.pl\/wp-content\/uploads\/2020\/04\/ZAKOPANE_MINI_KUFELEK_25_ML_BLASZKA.jpg 1500w\" sizes=\"(max-width: 300px) 100vw, 300px\" \/><\/p>\n<p>Urocze, szklane mini kufelki na porz\u0105dnym rzemyku z motywem, z metalu. Na ka\u017cdym kufelku umieszczone zosta\u0142y ma\u0142e, metalowe blaszki z motywami typowymi dla Zakopanego (Guba\u0142\u00f3wka, Krup\u00f3wki ). Mini kufelki to wdzi\u0119czna pami\u0105tka, kt\u00f3ra mo\u017ce s\u0142u\u017cy\u0107 jako ozdoba generalnie wsz\u0119dzie. Mo\u017ce si\u0119 tak\u017ce przyda\u0107 w podr\u00f3\u017cy, na spacerach &#8211; zawieszona na szyi jako malutki kubeczek do wody, lub czego\u015b mocniejszego \ud83d\ude42<\/p>\n","protected":false},"excerpt":{"rendered":"<p><img loading=\"lazy\" class=\"alignnone size-full wp-image-5364\" src=\"http:\/\/violmax.pl\/wp-content\/uploads\/2020\/10\/VIOLMAX_POLSKA-3.jpg\" alt=\"\" width=\"300\" height=\"28\" \/><\/p>\n<p>&nbsp;<\/p>\n<p>Urocze, szklane mini kufelki na porz\u0105dnym rzemyku z motywem, z metalu. Na ka\u017cdym kufelku umieszczone zosta\u0142y ma\u0142e, metalowe blaszki z motywami typowymi dla Zakopanego (Guba\u0142\u00f3wka, Krup\u00f3wki ). Mini kufelki to wdzi\u0119czna pami\u0105tka, kt\u00f3ra mo\u017ce s\u0142u\u017cy\u0107 jako ozdoba generalnie wsz\u0119dzie. Mo\u017ce si\u0119 tak\u017ce przyda\u0107 w podr\u00f3\u017cy, na spacerach &#8211; zawieszona na szyi jako malutki kubeczek do wody, lub czego\u015b mocniejszego \ud83d\ude42<\/p>\n<p><strong><em>Minimalna ilo\u015b\u0107 zam\u00f3wienia &#8211; 6 sztuk (1 opakowanie)<\/em><br \/>\n<\/strong><\/p>\n<p><strong><em>Towar sprzedawany na opakowania<\/em><\/strong><\/p>\n<h3><span style=\"color: #ff0000;\">PRZY DODAWANIU DO KOSZYKA, NALE\u017bY DODAWA\u0106 KROTNO\u015a\u0106\u00a0 LICZBY 6 &#8211; (1 opak)\u00a0 np: 6 ; 12 ; 18 itd<\/span><\/h3>\n<h3><strong>CENA ZA SZTUK\u0118.<\/strong><\/h3>\n","protected":false},"featured_media":2638,"comment_status":"open","ping_status":"closed","template":"","meta":[],"_links":{"self":[{"href":"https:\/\/violmax.pl\/index.php\/wp-json\/wp\/v2\/product\/264"}],"collection":[{"href":"https:\/\/violmax.pl\/index.php\/wp-json\/wp\/v2\/product"}],"about":[{"href":"https:\/\/violmax.pl\/index.php\/wp-json\/wp\/v2\/types\/product"}],"replies":[{"embeddable":true,"href":"https:\/\/violmax.pl\/index.php\/wp-json\/wp\/v2\/comments?post=264"}],"wp:featuredmedia":[{"embeddable":true,"href":"https:\/\/violmax.pl\/index.php\/wp-json\/wp\/v2\/media\/2638"}],"wp:attachment":[{"href":"https:\/\/violmax.pl\/index.php\/wp-json\/wp\/v2\/media?parent=264"}],"curies":[{"name":"wp","href":"https:\/\/api.w.org\/{rel}","templated":true}]}}