{"id":242,"date":"2019-08-28T12:56:07","date_gmt":"2019-08-28T10:56:07","guid":{"rendered":"http:\/\/violmax.wroclaw.pl\/?post_type=product&#038;p=242"},"modified":"2025-12-02T13:30:51","modified_gmt":"2025-12-02T12:30:51","slug":"zakopane-kieliszek-do-koniaku-250-ml-harnas-szron","status":"publish","type":"product","link":"https:\/\/violmax.pl\/index.php\/produkt\/zakopane-kieliszek-do-koniaku-250-ml-harnas-szron\/","title":{"rendered":"ZAKOPANE, KIELISZEK DO KONIAKU &#8220;DAWID&#8221; 250 ML, SZRON HARNA\u015a"},"content":{"rendered":"<p><img loading=\"lazy\" class=\"alignnone size-medium wp-image-4294\" src=\"http:\/\/violmax.pl\/wp-content\/uploads\/2020\/05\/ZAKOPANE_KIELISZEK_DO_KONIAKU_250_ML_HARNAS_SZRON-300x200.jpg\" alt=\"\" width=\"300\" height=\"200\" srcset=\"https:\/\/violmax.pl\/wp-content\/uploads\/2020\/05\/ZAKOPANE_KIELISZEK_DO_KONIAKU_250_ML_HARNAS_SZRON-300x200.jpg 300w, https:\/\/violmax.pl\/wp-content\/uploads\/2020\/05\/ZAKOPANE_KIELISZEK_DO_KONIAKU_250_ML_HARNAS_SZRON-768x512.jpg 768w, https:\/\/violmax.pl\/wp-content\/uploads\/2020\/05\/ZAKOPANE_KIELISZEK_DO_KONIAKU_250_ML_HARNAS_SZRON-680x454.jpg 680w, https:\/\/violmax.pl\/wp-content\/uploads\/2020\/05\/ZAKOPANE_KIELISZEK_DO_KONIAKU_250_ML_HARNAS_SZRON.jpg 1000w\" sizes=\"(max-width: 300px) 100vw, 300px\" \/><\/p>\n<p>Kieliszek do koniaku 250 ml do po\u0142owy oszroniony oraz wypiaskowana nazwa miejscowo\u015bci &#8221;Zakopane&#8221; i motywy typowo zakopia\u0144skie. Pami\u0105tka wykonana z najwy\u017cszej jako\u015bci szk\u0142a, porz\u0105dnie wypiaskowana, bez \u017cadnych mankament\u00f3w &#8211; idealne wyko\u0144czenie. Bardzo elegancki kieliszek dla os\u00f3b, kt\u00f3re lubi\u0105 napi\u0107 si\u0119 ulubionego trunku w czym\u015b niecodziennym, nietuzinkowym i oryginalnym. Nadaje si\u0119 do mycia w zmywarce.<\/p>\n","protected":false},"excerpt":{"rendered":"<p><img loading=\"lazy\" class=\"alignnone size-medium wp-image-4222\" src=\"http:\/\/violmax.pl\/wp-content\/uploads\/2020\/05\/VIOLMAX_POLSKA-5-300x28.jpg\" alt=\"\" width=\"300\" height=\"28\" \/><\/p>\n<p>&nbsp;<\/p>\n<p>Kieliszek do koniaku 250 ml do po\u0142owy oszroniony oraz wypiaskowana nazwa miejscowo\u015bci &#8221;Zakopane&#8221; i motywy typowo zakopia\u0144skie. Pami\u0105tka wykonana z najwy\u017cszej jako\u015bci szk\u0142a, porz\u0105dnie wypiaskowana, bez \u017cadnych mankament\u00f3w &#8211; idealne wyko\u0144czenie. Bardzo elegancki kieliszek dla os\u00f3b, kt\u00f3re lubi\u0105 napi\u0107 si\u0119 ulubionego trunku w czym\u015b niecodziennym, nietuzinkowym i oryginalnym. Nadaje si\u0119 do mycia w zmywarce.<\/p>\n<p>&nbsp;<\/p>\n<h4><em><strong>Minimalna ilo\u015b\u0107 zam\u00f3wienia &#8211; 6 sztuk (1 opakowanie)<\/strong><\/em><\/h4>\n<p><strong><em>Towar sprzedawany na opakowania<\/em><\/strong><\/p>\n<h3><span style=\"color: #ff0000;\">PRZY DODAWANIU DO KOSZYKA, NALE\u017bY DODAWA\u0106 KROTNO\u015a\u0106\u00a0 LICZBY 6 &#8211; (1 opak)\u00a0 np: 6 ; 12 ; 18 itd<\/span><\/h3>\n<h3><strong>CENA ZA SZTUK\u0118.<\/strong><\/h3>\n<h2><strong>\u00a0<\/strong><\/h2>\n<p>&nbsp;<\/p>\n","protected":false},"featured_media":4294,"comment_status":"open","ping_status":"closed","template":"","meta":[],"_links":{"self":[{"href":"https:\/\/violmax.pl\/index.php\/wp-json\/wp\/v2\/product\/242"}],"collection":[{"href":"https:\/\/violmax.pl\/index.php\/wp-json\/wp\/v2\/product"}],"about":[{"href":"https:\/\/violmax.pl\/index.php\/wp-json\/wp\/v2\/types\/product"}],"replies":[{"embeddable":true,"href":"https:\/\/violmax.pl\/index.php\/wp-json\/wp\/v2\/comments?post=242"}],"wp:featuredmedia":[{"embeddable":true,"href":"https:\/\/violmax.pl\/index.php\/wp-json\/wp\/v2\/media\/4294"}],"wp:attachment":[{"href":"https:\/\/violmax.pl\/index.php\/wp-json\/wp\/v2\/media?parent=242"}],"curies":[{"name":"wp","href":"https:\/\/api.w.org\/{rel}","templated":true}]}}