{"id":239,"date":"2019-08-28T12:46:43","date_gmt":"2019-08-28T10:46:43","guid":{"rendered":"http:\/\/violmax.wroclaw.pl\/?post_type=product&#038;p=239"},"modified":"2025-12-02T13:30:51","modified_gmt":"2025-12-02T12:30:51","slug":"zakopane-karafka-075-l-parzenica-2d","status":"publish","type":"product","link":"https:\/\/violmax.pl\/index.php\/produkt\/zakopane-karafka-075-l-parzenica-2d\/","title":{"rendered":"ZAKOPANE, KARAFKA &#8220;\u0141AMANA&#8221; 750 ML, PARZENICA 2D"},"content":{"rendered":"<p><img loading=\"lazy\" class=\"alignnone size-medium wp-image-2614\" src=\"http:\/\/violmax.pl\/wp-content\/uploads\/2020\/04\/ZAKOPANE_KARAFKA_750_ML_PARZENICA_2D-169x300.jpg\" alt=\"\" width=\"169\" height=\"300\" srcset=\"https:\/\/violmax.pl\/wp-content\/uploads\/2020\/04\/ZAKOPANE_KARAFKA_750_ML_PARZENICA_2D-169x300.jpg 169w, https:\/\/violmax.pl\/wp-content\/uploads\/2020\/04\/ZAKOPANE_KARAFKA_750_ML_PARZENICA_2D.jpg 562w\" sizes=\"(max-width: 169px) 100vw, 169px\" \/><\/p>\n<p>Karafka o litra\u017cu 0,75 litra z pi\u0119kn\u0105 metalow\u0105 parzenic\u0105. Karafka mo\u017ce s\u0142u\u017cy\u0107 jako nietuzinkowy, szklany prezent lub ozdobny flakon na nalewki, wina, koniaki. Pi\u0119kna, okaza\u0142a ( 26 cm wysoko\u015bci ) pami\u0105tka z Zakopanego, kt\u00f3ra zachwyci ka\u017cdego.<\/p>\n","protected":false},"excerpt":{"rendered":"<p><img loading=\"lazy\" class=\"alignnone size-full wp-image-5364\" src=\"http:\/\/violmax.pl\/wp-content\/uploads\/2020\/10\/VIOLMAX_POLSKA-3.jpg\" alt=\"\" width=\"300\" height=\"28\" \/><\/p>\n<p>&nbsp;<\/p>\n<p>Karafka o litra\u017cu 0,75 litra z pi\u0119kn\u0105 metalow\u0105 parzenic\u0105. Karafka mo\u017ce s\u0142u\u017cy\u0107 jako nietuzinkowy, szklany prezent lub ozdobny flakon na nalewki, wina, koniaki. Pi\u0119kna, okaza\u0142a ( 26 cm wysoko\u015bci ) pami\u0105tka z Zakopanego, kt\u00f3ra zachwyci ka\u017cdego.<\/p>\n<p><em><strong>Minimalna ilo\u015b\u0107 zam\u00f3wienia &#8211; 1 sztuka<\/strong><\/em><\/p>\n<h2><strong>CENA ZA SZTUK\u0118<\/strong><\/h2>\n","protected":false},"featured_media":2614,"comment_status":"open","ping_status":"closed","template":"","meta":[],"_links":{"self":[{"href":"https:\/\/violmax.pl\/index.php\/wp-json\/wp\/v2\/product\/239"}],"collection":[{"href":"https:\/\/violmax.pl\/index.php\/wp-json\/wp\/v2\/product"}],"about":[{"href":"https:\/\/violmax.pl\/index.php\/wp-json\/wp\/v2\/types\/product"}],"replies":[{"embeddable":true,"href":"https:\/\/violmax.pl\/index.php\/wp-json\/wp\/v2\/comments?post=239"}],"wp:featuredmedia":[{"embeddable":true,"href":"https:\/\/violmax.pl\/index.php\/wp-json\/wp\/v2\/media\/2614"}],"wp:attachment":[{"href":"https:\/\/violmax.pl\/index.php\/wp-json\/wp\/v2\/media?parent=239"}],"curies":[{"name":"wp","href":"https:\/\/api.w.org\/{rel}","templated":true}]}}