{"id":2386,"date":"2020-04-03T10:13:20","date_gmt":"2020-04-03T08:13:20","guid":{"rendered":"http:\/\/violmax.pl\/?post_type=product&#038;p=2386"},"modified":"2025-12-02T13:27:47","modified_gmt":"2025-12-02T12:27:47","slug":"zamek-grodziec-szklanka-do-piwa-stopka-500-ml-zamek-gora","status":"publish","type":"product","link":"https:\/\/violmax.pl\/index.php\/produkt\/zamek-grodziec-szklanka-do-piwa-stopka-500-ml-zamek-gora\/","title":{"rendered":"ZAMEK GRODZIEC, SZKLANKA DO PIWA &#8220;MA\u0141GOSIA&#8221; 500 ML, ZAMEK G\u00d3RA SZRON"},"content":{"rendered":"<p><img loading=\"lazy\" class=\"alignnone size-medium wp-image-2380\" src=\"http:\/\/violmax.pl\/wp-content\/uploads\/2020\/04\/ZAMEK_GRODZIEC_SZKLANKA_DO_PIWA_STOPKA_500_ML_SZRON_ZAMEK_GORA_A-188x300.jpg\" alt=\"\" width=\"188\" height=\"300\" \/><img loading=\"lazy\" class=\"alignnone size-medium wp-image-2381\" src=\"http:\/\/violmax.pl\/wp-content\/uploads\/2020\/04\/ZAMEK_GRODZIEC_SZKLANKA_DO_PIWA_STOPKA_500_ML_SZRON_ZAMEK_GORA_B-188x300.jpg\" alt=\"\" width=\"188\" height=\"300\" \/><\/p>\n<p>Szklanka do piwa na stopce &#8220;MA\u0141GOSIA&#8221; o pojemno\u015bci 500 ml. Ca\u0142a szklanka jest precyzyjnie wypiaskowana. Widnieje na niej wypiaskowany Zamek na g\u00f3rze oraz z ty\u0142u napis \u201dZamek Grodziec\u201d. Bardzo wygodnie utrzymuje si\u0119 w d\u0142oni dzi\u0119ki piaskowaniu do po\u0142owy.Idealna pami\u0105tka. Nadaje si\u0119 do mycia w zmywarkach.<\/p>\n","protected":false},"excerpt":{"rendered":"<div class=\"woocommerce-product-details__short-description\">\n<div class=\"woocommerce-product-details__short-description\">\n<div class=\"woocommerce-product-details__short-description\">\n<div class=\"woocommerce-product-details__short-description\">\n<div class=\"woocommerce-product-details__short-description\">\n<p><img loading=\"lazy\" class=\"alignnone size-full wp-image-5364\" src=\"http:\/\/violmax.pl\/wp-content\/uploads\/2020\/10\/VIOLMAX_POLSKA-3.jpg\" alt=\"\" width=\"300\" height=\"28\" \/><\/p>\n<p>&nbsp;<\/p>\n<p>Szklanka do piwa na stopce &#8220;MA\u0141GOSIA&#8221; o pojemno\u015bci 500 ml. Ca\u0142a szklanka jest precyzyjnie wypiaskowana. Widnieje na niej wypiaskowany Zamek na g\u00f3rze oraz z ty\u0142u napis \u201dZamek Grodziec\u201d. Bardzo wygodnie utrzymuje si\u0119 w d\u0142oni dzi\u0119ki piaskowaniu do po\u0142owy.Idealna pami\u0105tka. Nadaje si\u0119 do mycia w zmywarkach.<\/p>\n<p><strong><em>Minimalna ilo\u015b\u0107 zam\u00f3wienia \u2013 6 sztuk (1 opakowanie)<\/em><br \/>\n<\/strong><\/p>\n<p><strong><em>Towar sprzedawany na opakowania<\/em><\/strong><\/p>\n<h3><span style=\"color: #ff0000;\">PRZY DODAWANIU DO KOSZYKA, NALE\u017bY DODAWA\u0106 KROTNO\u015a\u0106\u00a0 LICZBY 6 &#8211; (1 opak)\u00a0 np: 6 ; 12 ; 18 itd<\/span><\/h3>\n<h3><strong>CENA ZA SZTUK\u0118.<\/strong><\/h3>\n<\/div>\n<\/div>\n<\/div>\n<\/div>\n<\/div>\n","protected":false},"featured_media":2380,"comment_status":"open","ping_status":"closed","template":"","meta":[],"_links":{"self":[{"href":"https:\/\/violmax.pl\/index.php\/wp-json\/wp\/v2\/product\/2386"}],"collection":[{"href":"https:\/\/violmax.pl\/index.php\/wp-json\/wp\/v2\/product"}],"about":[{"href":"https:\/\/violmax.pl\/index.php\/wp-json\/wp\/v2\/types\/product"}],"replies":[{"embeddable":true,"href":"https:\/\/violmax.pl\/index.php\/wp-json\/wp\/v2\/comments?post=2386"}],"wp:featuredmedia":[{"embeddable":true,"href":"https:\/\/violmax.pl\/index.php\/wp-json\/wp\/v2\/media\/2380"}],"wp:attachment":[{"href":"https:\/\/violmax.pl\/index.php\/wp-json\/wp\/v2\/media?parent=2386"}],"curies":[{"name":"wp","href":"https:\/\/api.w.org\/{rel}","templated":true}]}}