{"id":1807,"date":"2019-09-13T13:50:49","date_gmt":"2019-09-13T11:50:49","guid":{"rendered":"http:\/\/violmax.wroclaw.pl\/?post_type=product&#038;p=1807"},"modified":"2025-12-02T13:28:23","modified_gmt":"2025-12-02T12:28:23","slug":"bukowina-tatrzanska-kufel-berna-harnas-2d-kolor","status":"publish","type":"product","link":"https:\/\/violmax.pl\/index.php\/produkt\/bukowina-tatrzanska-kufel-berna-harnas-2d-kolor\/","title":{"rendered":"BUKOWINA TATRZA\u0143SKA, KUFEL DO PIWA &#8220;BERNA&#8221; 500 ML, HARNA\u015a 2D KOLOR"},"content":{"rendered":"<p><img loading=\"lazy\" class=\"alignnone size-medium wp-image-1809\" src=\"http:\/\/violmax.pl\/wp-content\/uploads\/2019\/09\/KUFEL-WYSOKI-HARNA\u015a-METAL-KOLOR-DOCELOWY-172x300.jpg\" alt=\"\" width=\"172\" height=\"300\" srcset=\"https:\/\/violmax.pl\/wp-content\/uploads\/2019\/09\/KUFEL-WYSOKI-HARNA\u015a-METAL-KOLOR-DOCELOWY-172x300.jpg 172w, https:\/\/violmax.pl\/wp-content\/uploads\/2019\/09\/KUFEL-WYSOKI-HARNA\u015a-METAL-KOLOR-DOCELOWY-768x1340.jpg 768w, https:\/\/violmax.pl\/wp-content\/uploads\/2019\/09\/KUFEL-WYSOKI-HARNA\u015a-METAL-KOLOR-DOCELOWY-587x1024.jpg 587w, https:\/\/violmax.pl\/wp-content\/uploads\/2019\/09\/KUFEL-WYSOKI-HARNA\u015a-METAL-KOLOR-DOCELOWY-680x1187.jpg 680w\" sizes=\"(max-width: 172px) 100vw, 172px\" \/><\/p>\n<p>Kufel do piwa Berna o litra\u017cu 0,5 litra z motywem Harnasia w 2D kolor.\u00a0 Ca\u0142o\u015b\u0107 metalowego motywu jest w kolorze. Bardzo okaza\u0142y kufel. \u015awietna pami\u0105tka dla lubuj\u0105cych si\u0119 w piwie, szczeg\u00f3lnie dla m\u0119skiej r\u0119ki. To ci\u0119\u017cki, porz\u0105dny kufel, kt\u00f3ry zawsze przypomni o pobycie w Bukowinie Tatrza\u0144skiej. \u015awietna pami\u0105tka z g\u00f3r.<\/p>\n","protected":false},"excerpt":{"rendered":"<div class=\"woocommerce-product-details__short-description\">\n<div class=\"woocommerce-product-details__short-description\">\n<p><img loading=\"lazy\" class=\"alignnone size-full wp-image-5364\" src=\"http:\/\/violmax.pl\/wp-content\/uploads\/2020\/10\/VIOLMAX_POLSKA-3.jpg\" alt=\"\" width=\"300\" height=\"28\" \/><\/p>\n<p>&nbsp;<\/p>\n<p>Kufel do piwa Berna o litra\u017cu 0,5 litra z motywem Harnasia w 2D kolor.\u00a0 Ca\u0142o\u015b\u0107 metalowego motywu jest w kolorze. Bardzo okaza\u0142y kufel. \u015awietna pami\u0105tka dla lubuj\u0105cych si\u0119 w piwie, szczeg\u00f3lnie dla m\u0119skiej r\u0119ki. To ci\u0119\u017cki, porz\u0105dny kufel, kt\u00f3ry zawsze przypomni o pobycie w Bukowinie Tatrza\u0144skiej. \u015awietna pami\u0105tka z g\u00f3r.<\/p>\n<p><strong><em>Minimalna ilo\u015b\u0107 zam\u00f3wienia \u2013 6 sztuk (1 opakowanie)<\/em><br \/>\n<\/strong><\/p>\n<p><strong><em>Towar sprzedawany na opakowania<\/em><\/strong><\/p>\n<h3><span style=\"color: #ff0000;\">PRZY DODAWANIU DO KOSZYKA, NALE\u017bY DODAWA\u0106 KROTNO\u015a\u0106\u00a0 LICZBY 6 &#8211; (1 opak)\u00a0 np: 6 ; 12 ; 18 itd<\/span><\/h3>\n<h3><strong>CENA ZA SZTUK\u0118.<\/strong><\/h3>\n<\/div>\n<\/div>\n","protected":false},"featured_media":1809,"comment_status":"open","ping_status":"closed","template":"","meta":[],"_links":{"self":[{"href":"https:\/\/violmax.pl\/index.php\/wp-json\/wp\/v2\/product\/1807"}],"collection":[{"href":"https:\/\/violmax.pl\/index.php\/wp-json\/wp\/v2\/product"}],"about":[{"href":"https:\/\/violmax.pl\/index.php\/wp-json\/wp\/v2\/types\/product"}],"replies":[{"embeddable":true,"href":"https:\/\/violmax.pl\/index.php\/wp-json\/wp\/v2\/comments?post=1807"}],"wp:featuredmedia":[{"embeddable":true,"href":"https:\/\/violmax.pl\/index.php\/wp-json\/wp\/v2\/media\/1809"}],"wp:attachment":[{"href":"https:\/\/violmax.pl\/index.php\/wp-json\/wp\/v2\/media?parent=1807"}],"curies":[{"name":"wp","href":"https:\/\/api.w.org\/{rel}","templated":true}]}}