{"id":1287,"date":"2019-09-10T12:56:16","date_gmt":"2019-09-10T10:56:16","guid":{"rendered":"http:\/\/violmax.wroclaw.pl\/?post_type=product&#038;p=1287"},"modified":"2025-12-02T13:29:16","modified_gmt":"2025-12-02T12:29:16","slug":"szczyrk-kubek-lav-225-ml-rynek-szron","status":"publish","type":"product","link":"https:\/\/violmax.pl\/index.php\/produkt\/szczyrk-kubek-lav-225-ml-rynek-szron\/","title":{"rendered":"SZCZYRK, KUBEK &#8220;LAV 225&#8221; ml, G\u0141OWA G\u00d3RALA, SZRON"},"content":{"rendered":"<p><img loading=\"lazy\" class=\"alignnone size-medium wp-image-1290\" src=\"http:\/\/violmax.pl\/wp-content\/uploads\/2019\/09\/GRZANIEC-1-DOCELOWY-222x300.jpg\" alt=\"\" width=\"222\" height=\"300\" \/><img loading=\"lazy\" class=\"alignnone size-medium wp-image-1289\" src=\"http:\/\/violmax.pl\/wp-content\/uploads\/2019\/09\/GRZANIEC-2-DOCELOWY--213x300.jpg\" alt=\"\" width=\"213\" height=\"300\" \/><\/p>\n<p>&nbsp;<\/p>\n<p>Kubek o litra\u017cu 225 ml z wypiaskowanym motywem g\u00f3rala, potocznie nazywany \u201dgrza\u0144cem\u201d. Na kubku widzimy wypiaskowanego g\u00f3rala oraz nazw\u0119 miejscowo\u015bci \u2013 w tym przypadku \u201dSzczyrk\u201d. Kubek wykonany z najwy\u017cszej jako\u015bci szk\u0142a, bardzo wygodny w u\u017cyciu. Sprawdzi si\u0119 jako kubek do gor\u0105cych napoj\u00f3w, grzanego wina lub jako pami\u0105tka z g\u00f3r. Niedu\u017cy kubek pozwoli na delektowanie si\u0119 wybranym trunkiem i wspomnienie o pobycie w Szczyrku. Idealna pami\u0105tka z g\u00f3r.<\/p>\n","protected":false},"excerpt":{"rendered":"<div class=\"woocommerce-product-details__short-description\">\n<p><img loading=\"lazy\" class=\"alignnone size-full wp-image-5364\" src=\"http:\/\/violmax.pl\/wp-content\/uploads\/2020\/10\/VIOLMAX_POLSKA-3.jpg\" alt=\"\" width=\"300\" height=\"28\" \/><\/p>\n<p>&nbsp;<\/p>\n<p>Kubek o litra\u017cu 225 ml z wypiaskowanym motywem g\u00f3rala, potocznie nazywany \u201dgrza\u0144cem\u201d. Na kubku widzimy wypiaskowanego g\u00f3rala oraz nazw\u0119 miejscowo\u015bci \u2013 w tym przypadku \u201dSzczyrk\u201d. Kubek wykonany z najwy\u017cszej jako\u015bci szk\u0142a, bardzo wygodny w u\u017cyciu. Sprawdzi si\u0119 jako kubek do gor\u0105cych napoj\u00f3w, grzanego wina lub jako pami\u0105tka z g\u00f3r. Niedu\u017cy kubek pozwoli na delektowanie si\u0119 wybranym trunkiem i wspomnienie o pobycie w Szczyrku. Idealna pami\u0105tka z g\u00f3r.<\/p>\n<p><strong><em>Minimalna ilo\u015b\u0107 zam\u00f3wienia \u2013 6 sztuk (1 opakowanie)<\/em><br \/>\n<\/strong><\/p>\n<p><strong><em>Towar sprzedawany na opakowania<\/em><\/strong><\/p>\n<h3><span style=\"color: #ff0000;\">PRZY DODAWANIU DO KOSZYKA, NALE\u017bY DODAWA\u0106 KROTNO\u015a\u0106\u00a0 LICZBY 6 &#8211; (1 opak)\u00a0 np: 6 ; 12 ; 18 itd<\/span><\/h3>\n<h3><strong>CENA ZA SZTUK\u0118.<\/strong><\/h3>\n<\/div>\n","protected":false},"featured_media":1290,"comment_status":"open","ping_status":"closed","template":"","meta":[],"_links":{"self":[{"href":"https:\/\/violmax.pl\/index.php\/wp-json\/wp\/v2\/product\/1287"}],"collection":[{"href":"https:\/\/violmax.pl\/index.php\/wp-json\/wp\/v2\/product"}],"about":[{"href":"https:\/\/violmax.pl\/index.php\/wp-json\/wp\/v2\/types\/product"}],"replies":[{"embeddable":true,"href":"https:\/\/violmax.pl\/index.php\/wp-json\/wp\/v2\/comments?post=1287"}],"wp:featuredmedia":[{"embeddable":true,"href":"https:\/\/violmax.pl\/index.php\/wp-json\/wp\/v2\/media\/1290"}],"wp:attachment":[{"href":"https:\/\/violmax.pl\/index.php\/wp-json\/wp\/v2\/media?parent=1287"}],"curies":[{"name":"wp","href":"https:\/\/api.w.org\/{rel}","templated":true}]}}