{"id":1200,"date":"2019-09-10T11:27:51","date_gmt":"2019-09-10T09:27:51","guid":{"rendered":"http:\/\/violmax.wroclaw.pl\/?post_type=product&#038;p=1200"},"modified":"2025-12-02T13:29:21","modified_gmt":"2025-12-02T12:29:21","slug":"niechorze-kubek-apollo-350-ml-zaglowiec-szron","status":"publish","type":"product","link":"https:\/\/violmax.pl\/index.php\/produkt\/niechorze-kubek-apollo-350-ml-zaglowiec-szron\/","title":{"rendered":"NIECHORZE, KUBEK &#8220;APOLLO&#8221; 350 ML, \u017bAGLOWIEC SZRON"},"content":{"rendered":"<p>&nbsp;<\/p>\n<p><img loading=\"lazy\" class=\"alignnone size-medium wp-image-3380\" src=\"http:\/\/violmax.pl\/wp-content\/uploads\/2020\/04\/NIECHORZE_KUBEK_APOLLO_350_ML_SZRON_ZAGLOWIEC_1-300x250.jpg\" alt=\"\" width=\"300\" height=\"250\" srcset=\"https:\/\/violmax.pl\/wp-content\/uploads\/2020\/04\/NIECHORZE_KUBEK_APOLLO_350_ML_SZRON_ZAGLOWIEC_1-300x250.jpg 300w, https:\/\/violmax.pl\/wp-content\/uploads\/2020\/04\/NIECHORZE_KUBEK_APOLLO_350_ML_SZRON_ZAGLOWIEC_1-768x640.jpg 768w, https:\/\/violmax.pl\/wp-content\/uploads\/2020\/04\/NIECHORZE_KUBEK_APOLLO_350_ML_SZRON_ZAGLOWIEC_1-680x566.jpg 680w, https:\/\/violmax.pl\/wp-content\/uploads\/2020\/04\/NIECHORZE_KUBEK_APOLLO_350_ML_SZRON_ZAGLOWIEC_1.jpg 1000w\" sizes=\"(max-width: 300px) 100vw, 300px\" \/><\/p>\n<p>Kubek o pojemno\u015bci 350 ml o ciekawym kszta\u0142cie (niski z uchem). Nadaje si\u0119 generalnie do ka\u017cdego rodzaju napoj\u00f3w (woda,soki,herbata,napoje gor\u0105ce). Pi\u0119kne zdobienia, z motywem \u017caglowca \u2013 wypiaskowane dodaj\u0105 kubkowi niepowtarzalnego uroku.Na pami\u0105tce wypiaskowana jest tak\u017ce nazwa miejscowo\u015bci \u201dNiechorze\u201d. Ka\u017cdy szczeg\u00f3\u0142 wykonany jest z precyzyjn\u0105 dok\u0142adno\u015bci\u0105. Na kubku wida\u0107 wypiaskowane nawet najmniejsze elementy dzi\u0119ki czemu zwyk\u0142y kubek nabra\u0142 oryginalnego wygl\u0105du. Idealna pami\u0105tka z Niechorza. Nadaje si\u0119 do mycia w zmywarce.<\/p>\n","protected":false},"excerpt":{"rendered":"<div class=\"woocommerce-product-details__short-description\">\n<p><img loading=\"lazy\" class=\"alignnone size-full wp-image-5364\" src=\"http:\/\/violmax.pl\/wp-content\/uploads\/2020\/10\/VIOLMAX_POLSKA-3.jpg\" alt=\"\" width=\"300\" height=\"28\" \/><\/p>\n<p>&nbsp;<\/p>\n<p>Kubek o pojemno\u015bci 350 ml o ciekawym kszta\u0142cie (niski z uchem). Nadaje si\u0119 generalnie do ka\u017cdego rodzaju napoj\u00f3w (woda,soki,herbata,napoje gor\u0105ce). Pi\u0119kne zdobienia, z motywem \u017caglowca \u2013 wypiaskowane dodaj\u0105 kubkowi niepowtarzalnego uroku.Na pami\u0105tce wypiaskowana jest tak\u017ce nazwa miejscowo\u015bci \u201dNiechorze\u201d. Ka\u017cdy szczeg\u00f3\u0142 wykonany jest z precyzyjn\u0105 dok\u0142adno\u015bci\u0105. Na kubku wida\u0107 wypiaskowane nawet najmniejsze elementy dzi\u0119ki czemu zwyk\u0142y kubek nabra\u0142 oryginalnego wygl\u0105du. Idealna pami\u0105tka z Niechorza. Nadaje si\u0119 do mycia w zmywarce.<\/p>\n<p><strong><em>Minimalna ilo\u015b\u0107 zam\u00f3wienia \u2013 9 sztuk (1 opakowanie)<\/em><br \/>\n<\/strong><\/p>\n<h4><em>Towar sprzedawany na opakowania<\/em><\/h4>\n<h3><span style=\"color: #ff0000;\">PRZY DODAWANIU DO KOSZYKA, NALE\u017bY DODAWA\u0106 KROTNO\u015a\u0106\u00a0 9 SZT &#8211; 1 OPAKOWANIE np: 9 ; 18 ; 27 itd<\/span><\/h3>\n<h3>CENA ZA SZTUK\u0118<\/h3>\n<\/div>\n","protected":false},"featured_media":3380,"comment_status":"open","ping_status":"closed","template":"","meta":[],"_links":{"self":[{"href":"https:\/\/violmax.pl\/index.php\/wp-json\/wp\/v2\/product\/1200"}],"collection":[{"href":"https:\/\/violmax.pl\/index.php\/wp-json\/wp\/v2\/product"}],"about":[{"href":"https:\/\/violmax.pl\/index.php\/wp-json\/wp\/v2\/types\/product"}],"replies":[{"embeddable":true,"href":"https:\/\/violmax.pl\/index.php\/wp-json\/wp\/v2\/comments?post=1200"}],"wp:featuredmedia":[{"embeddable":true,"href":"https:\/\/violmax.pl\/index.php\/wp-json\/wp\/v2\/media\/3380"}],"wp:attachment":[{"href":"https:\/\/violmax.pl\/index.php\/wp-json\/wp\/v2\/media?parent=1200"}],"curies":[{"name":"wp","href":"https:\/\/api.w.org\/{rel}","templated":true}]}}