{"id":1091,"date":"2019-09-05T15:22:01","date_gmt":"2019-09-05T13:22:01","guid":{"rendered":"http:\/\/violmax.wroclaw.pl\/?post_type=product&#038;p=1091"},"modified":"2025-12-02T13:29:52","modified_gmt":"2025-12-02T12:29:52","slug":"polanica-zdroj-szklanka-do-piwa-spirala-05-l-pijalnia-szron","status":"publish","type":"product","link":"https:\/\/violmax.pl\/index.php\/produkt\/polanica-zdroj-szklanka-do-piwa-spirala-05-l-pijalnia-szron\/","title":{"rendered":"POLANICA ZDR\u00d3J, SZKLANKA DO PIWA &#8220;SPIRALA&#8221; 665 ML, PIJALNIA SZRON"},"content":{"rendered":"<p><img loading=\"lazy\" class=\"alignnone size-medium wp-image-2122\" src=\"http:\/\/violmax.pl\/wp-content\/uploads\/2020\/03\/POLANICA_ZDROJ_SPIRALA_PIJALNIA_A-187x300.jpg\" alt=\"\" width=\"187\" height=\"300\" srcset=\"https:\/\/violmax.pl\/wp-content\/uploads\/2020\/03\/POLANICA_ZDROJ_SPIRALA_PIJALNIA_A-187x300.jpg 187w, https:\/\/violmax.pl\/wp-content\/uploads\/2020\/03\/POLANICA_ZDROJ_SPIRALA_PIJALNIA_A-768x1229.jpg 768w, https:\/\/violmax.pl\/wp-content\/uploads\/2020\/03\/POLANICA_ZDROJ_SPIRALA_PIJALNIA_A-640x1024.jpg 640w, https:\/\/violmax.pl\/wp-content\/uploads\/2020\/03\/POLANICA_ZDROJ_SPIRALA_PIJALNIA_A-680x1088.jpg 680w, https:\/\/violmax.pl\/wp-content\/uploads\/2020\/03\/POLANICA_ZDROJ_SPIRALA_PIJALNIA_A.jpg 1579w\" sizes=\"(max-width: 187px) 100vw, 187px\" \/><img loading=\"lazy\" class=\"alignnone size-medium wp-image-2123\" src=\"http:\/\/violmax.pl\/wp-content\/uploads\/2020\/03\/POLANICA_ZDROJ_SPIRALA_PIJALNIA_B-188x300.jpg\" alt=\"\" width=\"188\" height=\"300\" srcset=\"https:\/\/violmax.pl\/wp-content\/uploads\/2020\/03\/POLANICA_ZDROJ_SPIRALA_PIJALNIA_B-188x300.jpg 188w, https:\/\/violmax.pl\/wp-content\/uploads\/2020\/03\/POLANICA_ZDROJ_SPIRALA_PIJALNIA_B-768x1229.jpg 768w, https:\/\/violmax.pl\/wp-content\/uploads\/2020\/03\/POLANICA_ZDROJ_SPIRALA_PIJALNIA_B-640x1024.jpg 640w, https:\/\/violmax.pl\/wp-content\/uploads\/2020\/03\/POLANICA_ZDROJ_SPIRALA_PIJALNIA_B-680x1088.jpg 680w, https:\/\/violmax.pl\/wp-content\/uploads\/2020\/03\/POLANICA_ZDROJ_SPIRALA_PIJALNIA_B.jpg 1590w\" sizes=\"(max-width: 188px) 100vw, 188px\" \/><\/p>\n<p>Szklanka do piwa &#8220;SPIRALA&#8221; o litra\u017cu 0,665 litra. Zdobiona efektownymi frezami w szkle na dole. Do po\u0142owy w szronie, z wypiaskowanymi motywami typowymi dla Polanicy. Przepi\u0119kna i dostojna pami\u0105tka z robi\u0105cymi wra\u017cenie zdobieniami.Idealna pami\u0105tka z g\u00f3r. Nadaje si\u0119 do mycia w zmywarce.<\/p>\n","protected":false},"excerpt":{"rendered":"<div class=\"woocommerce-product-details__short-description\">\n<p><img loading=\"lazy\" class=\"alignnone size-full wp-image-5364\" src=\"http:\/\/violmax.pl\/wp-content\/uploads\/2020\/10\/VIOLMAX_POLSKA-3.jpg\" alt=\"\" width=\"300\" height=\"28\" \/><\/p>\n<p>&nbsp;<\/p>\n<p>Szklanka do piwa &#8220;SPIRALA&#8221; o litra\u017cu 0,665 litra. Zdobiona efektownymi frezami w szkle na dole. Do po\u0142owy w szronie, z wypiaskowanymi motywami typowymi dla Polanicy. Przepi\u0119kna i dostojna pami\u0105tka z robi\u0105cymi wra\u017cenie zdobieniami.Idealna pami\u0105tka z g\u00f3r. Nadaje si\u0119 do mycia w zmywarce.<\/p>\n<p><strong><em>Minimalna ilo\u015b\u0107 zam\u00f3wienia \u2013 6 sztuk (1 opakowanie)<\/em><br \/>\n<\/strong><\/p>\n<p><strong><em>Towar sprzedawany na opakowania<\/em><\/strong><\/p>\n<h3><span style=\"color: #ff0000;\">PRZY DODAWANIU DO KOSZYKA, NALE\u017bY DODAWA\u0106 KROTNO\u015a\u0106\u00a0 LICZBY 6 &#8211; (1 opak)\u00a0 np: 6 ; 12 ; 18 itd<\/span><\/h3>\n<h3><strong>CENA ZA SZTUK\u0118.<\/strong><\/h3>\n<\/div>\n","protected":false},"featured_media":2122,"comment_status":"open","ping_status":"closed","template":"","meta":[],"_links":{"self":[{"href":"https:\/\/violmax.pl\/index.php\/wp-json\/wp\/v2\/product\/1091"}],"collection":[{"href":"https:\/\/violmax.pl\/index.php\/wp-json\/wp\/v2\/product"}],"about":[{"href":"https:\/\/violmax.pl\/index.php\/wp-json\/wp\/v2\/types\/product"}],"replies":[{"embeddable":true,"href":"https:\/\/violmax.pl\/index.php\/wp-json\/wp\/v2\/comments?post=1091"}],"wp:featuredmedia":[{"embeddable":true,"href":"https:\/\/violmax.pl\/index.php\/wp-json\/wp\/v2\/media\/2122"}],"wp:attachment":[{"href":"https:\/\/violmax.pl\/index.php\/wp-json\/wp\/v2\/media?parent=1091"}],"curies":[{"name":"wp","href":"https:\/\/api.w.org\/{rel}","templated":true}]}}