{"id":10889,"date":"2024-05-12T10:05:10","date_gmt":"2024-05-12T08:05:10","guid":{"rendered":"https:\/\/violmax.pl\/?post_type=product&#038;p=10889"},"modified":"2025-12-02T12:26:38","modified_gmt":"2025-12-02T11:26:38","slug":"sopot-kufel-do-piwa-chmiel-500-ml-blacha","status":"publish","type":"product","link":"https:\/\/violmax.pl\/index.php\/produkt\/sopot-kufel-do-piwa-chmiel-500-ml-blacha\/","title":{"rendered":"SOPOT, KUFEL DO PIWA &#8220;CHMIEL&#8221; 0,5 LITRA, BLACHA"},"content":{"rendered":"<p><img loading=\"lazy\" class=\"alignnone size-medium wp-image-10874\" src=\"https:\/\/violmax.pl\/wp-content\/uploads\/2024\/05\/Sopot_kufel_do_piwa_chmiel_500_ml_blacha-300x240.png\" alt=\"\" width=\"300\" height=\"240\" srcset=\"https:\/\/violmax.pl\/wp-content\/uploads\/2024\/05\/Sopot_kufel_do_piwa_chmiel_500_ml_blacha-300x240.png 300w, https:\/\/violmax.pl\/wp-content\/uploads\/2024\/05\/Sopot_kufel_do_piwa_chmiel_500_ml_blacha-768x614.png 768w, https:\/\/violmax.pl\/wp-content\/uploads\/2024\/05\/Sopot_kufel_do_piwa_chmiel_500_ml_blacha-320x256.png 320w, https:\/\/violmax.pl\/wp-content\/uploads\/2024\/05\/Sopot_kufel_do_piwa_chmiel_500_ml_blacha-680x544.png 680w, https:\/\/violmax.pl\/wp-content\/uploads\/2024\/05\/Sopot_kufel_do_piwa_chmiel_500_ml_blacha.png 900w\" sizes=\"(max-width: 300px) 100vw, 300px\" \/><\/p>\n<p>Kufel do piwa \u201dChmiel\u201d o litra\u017cu 0,5 litra. Ozdobiony jest pod\u0142u\u017cnymi wg\u0142\u0119bieniami na zewn\u0105trz, co sprawia \u017ce przenikaj\u0105ce przez niego \u015bwiat\u0142o, daje \u015bwietne efekty wizualne. Na \u015brodku umieszczony jest odlew metalowy z wizerunkiem &#8220;Krzywego Domku&#8221;. Na pami\u0105tce zosta\u0142a umieszczona tak\u017ce szarfa z metalu, z nazw\u0105 miejscowo\u015bci \u201dSopot\u201d. Bardzo wygodny, klasyczny kufel do piwa, kt\u00f3ry dzi\u0119ki takiemu okaza\u0142emu zdobieniu nabra\u0142 oryginalno\u015bci. Idealna pami\u0105tka z Sopotu.<\/p>\n","protected":false},"excerpt":{"rendered":"<div class=\"woocommerce-product-details__short-description\">\n<div class=\"woocommerce-product-details__short-description\">\n<div class=\"woocommerce-product-details__short-description\">\n<div class=\"woocommerce-product-details__short-description\">\n<div class=\"woocommerce-product-details__short-description\">\n<p><img loading=\"lazy\" class=\"alignnone size-medium wp-image-3492\" src=\"http:\/\/violmax.pl\/wp-content\/uploads\/2020\/05\/VIOLMAX_POLSKA-300x28.jpg\" alt=\"\" width=\"300\" height=\"28\" \/><\/p>\n<p>&nbsp;<\/p>\n<p>Kufel do piwa \u201dChmiel\u201d o litra\u017cu 0,5 litra. Ozdobiony jest pod\u0142u\u017cnymi wg\u0142\u0119bieniami na zewn\u0105trz, co sprawia \u017ce przenikaj\u0105ce przez niego \u015bwiat\u0142o, daje \u015bwietne efekty wizualne. Na \u015brodku umieszczony jest odlew metalowy z wizerunkiem &#8220;Krzywego Domku&#8221;. Na pami\u0105tce zosta\u0142a umieszczona tak\u017ce szarfa z metalu, z nazw\u0105 miejscowo\u015bci \u201dSopot\u201d. Bardzo wygodny, klasyczny kufel do piwa, kt\u00f3ry dzi\u0119ki takiemu okaza\u0142emu zdobieniu nabra\u0142 oryginalno\u015bci. Idealna pami\u0105tka z Sopotu.<\/p>\n<p><strong><em>Minimalna ilo\u015b\u0107 zam\u00f3wienia \u2013 6 sztuk (1 opakowanie)<\/em><br \/>\n<\/strong><\/p>\n<p><strong><em>Towar sprzedawany na opakowania<\/em><\/strong><\/p>\n<h3><span style=\"color: #ff0000;\">PRZY DODAWANIU DO KOSZYKA, NALE\u017bY DODAWA\u0106 KROTNO\u015a\u0106\u00a0 LICZBY 6 &#8211; (1 opak)\u00a0 np: 6 ; 12 ; 18 itd<\/span><\/h3>\n<h3><strong>CENA ZA SZTUK\u0118.<\/strong><\/h3>\n<\/div>\n<\/div>\n<\/div>\n<\/div>\n<\/div>\n","protected":false},"featured_media":10874,"comment_status":"open","ping_status":"closed","template":"","meta":[],"_links":{"self":[{"href":"https:\/\/violmax.pl\/index.php\/wp-json\/wp\/v2\/product\/10889"}],"collection":[{"href":"https:\/\/violmax.pl\/index.php\/wp-json\/wp\/v2\/product"}],"about":[{"href":"https:\/\/violmax.pl\/index.php\/wp-json\/wp\/v2\/types\/product"}],"replies":[{"embeddable":true,"href":"https:\/\/violmax.pl\/index.php\/wp-json\/wp\/v2\/comments?post=10889"}],"wp:featuredmedia":[{"embeddable":true,"href":"https:\/\/violmax.pl\/index.php\/wp-json\/wp\/v2\/media\/10874"}],"wp:attachment":[{"href":"https:\/\/violmax.pl\/index.php\/wp-json\/wp\/v2\/media?parent=10889"}],"curies":[{"name":"wp","href":"https:\/\/api.w.org\/{rel}","templated":true}]}}