{"id":10657,"date":"2024-03-17T16:39:22","date_gmt":"2024-03-17T15:39:22","guid":{"rendered":"https:\/\/violmax.pl\/?post_type=product&#038;p=10657"},"modified":"2025-12-02T12:28:30","modified_gmt":"2025-12-02T11:28:30","slug":"krakow-szklanka-do-whisky-ascot-300-ml-wawel-szron","status":"publish","type":"product","link":"https:\/\/violmax.pl\/index.php\/produkt\/krakow-szklanka-do-whisky-ascot-300-ml-wawel-szron\/","title":{"rendered":"KRAK\u00d3W, SZKLANKA DO WHISKY &#8220;ASCOT&#8221; 300 ML, ZAMEK KR\u00d3LEWSKI NA WAWELU, SZRON"},"content":{"rendered":"<p><img loading=\"lazy\" class=\"alignnone size-medium wp-image-10643\" src=\"https:\/\/violmax.pl\/wp-content\/uploads\/2024\/03\/krakow_szklanka_do_whisky_ascot_300_ml_wawel_szron-300x240.png\" alt=\"\" width=\"300\" height=\"240\" srcset=\"https:\/\/violmax.pl\/wp-content\/uploads\/2024\/03\/krakow_szklanka_do_whisky_ascot_300_ml_wawel_szron-300x240.png 300w, https:\/\/violmax.pl\/wp-content\/uploads\/2024\/03\/krakow_szklanka_do_whisky_ascot_300_ml_wawel_szron-768x614.png 768w, https:\/\/violmax.pl\/wp-content\/uploads\/2024\/03\/krakow_szklanka_do_whisky_ascot_300_ml_wawel_szron-320x256.png 320w, https:\/\/violmax.pl\/wp-content\/uploads\/2024\/03\/krakow_szklanka_do_whisky_ascot_300_ml_wawel_szron-680x544.png 680w, https:\/\/violmax.pl\/wp-content\/uploads\/2024\/03\/krakow_szklanka_do_whisky_ascot_300_ml_wawel_szron.png 900w\" sizes=\"(max-width: 300px) 100vw, 300px\" \/><\/p>\n<p>Szklanka do whisky &#8216;ASCOT&#8221; o pojemno\u015bci 300 ml. Ca\u0142a szklanka jest precyzyjnie wypiaskowana. Widnieje na niej wypiaskowany Zamek Kr\u00f3lewski na Wawelu oraz z ty\u0142u napis \u201dKrak\u00f3w\u201d. Bardzo wygodnie utrzymuje si\u0119 w d\u0142oni. W dolnej cz\u0119\u015bci szklanka jest ozdobiona sko\u015bnymi bruzdami, co powoduje dodatkowy efekt wizualny. Dzi\u0119ki zdobieniu metod\u0105 piaskowania, szklanka nadaje si\u0119 do mycia w zmywarkach. Idealna pami\u0105tka z Krakowa.<\/p>\n<p>Istnieje mo\u017cliwo\u015b\u0107 zdobienia w innym wzorze, pod zam\u00f3wienie klienta.<\/p>\n","protected":false},"excerpt":{"rendered":"<div class=\"woocommerce-product-details__short-description\">\n<p><img loading=\"lazy\" class=\"alignnone size-full wp-image-5364\" src=\"http:\/\/violmax.pl\/wp-content\/uploads\/2020\/10\/VIOLMAX_POLSKA-3.jpg\" alt=\"\" width=\"300\" height=\"28\" \/><\/p>\n<p>&nbsp;<\/p>\n<p>Szklanka do whisky &#8216;ASCOT&#8221; o pojemno\u015bci 300 ml. Ca\u0142a szklanka jest precyzyjnie wypiaskowana. Widnieje na niej wypiaskowany Zamek Kr\u00f3lewski na Wawelu oraz z ty\u0142u napis \u201dKrak\u00f3w\u201d. Bardzo wygodnie utrzymuje si\u0119 w d\u0142oni. W dolnej cz\u0119\u015bci szklanka jest ozdobiona sko\u015bnymi bruzdami, co powoduje dodatkowy efekt wizualny. Dzi\u0119ki zdobieniu metod\u0105 piaskowania, szklanka nadaje si\u0119 do mycia w zmywarkach. Idealna pami\u0105tka z Krakowa.<\/p>\n<p>Istnieje mo\u017cliwo\u015b\u0107 zdobienia w innym wzorze, pod zam\u00f3wienie klienta.<\/p>\n<p><strong><em>Minimalna ilo\u015b\u0107 zam\u00f3wienia \u2013 3 sztuk (1 opakowanie)<\/em><br \/>\n<\/strong><\/p>\n<p><strong><em>Towar sprzedawany na opakowania<\/em><\/strong><\/p>\n<h3><span style=\"color: #ff0000;\">PRZY DODAWANIU DO KOSZYKA, NALE\u017bY DODAWA\u0106 KROTNO\u015a\u0106\u00a0 LICZBY 6 &#8211; (1 opak)\u00a0 np: 3 ; 6 ; 9 itd<\/span><\/h3>\n<h3><strong>CENA ZA SZTUK\u0118.<\/strong><\/h3>\n<\/div>\n","protected":false},"featured_media":10643,"comment_status":"open","ping_status":"closed","template":"","meta":[],"_links":{"self":[{"href":"https:\/\/violmax.pl\/index.php\/wp-json\/wp\/v2\/product\/10657"}],"collection":[{"href":"https:\/\/violmax.pl\/index.php\/wp-json\/wp\/v2\/product"}],"about":[{"href":"https:\/\/violmax.pl\/index.php\/wp-json\/wp\/v2\/types\/product"}],"replies":[{"embeddable":true,"href":"https:\/\/violmax.pl\/index.php\/wp-json\/wp\/v2\/comments?post=10657"}],"wp:featuredmedia":[{"embeddable":true,"href":"https:\/\/violmax.pl\/index.php\/wp-json\/wp\/v2\/media\/10643"}],"wp:attachment":[{"href":"https:\/\/violmax.pl\/index.php\/wp-json\/wp\/v2\/media?parent=10657"}],"curies":[{"name":"wp","href":"https:\/\/api.w.org\/{rel}","templated":true}]}}