{"id":10606,"date":"2024-03-11T14:01:41","date_gmt":"2024-03-11T13:01:41","guid":{"rendered":"https:\/\/violmax.pl\/?post_type=product&#038;p=10606"},"modified":"2025-12-02T12:28:34","modified_gmt":"2025-12-02T11:28:34","slug":"kolobrzeg-kufel-do-piwa-dominik-670-ml-polska-jednostronny-szron","status":"publish","type":"product","link":"https:\/\/violmax.pl\/index.php\/produkt\/kolobrzeg-kufel-do-piwa-dominik-670-ml-polska-jednostronny-szron\/","title":{"rendered":"KO\u0141OBRZEG, KUFEL DO PIWA &#8220;DOMINIK&#8221; 0,67 LITRA, POLSKA &#8211; LATARNIA MORSKA, JEDNOSTRONNY, SZRON"},"content":{"rendered":"<p><img loading=\"lazy\" class=\"alignnone size-medium wp-image-10605\" src=\"https:\/\/violmax.pl\/wp-content\/uploads\/2024\/03\/kolobrzeg_kufel_do_piwa_dominik_670_ml_polska_jednostronny_szron-240x300.png\" alt=\"\" width=\"240\" height=\"300\" srcset=\"https:\/\/violmax.pl\/wp-content\/uploads\/2024\/03\/kolobrzeg_kufel_do_piwa_dominik_670_ml_polska_jednostronny_szron-240x300.png 240w, https:\/\/violmax.pl\/wp-content\/uploads\/2024\/03\/kolobrzeg_kufel_do_piwa_dominik_670_ml_polska_jednostronny_szron-680x850.png 680w, https:\/\/violmax.pl\/wp-content\/uploads\/2024\/03\/kolobrzeg_kufel_do_piwa_dominik_670_ml_polska_jednostronny_szron.png 720w\" sizes=\"(max-width: 240px) 100vw, 240px\" \/><\/p>\n<p>Kufel do piwa \u201dDOMINIK\u201d o litra\u017cu 0,67 litra. Kufel jest wykonany z wysokiej jako\u015bci szk\u0142a. Jest on wypiaskowany do po\u0142owy jego wysoko\u015bci, co sprawia wra\u017cenie jak by by\u0142 zmro\u017cony. Ozdobiony jest zarysem granic Polski a w \u015brodku umieszczona jest latarnia morska w Ko\u0142obrzegu oraz napis &#8220;KO\u0141OBRZEG. Kufel ozdobiony jest z jednej strony. Bardzo wygodny, klasyczny kufel do piwa, kt\u00f3ry dzi\u0119ki takiemu okaza\u0142emu zdobieniu nabra\u0142 oryginalno\u015bci. Idealna pami\u0105tka z Ko\u0142obrzegu. Nadaje si\u0119 do mycia w zmywarkach.<\/p>\n","protected":false},"excerpt":{"rendered":"<p><img loading=\"lazy\" class=\"alignnone size-full wp-image-5364\" src=\"http:\/\/violmax.pl\/wp-content\/uploads\/2020\/10\/VIOLMAX_POLSKA-3.jpg\" alt=\"\" width=\"300\" height=\"28\" \/><\/p>\n<p>&nbsp;<\/p>\n<p>Kufel do piwa \u201dDOMINIK\u201d o litra\u017cu 0,67 litra. Kufel jest wykonany z wysokiej jako\u015bci szk\u0142a. Jest on wypiaskowany do po\u0142owy jego wysoko\u015bci, co sprawia wra\u017cenie jak by by\u0142 zmro\u017cony. Ozdobiony jest zarysem granic Polski a w \u015brodku umieszczona jest latarnia morska w Ko\u0142obrzegu oraz napis &#8220;KO\u0141OBRZEG. Kufel ozdobiony jest z jednej strony. Bardzo wygodny, klasyczny kufel do piwa, kt\u00f3ry dzi\u0119ki takiemu okaza\u0142emu zdobieniu nabra\u0142 oryginalno\u015bci. Idealna pami\u0105tka z Ko\u0142obrzegu. Nadaje si\u0119 do mycia w zmywarkach.<\/p>\n<p><strong><em>Minimalna ilo\u015b\u0107 zam\u00f3wienia &#8211; 6 sztuk (1 opakowanie)<\/em><br \/>\n<\/strong><\/p>\n<p><strong><em>Towar sprzedawany na opakowania<\/em><\/strong><\/p>\n<h3><span style=\"color: #ff0000;\">PRZY DODAWANIU DO KOSZYKA, NALE\u017bY DODAWA\u0106 KROTNO\u015a\u0106\u00a0 6 SZT &#8211; 1 OPAKOWANIE<\/span><\/h3>\n<h3><strong>CENA ZA SZTUK\u0118.<\/strong><\/h3>\n","protected":false},"featured_media":10605,"comment_status":"open","ping_status":"closed","template":"","meta":[],"_links":{"self":[{"href":"https:\/\/violmax.pl\/index.php\/wp-json\/wp\/v2\/product\/10606"}],"collection":[{"href":"https:\/\/violmax.pl\/index.php\/wp-json\/wp\/v2\/product"}],"about":[{"href":"https:\/\/violmax.pl\/index.php\/wp-json\/wp\/v2\/types\/product"}],"replies":[{"embeddable":true,"href":"https:\/\/violmax.pl\/index.php\/wp-json\/wp\/v2\/comments?post=10606"}],"wp:featuredmedia":[{"embeddable":true,"href":"https:\/\/violmax.pl\/index.php\/wp-json\/wp\/v2\/media\/10605"}],"wp:attachment":[{"href":"https:\/\/violmax.pl\/index.php\/wp-json\/wp\/v2\/media?parent=10606"}],"curies":[{"name":"wp","href":"https:\/\/api.w.org\/{rel}","templated":true}]}}