{"id":10590,"date":"2024-03-08T10:55:09","date_gmt":"2024-03-08T09:55:09","guid":{"rendered":"https:\/\/violmax.pl\/?post_type=product&#038;p=10590"},"modified":"2025-12-02T12:28:35","modified_gmt":"2025-12-02T11:28:35","slug":"debki-kubek-jumbo-400-ml-kapitan-roza-wiatrow-rybak-szron","status":"publish","type":"product","link":"https:\/\/violmax.pl\/index.php\/produkt\/debki-kubek-jumbo-400-ml-kapitan-roza-wiatrow-rybak-szron\/","title":{"rendered":"D\u0118BKI, KUBEK \u201dJUMBO\u201d 400 ml, KAPITAN, R\u00d3\u017bA WIATR\u00d3W, RYBAK, SZRON"},"content":{"rendered":"<p><img loading=\"lazy\" class=\"alignnone size-medium wp-image-10580\" src=\"https:\/\/violmax.pl\/wp-content\/uploads\/2024\/03\/debki_kubek_jumbo_400_ml_kapitan_roza_wiatrow_rybak_szron-300x240.png\" alt=\"\" width=\"300\" height=\"240\" srcset=\"https:\/\/violmax.pl\/wp-content\/uploads\/2024\/03\/debki_kubek_jumbo_400_ml_kapitan_roza_wiatrow_rybak_szron-300x240.png 300w, https:\/\/violmax.pl\/wp-content\/uploads\/2024\/03\/debki_kubek_jumbo_400_ml_kapitan_roza_wiatrow_rybak_szron-768x614.png 768w, https:\/\/violmax.pl\/wp-content\/uploads\/2024\/03\/debki_kubek_jumbo_400_ml_kapitan_roza_wiatrow_rybak_szron-320x256.png 320w, https:\/\/violmax.pl\/wp-content\/uploads\/2024\/03\/debki_kubek_jumbo_400_ml_kapitan_roza_wiatrow_rybak_szron-680x544.png 680w, https:\/\/violmax.pl\/wp-content\/uploads\/2024\/03\/debki_kubek_jumbo_400_ml_kapitan_roza_wiatrow_rybak_szron.png 900w\" sizes=\"(max-width: 300px) 100vw, 300px\" \/><\/p>\n<p>Kubek &#8220;JUMBO&#8221; o pojemno\u015bci 400 ml . Kubek wykonany jest z bardzo trwa\u0142ego, grubego szk\u0142a o wysokiej jako\u015bci. Ozdobiony jest metod\u0105 piaskowania, co sprawia wra\u017cenie jak by by\u0142 zmro\u017cony. Idealny na pami\u0105tk\u0119 dla ka\u017cdego \u2013 kto lubi kaw\u0119. \u015awietna pami\u0105tka z D\u0119bek. Nadaje si\u0119 do mycia w zmywarce.<\/p>\n","protected":false},"excerpt":{"rendered":"<p><img loading=\"lazy\" class=\"alignnone size-medium wp-image-3492\" src=\"http:\/\/violmax.pl\/wp-content\/uploads\/2020\/05\/VIOLMAX_POLSKA-300x28.jpg\" alt=\"\" width=\"300\" height=\"28\" \/><\/p>\n<div class=\"woocommerce-product-details__short-description\">\n<div class=\"woocommerce-product-details__short-description\">\n<p>&nbsp;<\/p>\n<p>Kubek &#8220;JUMBO&#8221; o pojemno\u015bci 400 ml . Kubek wykonany jest z bardzo trwa\u0142ego, grubego szk\u0142a o wysokiej jako\u015bci. Ozdobiony jest metod\u0105 piaskowania, co sprawia wra\u017cenie jak by by\u0142 zmro\u017cony. Idealny na pami\u0105tk\u0119 dla ka\u017cdego \u2013 kto lubi kaw\u0119. \u015awietna pami\u0105tka z D\u0119bek. Nadaje si\u0119 do mycia w zmywarce.<\/p>\n<p><strong><em>Minimalna ilo\u015b\u0107 zam\u00f3wienia \u2013 6 sztuk (1 opakowanie)<\/em><br \/>\n<\/strong><\/p>\n<p><strong><em>Towar sprzedawany na opakowania<\/em><\/strong><\/p>\n<h3><span style=\"color: #ff0000;\">PRZY DODAWANIU DO KOSZYKA, NALE\u017bY DODAWA\u0106 KROTNO\u015a\u0106\u00a0 LICZBY 6 &#8211; (1 opak)\u00a0 np: 6 ; 12 ; 18 itd<\/span><\/h3>\n<h3><strong>CENA ZA SZTUK\u0118.<\/strong><\/h3>\n<\/div>\n<\/div>\n","protected":false},"featured_media":10580,"comment_status":"open","ping_status":"closed","template":"","meta":[],"_links":{"self":[{"href":"https:\/\/violmax.pl\/index.php\/wp-json\/wp\/v2\/product\/10590"}],"collection":[{"href":"https:\/\/violmax.pl\/index.php\/wp-json\/wp\/v2\/product"}],"about":[{"href":"https:\/\/violmax.pl\/index.php\/wp-json\/wp\/v2\/types\/product"}],"replies":[{"embeddable":true,"href":"https:\/\/violmax.pl\/index.php\/wp-json\/wp\/v2\/comments?post=10590"}],"wp:featuredmedia":[{"embeddable":true,"href":"https:\/\/violmax.pl\/index.php\/wp-json\/wp\/v2\/media\/10580"}],"wp:attachment":[{"href":"https:\/\/violmax.pl\/index.php\/wp-json\/wp\/v2\/media?parent=10590"}],"curies":[{"name":"wp","href":"https:\/\/api.w.org\/{rel}","templated":true}]}}