{"id":10370,"date":"2023-10-25T20:51:20","date_gmt":"2023-10-25T18:51:20","guid":{"rendered":"http:\/\/violmax.pl\/?post_type=product&#038;p=10370"},"modified":"2025-12-02T12:36:35","modified_gmt":"2025-12-02T11:36:35","slug":"zakopane-szklanka-do-napojow-aga-325-ml-harnas-szron","status":"publish","type":"product","link":"https:\/\/violmax.pl\/index.php\/produkt\/zakopane-szklanka-do-napojow-aga-325-ml-harnas-szron\/","title":{"rendered":"ZAKOPANE, SZKLANKA DO NAPOJ\u00d3W &#8220;AGA&#8221; 325 ML, HARNA\u015a, SZRON"},"content":{"rendered":"<p><img loading=\"lazy\" class=\"alignnone size-medium wp-image-10360\" src=\"http:\/\/violmax.pl\/wp-content\/uploads\/2023\/10\/Zakopane_szklanka_do_napojow_aga_wysoka_325_ml_harnas_szron-300x300.png\" alt=\"\" width=\"300\" height=\"300\" srcset=\"https:\/\/violmax.pl\/wp-content\/uploads\/2023\/10\/Zakopane_szklanka_do_napojow_aga_wysoka_325_ml_harnas_szron-300x300.png 300w, https:\/\/violmax.pl\/wp-content\/uploads\/2023\/10\/Zakopane_szklanka_do_napojow_aga_wysoka_325_ml_harnas_szron-768x768.png 768w, https:\/\/violmax.pl\/wp-content\/uploads\/2023\/10\/Zakopane_szklanka_do_napojow_aga_wysoka_325_ml_harnas_szron-680x680.png 680w, https:\/\/violmax.pl\/wp-content\/uploads\/2023\/10\/Zakopane_szklanka_do_napojow_aga_wysoka_325_ml_harnas_szron-100x100.png 100w, https:\/\/violmax.pl\/wp-content\/uploads\/2023\/10\/Zakopane_szklanka_do_napojow_aga_wysoka_325_ml_harnas_szron.png 900w\" sizes=\"(max-width: 300px) 100vw, 300px\" \/><\/p>\n<p>&nbsp;<\/p>\n<p>Szklanka do napoj\u00f3w &#8220;AGA&#8221; o pojemno\u015bci 325 ml. Jest na niej wypiaskowany motyw typowym dla Zakopanego, &#8220;HARNASIA&#8221; a z ty\u0142u napis ZAKOPANE wraz z g\u00f3r\u0105 Giewont. Piaskowanie powoduje \u017ce szklanka sprawia wra\u017cenia jak by by\u0142a zmro\u017cona. Szklanka ozdobiona jest w jej dolnej cz\u0119\u015bci kwadratowymi wgnieceniami, co sprawia \u017ce przep\u0142ywaj\u0105ce przez nie \u015bwiat\u0142o daje efekty \u015bwietlne. Przepi\u0119kna i dostojna pami\u0105tka z robi\u0105cymi wra\u017cenie zdobieniem. Idealna pami\u0105tka z Zakopanego. Nadaje si\u0119 do mycia w zmywarce.<\/p>\n","protected":false},"excerpt":{"rendered":"<p><img loading=\"lazy\" class=\"alignnone size-full wp-image-5364\" src=\"http:\/\/violmax.pl\/wp-content\/uploads\/2020\/10\/VIOLMAX_POLSKA-3.jpg\" alt=\"\" width=\"300\" height=\"28\" \/><\/p>\n<p>Szklanka do napoj\u00f3w &#8220;AGA&#8221; o pojemno\u015bci 325 ml. Jest na niej wypiaskowany motyw typowym dla Zakopanego, &#8220;HARNASIA&#8221; a z ty\u0142u napis ZAKOPANE wraz z g\u00f3r\u0105 Giewont. Piaskowanie powoduje \u017ce szklanka sprawia wra\u017cenia jak by by\u0142a zmro\u017cona. Szklanka ozdobiona jest w jej dolnej cz\u0119\u015bci kwadratowymi wgnieceniami, co sprawia \u017ce przep\u0142ywaj\u0105ce przez nie \u015bwiat\u0142o daje efekty \u015bwietlne. Przepi\u0119kna i dostojna pami\u0105tka z robi\u0105cymi wra\u017cenie zdobieniem. Idealna pami\u0105tka z Zakopanego. Nadaje si\u0119 do mycia w zmywarce.<\/p>\n<p><strong><em>Minimalna ilo\u015b\u0107 zam\u00f3wienia &#8211; 6 sztuk (1 opakowanie)<\/em><br \/>\n<\/strong><\/p>\n<p><strong><em>Towar sprzedawany na opakowania<\/em><\/strong><\/p>\n<h3><span style=\"color: #ff0000;\">PRZY DODAWANIU DO KOSZYKA, NALE\u017bY DODAWA\u0106 KROTNO\u015a\u0106\u00a0 LICZBY 6 &#8211; (1 opak)\u00a0 np: 6 ; 12 ; 18 itd<\/span><\/h3>\n<h3><strong>CENA ZA SZTUK\u0118.<\/strong><\/h3>\n<h2><strong>\u00a0<\/strong><\/h2>\n","protected":false},"featured_media":10360,"comment_status":"open","ping_status":"closed","template":"","meta":[],"_links":{"self":[{"href":"https:\/\/violmax.pl\/index.php\/wp-json\/wp\/v2\/product\/10370"}],"collection":[{"href":"https:\/\/violmax.pl\/index.php\/wp-json\/wp\/v2\/product"}],"about":[{"href":"https:\/\/violmax.pl\/index.php\/wp-json\/wp\/v2\/types\/product"}],"replies":[{"embeddable":true,"href":"https:\/\/violmax.pl\/index.php\/wp-json\/wp\/v2\/comments?post=10370"}],"wp:featuredmedia":[{"embeddable":true,"href":"https:\/\/violmax.pl\/index.php\/wp-json\/wp\/v2\/media\/10360"}],"wp:attachment":[{"href":"https:\/\/violmax.pl\/index.php\/wp-json\/wp\/v2\/media?parent=10370"}],"curies":[{"name":"wp","href":"https:\/\/api.w.org\/{rel}","templated":true}]}}