{"id":10307,"date":"2023-10-13T21:04:17","date_gmt":"2023-10-13T19:04:17","guid":{"rendered":"http:\/\/violmax.pl\/?post_type=product&#038;p=10307"},"modified":"2025-12-02T12:36:41","modified_gmt":"2025-12-02T11:36:41","slug":"wroclaw-kubek-kubas-400-ml-ratusz-szron","status":"publish","type":"product","link":"https:\/\/violmax.pl\/index.php\/produkt\/wroclaw-kubek-kubas-400-ml-ratusz-szron\/","title":{"rendered":"WROC\u0141AW, KUBEK &#8220;KUBAS&#8221; KOLOR 400 ML, MIX WZOR\u00d3W WROC\u0141AWIA, SZRON"},"content":{"rendered":"<p><img loading=\"lazy\" class=\"alignnone size-medium wp-image-10272\" src=\"http:\/\/violmax.pl\/wp-content\/uploads\/2023\/10\/Wroclaw_kubek_kubas_400_ml_ratusz2_szron-300x250.png\" alt=\"\" width=\"300\" height=\"250\" srcset=\"https:\/\/violmax.pl\/wp-content\/uploads\/2023\/10\/Wroclaw_kubek_kubas_400_ml_ratusz2_szron-300x250.png 300w, https:\/\/violmax.pl\/wp-content\/uploads\/2023\/10\/Wroclaw_kubek_kubas_400_ml_ratusz2_szron-768x640.png 768w, https:\/\/violmax.pl\/wp-content\/uploads\/2023\/10\/Wroclaw_kubek_kubas_400_ml_ratusz2_szron-680x567.png 680w, https:\/\/violmax.pl\/wp-content\/uploads\/2023\/10\/Wroclaw_kubek_kubas_400_ml_ratusz2_szron.png 900w\" sizes=\"(max-width: 300px) 100vw, 300px\" \/><img loading=\"lazy\" class=\"alignnone size-medium wp-image-10269\" src=\"http:\/\/violmax.pl\/wp-content\/uploads\/2023\/10\/Wroclaw_kubek_kubas_400_ml_katedra_szron-300x250.png\" alt=\"\" width=\"300\" height=\"250\" srcset=\"https:\/\/violmax.pl\/wp-content\/uploads\/2023\/10\/Wroclaw_kubek_kubas_400_ml_katedra_szron-300x250.png 300w, https:\/\/violmax.pl\/wp-content\/uploads\/2023\/10\/Wroclaw_kubek_kubas_400_ml_katedra_szron-768x640.png 768w, https:\/\/violmax.pl\/wp-content\/uploads\/2023\/10\/Wroclaw_kubek_kubas_400_ml_katedra_szron-680x567.png 680w, https:\/\/violmax.pl\/wp-content\/uploads\/2023\/10\/Wroclaw_kubek_kubas_400_ml_katedra_szron.png 900w\" sizes=\"(max-width: 300px) 100vw, 300px\" \/><img loading=\"lazy\" class=\"alignnone size-medium wp-image-10267\" src=\"http:\/\/violmax.pl\/wp-content\/uploads\/2023\/10\/Wroclaw_kubek_kubas_400_ml_hala_stulecia_szron-300x250.png\" alt=\"\" width=\"300\" height=\"250\" srcset=\"https:\/\/violmax.pl\/wp-content\/uploads\/2023\/10\/Wroclaw_kubek_kubas_400_ml_hala_stulecia_szron-300x250.png 300w, https:\/\/violmax.pl\/wp-content\/uploads\/2023\/10\/Wroclaw_kubek_kubas_400_ml_hala_stulecia_szron-768x640.png 768w, https:\/\/violmax.pl\/wp-content\/uploads\/2023\/10\/Wroclaw_kubek_kubas_400_ml_hala_stulecia_szron-680x567.png 680w, https:\/\/violmax.pl\/wp-content\/uploads\/2023\/10\/Wroclaw_kubek_kubas_400_ml_hala_stulecia_szron.png 900w\" sizes=\"(max-width: 300px) 100vw, 300px\" \/><img loading=\"lazy\" class=\"alignnone size-medium wp-image-10271\" src=\"http:\/\/violmax.pl\/wp-content\/uploads\/2023\/10\/Wroclaw_kubek_kubas_400_ml_ratusz_szron-300x250.png\" alt=\"\" width=\"300\" height=\"250\" srcset=\"https:\/\/violmax.pl\/wp-content\/uploads\/2023\/10\/Wroclaw_kubek_kubas_400_ml_ratusz_szron-300x250.png 300w, https:\/\/violmax.pl\/wp-content\/uploads\/2023\/10\/Wroclaw_kubek_kubas_400_ml_ratusz_szron-768x640.png 768w, https:\/\/violmax.pl\/wp-content\/uploads\/2023\/10\/Wroclaw_kubek_kubas_400_ml_ratusz_szron-680x567.png 680w, https:\/\/violmax.pl\/wp-content\/uploads\/2023\/10\/Wroclaw_kubek_kubas_400_ml_ratusz_szron.png 900w\" sizes=\"(max-width: 300px) 100vw, 300px\" \/><img loading=\"lazy\" class=\"alignnone size-medium wp-image-10270\" src=\"http:\/\/violmax.pl\/wp-content\/uploads\/2023\/10\/Wroclaw_kubek_kubas_400_ml_katedra2_szron-300x250.png\" alt=\"\" width=\"300\" height=\"250\" srcset=\"https:\/\/violmax.pl\/wp-content\/uploads\/2023\/10\/Wroclaw_kubek_kubas_400_ml_katedra2_szron-300x250.png 300w, https:\/\/violmax.pl\/wp-content\/uploads\/2023\/10\/Wroclaw_kubek_kubas_400_ml_katedra2_szron-768x640.png 768w, https:\/\/violmax.pl\/wp-content\/uploads\/2023\/10\/Wroclaw_kubek_kubas_400_ml_katedra2_szron-680x567.png 680w, https:\/\/violmax.pl\/wp-content\/uploads\/2023\/10\/Wroclaw_kubek_kubas_400_ml_katedra2_szron.png 900w\" sizes=\"(max-width: 300px) 100vw, 300px\" \/><img loading=\"lazy\" class=\"alignnone size-medium wp-image-10268\" src=\"http:\/\/violmax.pl\/wp-content\/uploads\/2023\/10\/Wroclaw_kubek_kubas_400_ml_jas_malgosia_szron-300x250.png\" alt=\"\" width=\"300\" height=\"250\" srcset=\"https:\/\/violmax.pl\/wp-content\/uploads\/2023\/10\/Wroclaw_kubek_kubas_400_ml_jas_malgosia_szron-300x250.png 300w, https:\/\/violmax.pl\/wp-content\/uploads\/2023\/10\/Wroclaw_kubek_kubas_400_ml_jas_malgosia_szron-768x640.png 768w, https:\/\/violmax.pl\/wp-content\/uploads\/2023\/10\/Wroclaw_kubek_kubas_400_ml_jas_malgosia_szron-680x567.png 680w, https:\/\/violmax.pl\/wp-content\/uploads\/2023\/10\/Wroclaw_kubek_kubas_400_ml_jas_malgosia_szron.png 900w\" sizes=\"(max-width: 300px) 100vw, 300px\" \/><\/p>\n<p>Kubek &#8221;KUBAS&#8221; o pojemno\u015bci 400 ml .Kubek wykonany z bardzo trwa\u0142ego, grubego szk\u0142a.W komplecie znajduje si\u0119 6 szt kubka, po dwa zdobienia z RATUSZEM, dwa zdobienia z KATEDR\u0104 oraz po jednym z HAL\u0104 STULECIA oraz &#8220;JA\u015a I MA\u0141GOSIA&#8221;. Dno kubka jest ozdobione kolorem, ka\u017cdy kubek w innym kolorze. Idealny na pami\u0105tk\u0119 dla ka\u017cdego \u2013 do ka\u017cdego rodzaju napoj\u00f3w. Idealna pami\u0105tka ze stolicy Dolnego \u015al\u0105ska.<\/p>\n","protected":false},"excerpt":{"rendered":"<p><img loading=\"lazy\" class=\"alignnone size-medium wp-image-4666\" src=\"http:\/\/violmax.pl\/wp-content\/uploads\/2020\/06\/VIOLMAX_POLSKA-5-300x28.jpg\" alt=\"\" width=\"300\" height=\"28\" \/><\/p>\n<p>&nbsp;<\/p>\n<p>Kubek &#8221;KUBAS&#8221; o pojemno\u015bci 400 ml .Kubek wykonany z bardzo trwa\u0142ego, grubego szk\u0142a.W komplecie znajduje si\u0119 6 szt kubka, po dwa zdobienia z RATUSZEM, dwa zdobienia z KATEDR\u0104 oraz po jednym z HAL\u0104 STULECIA oraz &#8220;JA\u015a I MA\u0141GOSIA&#8221;. Dno kubka jest ozdobione kolorem, ka\u017cdy kubek w innym kolorze. Idealny na pami\u0105tk\u0119 dla ka\u017cdego \u2013 do ka\u017cdego rodzaju napoj\u00f3w. Idealna pami\u0105tka ze stolicy Dolnego \u015al\u0105ska.<\/p>\n<p><strong><em>Minimalna ilo\u015b\u0107 zam\u00f3wienia &#8211; 6 sztuk (1 opakowanie)<\/em><br \/>\n<\/strong><\/p>\n<p><strong><em>Towar sprzedawany na opakowania<\/em><\/strong><\/p>\n<h3><span style=\"color: #ff0000;\">PRZY DODAWANIU DO KOSZYKA, NALE\u017bY DODAWA\u0106 KROTNO\u015a\u0106\u00a0 LICZBY 6 &#8211; (1 opak)\u00a0 np: 6 ; 12 ; 18 itd<\/span><\/h3>\n<h3><strong>CENA ZA SZTUK\u0118.<\/strong><\/h3>\n","protected":false},"featured_media":10272,"comment_status":"open","ping_status":"closed","template":"","meta":[],"_links":{"self":[{"href":"https:\/\/violmax.pl\/index.php\/wp-json\/wp\/v2\/product\/10307"}],"collection":[{"href":"https:\/\/violmax.pl\/index.php\/wp-json\/wp\/v2\/product"}],"about":[{"href":"https:\/\/violmax.pl\/index.php\/wp-json\/wp\/v2\/types\/product"}],"replies":[{"embeddable":true,"href":"https:\/\/violmax.pl\/index.php\/wp-json\/wp\/v2\/comments?post=10307"}],"wp:featuredmedia":[{"embeddable":true,"href":"https:\/\/violmax.pl\/index.php\/wp-json\/wp\/v2\/media\/10272"}],"wp:attachment":[{"href":"https:\/\/violmax.pl\/index.php\/wp-json\/wp\/v2\/media?parent=10307"}],"curies":[{"name":"wp","href":"https:\/\/api.w.org\/{rel}","templated":true}]}}