{"id":58,"date":"2019-08-27T18:28:28","date_gmt":"2019-08-27T16:28:28","guid":{"rendered":"http:\/\/violmax.wroclaw.pl\/?page_id=58"},"modified":"2020-08-28T11:36:32","modified_gmt":"2020-08-28T09:36:32","slug":"mazury","status":"publish","type":"page","link":"https:\/\/violmax.pl\/index.php\/mazury\/","title":{"rendered":"Mazury"},"content":{"rendered":"\t\t<div data-elementor-type=\"wp-post\" data-elementor-id=\"58\" class=\"elementor elementor-58\" data-elementor-settings=\"[]\">\n\t\t\t\t\t\t<div class=\"elementor-inner\">\n\t\t\t\t\t\t\t<div class=\"elementor-section-wrap\">\n\t\t\t\t\t\t\t<section class=\"elementor-section elementor-top-section elementor-element elementor-element-ecf5508 elementor-section-boxed elementor-section-height-default elementor-section-height-default\" data-id=\"ecf5508\" data-element_type=\"section\">\n\t\t\t\t\t\t<div class=\"elementor-container elementor-column-gap-default\">\n\t\t\t\t\t\t\t<div class=\"elementor-row\">\n\t\t\t\t\t<div class=\"elementor-column elementor-col-100 elementor-top-column elementor-element elementor-element-d205e8b\" data-id=\"d205e8b\" data-element_type=\"column\">\n\t\t\t<div class=\"elementor-column-wrap elementor-element-populated\">\n\t\t\t\t\t\t\t<div class=\"elementor-widget-wrap\">\n\t\t\t\t\t\t<div class=\"elementor-element elementor-element-00f0527 elementor-position-left elementor-vertical-align-top elementor-widget elementor-widget-image-box\" data-id=\"00f0527\" data-element_type=\"widget\" data-widget_type=\"image-box.default\">\n\t\t\t\t<div class=\"elementor-widget-container\">\n\t\t\t<div class=\"elementor-image-box-wrapper\"><div class=\"elementor-image-box-content\"><h3 class=\"elementor-image-box-title\"><a href=\"http:\/\/violmax.pl\/index.php\/kategoria-produktu\/mazury\/gizycko\/\">Gi\u017cycko<\/a><\/h3><p class=\"elementor-image-box-description\">Gi\u017cycko \u2013 miasto w wojew\u00f3dztwie warmi\u0144sko-mazurskim, w powiecie gi\u017cyckim. Po\u0142o\u017cone na Mazurach, pomi\u0119dzy jeziorami Kisajno i Niegocin. Gi\u017cycko jest nazywane stolic\u0105 \u017ceglarstwa w Polsce. Jest jednym z g\u0142\u00f3wnych port\u00f3w na szlaku wielkich jezior mazurskich i jednym z polskich o\u015brodk\u00f3w turystycznych i wypoczynkowych.<\/p><\/div><\/div>\t\t<\/div>\n\t\t\t\t<\/div>\n\t\t\t\t<div class=\"elementor-element elementor-element-5deb6fa elementor-position-left elementor-vertical-align-top elementor-widget elementor-widget-image-box\" data-id=\"5deb6fa\" data-element_type=\"widget\" data-widget_type=\"image-box.default\">\n\t\t\t\t<div class=\"elementor-widget-container\">\n\t\t\t<div class=\"elementor-image-box-wrapper\"><div class=\"elementor-image-box-content\"><h3 class=\"elementor-image-box-title\"><a href=\"http:\/\/violmax.pl\/index.php\/kategoria-produktu\/mazury\/mragowo\/\">Mr\u0105gowo<\/a><\/h3><p class=\"elementor-image-box-description\">Mr\u0105gowo \u2013 miasto w wojew\u00f3dztwie warmi\u0144sko-mazurskim, siedziba w\u0142adz powiatu mr\u0105gowskiego oraz wiejskiej gminy Mr\u0105gowo. W latach 1975\u20131998 miasto administracyjnie nale\u017ca\u0142o do wojew\u00f3dztwa olszty\u0144skiego. Miasto jest znane g\u0142\u00f3wnie z organizowanego od 1982 r. dorocznego Pikniku Country.<\/p><\/div><\/div>\t\t<\/div>\n\t\t\t\t<\/div>\n\t\t\t\t<div class=\"elementor-element elementor-element-0b5e3a0 elementor-position-left elementor-vertical-align-top elementor-widget elementor-widget-image-box\" data-id=\"0b5e3a0\" data-element_type=\"widget\" data-widget_type=\"image-box.default\">\n\t\t\t\t<div class=\"elementor-widget-container\">\n\t\t\t<div class=\"elementor-image-box-wrapper\"><div class=\"elementor-image-box-content\"><h3 class=\"elementor-image-box-title\"><a href=\"http:\/\/violmax.pl\/index.php\/kategoria-produktu\/mazury\/mikolajki\/\">Miko\u0142ajki<\/a><\/h3><p class=\"elementor-image-box-description\">Miko\u0142ajki \u2013 miasto w wojew\u00f3dztwie warmi\u0144sko-mazurskim, w powiecie mr\u0105gowskim, siedziba gminy miejsko-wiejskiej Miko\u0142ajki. Po\u0142o\u017cone na Mazurach, w Krainie Wielkich Jezior Mazurskich, nad jeziorami: Ta\u0142ty i Jeziorem Miko\u0142ajskim. Wed\u0142ug danych z 1 stycznia 2018 Miko\u0142ajki liczy\u0142y 3852 mieszka\u0144c\u00f3w.<\/p><\/div><\/div>\t\t<\/div>\n\t\t\t\t<\/div>\n\t\t\t\t<div class=\"elementor-element elementor-element-54f7f2c elementor-position-left elementor-vertical-align-top elementor-widget elementor-widget-image-box\" data-id=\"54f7f2c\" data-element_type=\"widget\" data-widget_type=\"image-box.default\">\n\t\t\t\t<div class=\"elementor-widget-container\">\n\t\t\t<div class=\"elementor-image-box-wrapper\"><div class=\"elementor-image-box-content\"><h3 class=\"elementor-image-box-title\"><a href=\"http:\/\/violmax.pl\/index.php\/kategoria-produktu\/mazury\/ruciane-nida\/\">Ruciane-Nida<\/a><\/h3><p class=\"elementor-image-box-description\">Ruciane-Nida \u2013 miasto w Polsce, w woj. warmi\u0144sko-mazurskim, w powiecie piskim, na Mazurach, siedziba gminy miejsko-wiejskiej Ruciane-Nida. Wed\u0142ug danych z 1 stycznia 2018 Ruciane-Nida liczy\u0142o 4579 mieszka\u0144c\u00f3w.<\/p><\/div><\/div>\t\t<\/div>\n\t\t\t\t<\/div>\n\t\t\t\t\t\t<\/div>\n\t\t\t\t\t<\/div>\n\t\t<\/div>\n\t\t\t\t\t\t\t\t<\/div>\n\t\t\t\t\t<\/div>\n\t\t<\/section>\n\t\t\t\t\t\t<\/div>\n\t\t\t\t\t\t<\/div>\n\t\t\t\t\t<\/div>\n\t\t","protected":false},"excerpt":{"rendered":"<p>Gi\u017cycko Gi\u017cycko \u2013 miasto w wojew\u00f3dztwie warmi\u0144sko-mazurskim, w powiecie gi\u017cyckim. Po\u0142o\u017cone na Mazurach, pomi\u0119dzy jeziorami Kisajno i Niegocin. Gi\u017cycko jest nazywane stolic\u0105 \u017ceglarstwa w Polsce. Jest jednym z g\u0142\u00f3wnych port\u00f3w na szlaku wielkich jezior mazurskich i jednym z polskich o\u015brodk\u00f3w turystycznych i wypoczynkowych. Mr\u0105gowo Mr\u0105gowo \u2013 miasto w wojew\u00f3dztwie warmi\u0144sko-mazurskim, siedziba w\u0142adz powiatu mr\u0105gowskiego oraz wiejskiej gminy Mr\u0105gowo. W latach 1975\u20131998 miasto administracyjnie nale\u017ca\u0142o do wojew\u00f3dztwa olszty\u0144skiego. Miasto jest znane g\u0142\u00f3wnie z organizowanego od 1982&hellip;<\/p>\n","protected":false},"author":1,"featured_media":0,"parent":0,"menu_order":0,"comment_status":"closed","ping_status":"closed","template":"","meta":[],"_links":{"self":[{"href":"https:\/\/violmax.pl\/index.php\/wp-json\/wp\/v2\/pages\/58"}],"collection":[{"href":"https:\/\/violmax.pl\/index.php\/wp-json\/wp\/v2\/pages"}],"about":[{"href":"https:\/\/violmax.pl\/index.php\/wp-json\/wp\/v2\/types\/page"}],"author":[{"embeddable":true,"href":"https:\/\/violmax.pl\/index.php\/wp-json\/wp\/v2\/users\/1"}],"replies":[{"embeddable":true,"href":"https:\/\/violmax.pl\/index.php\/wp-json\/wp\/v2\/comments?post=58"}],"version-history":[{"count":12,"href":"https:\/\/violmax.pl\/index.php\/wp-json\/wp\/v2\/pages\/58\/revisions"}],"predecessor-version":[{"id":5143,"href":"https:\/\/violmax.pl\/index.php\/wp-json\/wp\/v2\/pages\/58\/revisions\/5143"}],"wp:attachment":[{"href":"https:\/\/violmax.pl\/index.php\/wp-json\/wp\/v2\/media?parent=58"}],"curies":[{"name":"wp","href":"https:\/\/api.w.org\/{rel}","templated":true}]}}